463
CXUS55 KABQ 311000
CF6CAO
PRELIMINARY LOCAL CLIMATOLOGICAL DATA (WS FORM: F-6)

                                          STATION:   CLAYTON  NM
                                          MONTH:     JULY
                                          YEAR:      2014
                                          LATITUDE:   36 27 N
                                          LONGITUDE: 103  9 W

  TEMPERATURE IN F:       :PCPN:    SNOW:  WIND      :SUNSHINE: SKY     :PK WND
================================================================================
1   2   3   4   5  6A  6B    7    8   9   10  11  12  13   14  15   16   17  18
                                     12Z  AVG MX 2MIN
DY MAX MIN AVG DEP HDD CDD  WTR  SNW DPTH SPD SPD DIR MIN PSBL S-S WX    SPD DR
================================================================================

 1  79  62  71  -3   0   6 0.00  0.0    0 11.7 22  40   M    M   7        26  40
 2  76  60  68  -6   0   3 0.06  0.0    0 11.1 20 130   M    M   6 13     23 160
 3  85  62  74   0   0   9 0.00  0.0    0 18.1 29 180   M    M   4        39 180
 4  91  60  76   2   0  11 0.00  0.0    0 17.6 31 180   M    M   0        39 190
 5  94  65  80   6   0  15    T  0.0    0 13.8 26 180   M    M   1 3      34 200
 6  98  65  82   7   0  17 0.00  0.0    0 11.3 22 120   M    M   0        28 120
 7  95  68  82   7   0  17 0.00  0.0    0 13.8 23 190   M    M   0        33 200
 8  83  64  74  -1   0   9 0.00  0.0    0 14.1 28  40   M    M   2        37  40
 9  93  59  76   1   0  11 0.00  0.0    0 12.3 28 190   M    M   1        34 190
10  93  66  80   5   0  15 0.00  0.0    0 15.9 29 190   M    M   0        34 200
11  92  64  78   3   0  13 0.00  0.0    0 17.0 26 180   M    M   0        33 190
12  92  65  79   4   0  14 0.00  0.0    0 14.2 22 350   M    M   0        33 190
13  83  65  74  -1   0   9 0.01  0.0    0  6.9 16 340   M    M   4        21 330
14  89  63  76   1   0  11 0.04  0.0    0  8.5 38  30   M    M   1 3      47  30
15  79  62  71  -4   0   6 0.01  0.0    0 12.6 23 190   M    M   6 128    29 190
16  89  58  74  -1   0   9 0.13  0.0    0 10.7 28  70   M    M   4 123    34  70
17  74  58  66  -9   0   1 0.21  0.0    0  9.1 20  20   M    M   8 12     25  10
18  85  58  72  -3   0   7 0.02  0.0    0 14.1 21 200   M    M   4 1238   28 200
19  95  66  81   6   0  16 0.00  0.0    0 12.1 23 190   M    M   0        27 190
20  98  64  81   6   0  16 0.00  0.0    0 13.1 24 140   M    M   0        29 140
21  99  63  81   6   0  16    T  0.0    0 10.1 26 160   M    M   1 3      34 160
22  94  63  79   4   0  14 0.00  0.0    0 12.3 21 260   M    M   0        26 260
23  95  66  81   6   0  16 0.00  0.0    0 10.4 25 160   M    M   0        30 140
24  97  67  82   7   0  17 0.00  0.0    0 17.2 32 180   M    M   0        38 180
25 102  66  84   9   0  19 0.00  0.0    0 11.1 24 200   M    M   0        33 190
26 101  68  85  10   0  20 0.01  0.0    0 10.2 37 320   M    M   2 3      49 320
27  85  60  73  -2   0   8 0.54  0.0    0 12.4 29  70   M    M   3 13     36  70
28  72  59  66  -8   0   1 1.16  0.0    0 10.3 20 160   M    M   6 13     22 160
29  81  64  73  -1   0   8 0.02  0.0    0 13.3 18 190   M    M   6 1      27 190
30  74  60  67  -7   0   2 0.62  0.0    0 16.3 29  20   M    M   9 13     35  10
================================================================================
SM 2663 1890         0 336  2.83     0.0 381.6          M       75
================================================================================
AV 88.8 63.0                              12.7 FASTST   M    M   3    MAX(MPH)
                                 MISC ---->  # 38  30               # 49  320
================================================================================
NOTES:
# LAST OF SEVERAL OCCURRENCES

COLUMN 17 PEAK WIND IN M.P.H.

PRELIMINARY LOCAL CLIMATOLOGICAL DATA (WS FORM: F-6) , PAGE 2

                                          STATION:  CLAYTON  NM
                                          MONTH:    JULY
                                          YEAR:     2014
                                          LATITUDE:   36 27 N
                                          LONGITUDE: 103  9 W

[TEMPERATURE DATA]      [PRECIPITATION DATA]       SYMBOLS USED IN COLUMN 16

AVERAGE MONTHLY: 75.9   TOTAL FOR MONTH:   2.83    1 = FOG OR MIST
DPTR FM NORMAL:   1.2   DPTR FM NORMAL:    0.27    2 = FOG REDUCING VISIBILITY
HIGHEST:   102 ON 25    GRTST 24HR  1.70 ON 27-28      TO 1/4 MILE OR LESS
LOWEST:     58 ON 18,17                            3 = THUNDER
                        SNOW, ICE PELLETS, HAIL    4 = ICE PELLETS
                        TOTAL MONTH:   0.0 INCH    5 = HAIL
                        GRTST 24HR     0.0         6 = FREEZING RAIN OR DRIZZLE
                        GRTST DEPTH:   0           7 = DUSTSTORM OR SANDSTORM:
                                                       VSBY 1/2 MILE OR LESS
                                                   8 = SMOKE OR HAZE
[NO. OF DAYS WITH]      [WEATHER - DAYS WITH]      9 = BLOWING SNOW
                                                   X = TORNADO
MAX 32 OR BELOW:   0    0.01 INCH OR MORE:  12
MAX 90 OR ABOVE:  16    0.10 INCH OR MORE:   5
MIN 32 OR BELOW:   0    0.50 INCH OR MORE:   3
MIN  0 OR BELOW:   0    1.00 INCH OR MORE:   1

[HDD (BASE 65) ]
TOTAL THIS MO.     0    CLEAR  (SCALE 0-3)  18
DPTR FM NORMAL     0    PTCLDY (SCALE 4-7)  11
TOTAL FM JUL 1     0    CLOUDY (SCALE 8-10)  1
DPTR FM NORMAL     0

[CDD (BASE 65) ]
TOTAL THIS MO.   336
DPTR FM NORMAL    40    [PRESSURE DATA]
TOTAL FM JAN 1   676    HIGHEST SLP M ON M
DPTR FM NORMAL   146    LOWEST  SLP 29.64 ON  1

[REMARKS]




U.S. Dept. of Commerce
NOAA National Weather Service
1325 East West Highway
Silver Spring, MD 20910
E-mail: w-nws.webmaster@noaa.gov
Page last modified: May 16, 2007
NATIONAL WEATHER SERVICE: for Safety, for Work, for Fun - FOR LIFE