420
CXUS55 KABQ 011000
CF6CAO
PRELIMINARY LOCAL CLIMATOLOGICAL DATA (WS FORM: F-6)

                                          STATION:   CLAYTON  NM
                                          MONTH:     NOVEMBER
                                          YEAR:      2014
                                          LATITUDE:   36 27 N
                                          LONGITUDE: 103  9 W

  TEMPERATURE IN F:       :PCPN:    SNOW:  WIND      :SUNSHINE: SKY     :PK WND
================================================================================
1   2   3   4   5  6A  6B    7    8   9   10  11  12  13   14  15   16   17  18
                                     12Z  AVG MX 2MIN
DY MAX MIN AVG DEP HDD CDD  WTR  SNW DPTH SPD SPD DIR MIN PSBL S-S WX    SPD DR
================================================================================

 1  67  43  55   5  10   0 0.00  0.0    0 19.9 31 210   M    M   0        38 190
 2  75  44  60  11   5   0 0.26  0.0    0 18.3 52 240   M    M   1 138    72 250
 3  65  37  51   2  14   0 0.05  0.0    0 15.3 26  20   M    M   3        33  30
 4  56  32  44  -5  21   0 0.00  0.0    0  9.8 17 350   M    M   0        22 350
 5  64  28  46  -2  19   0 0.00  0.0    0  8.8 22  20   M    M   0        28  30
 6  63  31  47  -1  18   0 0.00  0.0    0 10.9 23 210   M    M   0        29 200
 7  81  42  62  15   3   0 0.00  0.0    0 13.2 23 240   M    M   0        29 250
 8  63  41  52   5  13   0    T  0.0    0 13.0 28 360   M    M   0        34 360
 9  74  42  58  11   7   0 0.00  0.0    0 10.7 22 260   M    M   0        27 280
10  79  21  50   4  15   0 0.00  0.0    0 23.1 44  10   M    M   3 8      53  10
11  31  10  21 -25  44   0 0.00  0.0    0 10.8 31 360   M    M   0        37 360
12  14   8  11 -34  54   0 0.05  0.3    0 11.3 17  40   M    M   9 1      21  40
13  18   8  13 -32  52   0 0.08  0.4    T 11.3 23 210   M    M   9 18     29 210
14  43  18  31 -13  34   0 0.00  0.0    0 14.5 24 200   M    M   4        30 200
15  64  17  41  -3  24   0    T    T    0 16.9 28  20   M    M   2        33  30
16  30  13  22 -21  43   0 0.10  1.6    1 13.9 24 350   M    M   6 1      31 340
17  41  10  26 -17  39   0 0.00  0.0    1 10.0 21 240   M    M   0        26 250
18  51  12  32 -10  33   0 0.00  0.0    0  9.7 18 200   M    M   0        23 210
19  51  22  37  -5  28   0 0.00  0.0    0  8.1 20 170   M    M   0        25 170
20  54  25  40  -2  25   0 0.00  0.0    0  6.7 15  20   M    M   1        18 340
21  63  25  44   3  21   0 0.00  0.0    0 10.0 22 200   M    M   0        25 200
22  67  34  51  10  14   0 0.00  0.0    0 13.5 26 250   M    M   0        33 270
23  55  29  42   2  23   0 0.03  0.3    0 18.3 33 360   M    M   5 1      42  10
24  47  21  34  -6  31   0 0.00  0.0    0 10.7 21 360   M    M   3        25 350
25  57  20  39   0  26   0 0.00  0.0    0 12.5 24 230   M    M   0        32 240
26  48  25  37  -2  28   0 0.00  0.0    0 10.3 28  10   M    M   0        31  10
27  68  29  49  11  16   0 0.00  0.0    0 12.4 21 210   M    M   0        25 210
28  77  48  63  25   2   0 0.00  0.0    0 18.0 28 250   M    M   0        38 240
29  77  43  60  22   5   0 0.00  0.0    0 17.2 26 240   M    M   0        34 240
30  64  17  41   4  24   0 0.00  0.0    0 13.3 24 360   M    M   0        31  10
================================================================================
SM 1707  795       691   0  0.57     2.6 392.4          M       46
================================================================================
AV 56.9 26.5                              13.1 FASTST   M    M   2    MAX(MPH)
                                 MISC ---->  # 52 240               # 72  250
================================================================================
NOTES:
# LAST OF SEVERAL OCCURRENCES

COLUMN 17 PEAK WIND IN M.P.H.

PRELIMINARY LOCAL CLIMATOLOGICAL DATA (WS FORM: F-6) , PAGE 2

                                          STATION:  CLAYTON  NM
                                          MONTH:    NOVEMBER
                                          YEAR:     2014
                                          LATITUDE:   36 27 N
                                          LONGITUDE: 103  9 W

[TEMPERATURE DATA]      [PRECIPITATION DATA]       SYMBOLS USED IN COLUMN 16

AVERAGE MONTHLY: 41.7   TOTAL FOR MONTH:   0.57    1 = FOG OR MIST
DPTR FM NORMAL:  -1.9   DPTR FM NORMAL:    0.12    2 = FOG REDUCING VISIBILITY
HIGHEST:    81 ON  7    GRTST 24HR  0.31 ON  2- 3      TO 1/4 MILE OR LESS
LOWEST:      8 ON 13,12                            3 = THUNDER
                        SNOW, ICE PELLETS, HAIL    4 = ICE PELLETS
                        TOTAL MONTH:   2.6 INCHES  5 = HAIL
                        GRTST 24HR   1.6 ON   M    6 = FREEZING RAIN OR DRIZZLE
                        GRTST DEPTH:   1 ON 17,16  7 = DUSTSTORM OR SANDSTORM:
                                                       VSBY 1/2 MILE OR LESS
                                                   8 = SMOKE OR HAZE
[NO. OF DAYS WITH]      [WEATHER - DAYS WITH]      9 = BLOWING SNOW
                                                   X = TORNADO
MAX 32 OR BELOW:   4    0.01 INCH OR MORE:   6
MAX 90 OR ABOVE:   0    0.10 INCH OR MORE:   2
MIN 32 OR BELOW:  21    0.50 INCH OR MORE:   0
MIN  0 OR BELOW:   0    1.00 INCH OR MORE:   0

[HDD (BASE 65) ]
TOTAL THIS MO.   691    CLEAR  (SCALE 0-3)  25
DPTR FM NORMAL    49    PTCLDY (SCALE 4-7)   3
TOTAL FM JUL 1   952    CLOUDY (SCALE 8-10)  2
DPTR FM NORMAL  -100

[CDD (BASE 65) ]
TOTAL THIS MO.     0
DPTR FM NORMAL     0    [PRESSURE DATA]
TOTAL FM JAN 1  1130    HIGHEST SLP M ON M
DPTR FM NORMAL   221    LOWEST  SLP 29.54 ON 10

[REMARKS]
#FINAL-11-14#




U.S. Dept. of Commerce
NOAA National Weather Service
1325 East West Highway
Silver Spring, MD 20910
E-mail: w-nws.webmaster@noaa.gov
Page last modified: May 16, 2007
NATIONAL WEATHER SERVICE: for Safety, for Work, for Fun - FOR LIFE