125
CXUS51 KCLE 011004
CF6CAK
PRELIMINARY LOCAL CLIMATOLOGICAL DATA (WS FORM: F-6)

                                          STATION:   AKRON CANTON OH
                                          MONTH:     SEPTEMBER
                                          YEAR:      2014
                                          LATITUDE:   40 55 N
                                          LONGITUDE:  81 26 W

  TEMPERATURE IN F:       :PCPN:    SNOW:  WIND      :SUNSHINE: SKY     :PK WND
================================================================================
1   2   3   4   5  6A  6B    7    8   9   10  11  12  13   14  15   16   17  18
                                     12Z  AVG MX 2MIN
DY MAX MIN AVG DEP HDD CDD  WTR  SNW DPTH SPD SPD DIR MIN PSBL S-S WX    SPD DR
================================================================================

 1  84  71  78  10   0  13 0.00  0.0    0  9.7 20 200   M    M   9        25 220
 2  79  64  72   4   0   7 0.02  0.0    0  8.3 20 270   M    M   7 1      26 260
 3  84  60  72   4   0   7 0.00  0.0    0  1.4  8 230   M    M   4 18     10 210
 4  85  64  75   8   0  10 0.00  0.0    0  4.2 15 180   M    M   4        18 220
 5  88  69  79  12   0  14 0.00  0.0    0  8.9 18 190   M    M   5 38     24 190
 6  75  57  66  -1   0   1 0.28  0.0    0  5.9 21 360   M    M   7 13     25 360
 7  76  50  63  -3   2   0 0.00  0.0    0  2.9 10  20   M    M   2 1      12  30
 8  78  54  66   0   0   1 0.00  0.0    0  8.5 16 150   M    M   5        22 130
 9  76  63  70   4   0   5 0.00  0.0    0  7.1 16 150   M    M   7        18 160
10  81  66  74   9   0   9 0.13  0.0    0 13.7 28 210   M    M   9 1      38 210
11  76  57  67   2   0   2 0.25  0.0    0 10.3 22 310   M    M   9 18     30 220
12  64  53  59  -6   6   0    T  0.0    0  6.7 13  70   M    M  10 18     20  40
13  65  48  57  -7   8   0    T  0.0    0  6.9 20 290   M    M   7        26 280
14  65  42  54 -10  11   0 0.00  0.0    0  2.5  9 260   M    M   2        13 150
15  69  47  58  -6   7   0 0.06  0.0    0  5.0 15 170   M    M   6 1      20 180
16  69  50  60  -3   5   0 0.07  0.0    0  5.0 13 350   M    M   7 18     16 310
17  69  48  59  -4   6   0 0.00  0.0    0  2.8  9 360   M    M   4 18     14 260
18  71  47  59  -3   6   0 0.00  0.0    0  4.8 14  10   M    M   3 18     20  10
19  72  46  59  -3   6   0 0.00  0.0    0  5.4 12 180   M    M   2 18     15 180
20  78  60  69   7   0   4    T  0.0    0 12.5 22 210   M    M   5        29 170
21  80  53  67   6   0   2 0.07  0.0    0 15.1 28 290   M    M   8 1      39 280
22  59  45  52  -9  13   0 0.00  0.0    0  7.6 15 330   M    M   7        21 320
23  70  43  57  -3   8   0 0.00  0.0    0  2.7  9  50   M    M   0        12  50
24  75  50  63   3   2   0 0.00  0.0    0  8.1 17 150   M    M   1 1      22 120
25  75  51  63   3   2   0 0.00  0.0    0  5.0 13  90   M    M   3        14  70
26  79  53  66   7   0   1 0.00  0.0    0  5.4 12  70   M    M   2 1      17  60
27  77  52  65   6   0   0 0.00  0.0    0  6.1 13  70   M    M   2 1      16  70
28  79  52  66   8   0   1 0.00  0.0    0  1.8  8 280   M    M   6 18     12 300
29  80  54  67   9   0   2 0.00  0.0    0  2.4 12 320   M    M   4 18     14 340
30  68  51  60   3   5   0 0.32  0.0    0  5.1 14 340   M    M   5 18     21 190
================================================================================
SM 2246 1620        87  79  1.20     0.0 191.8          M      152
================================================================================
AV 74.9 54.0                               6.4 FASTST   M    M   5    MAX(MPH)
                                 MISC ---->  # 28 210               # 39  280
================================================================================
NOTES:
# LAST OF SEVERAL OCCURRENCES

COLUMN 17 PEAK WIND IN M.P.H.

PRELIMINARY LOCAL CLIMATOLOGICAL DATA (WS FORM: F-6) , PAGE 2

                                          STATION:  AKRON CANTON OH
                                          MONTH:    SEPTEMBER
                                          YEAR:     2014
                                          LATITUDE:   40 55 N
                                          LONGITUDE:  81 26 W

[TEMPERATURE DATA]      [PRECIPITATION DATA]       SYMBOLS USED IN COLUMN 16

AVERAGE MONTHLY: 64.4   TOTAL FOR MONTH:   1.20    1 = FOG OR MIST
DPTR FM NORMAL:   1.3   DPTR FM NORMAL:   -2.25    2 = FOG REDUCING VISIBILITY
HIGHEST:    88 ON  5    GRTST 24HR  0.47 ON 31- 1      TO 1/4 MILE OR LESS
LOWEST:     42 ON 14                               3 = THUNDER
                        SNOW, ICE PELLETS, HAIL    4 = ICE PELLETS
                        TOTAL MONTH:   0.0 INCH    5 = HAIL
                        GRTST 24HR     0.0         6 = FREEZING RAIN OR DRIZZLE
                        GRTST DEPTH:   0           7 = DUSTSTORM OR SANDSTORM:
                                                       VSBY 1/2 MILE OR LESS
                                                   8 = SMOKE OR HAZE
[NO. OF DAYS WITH]      [WEATHER - DAYS WITH]      9 = BLOWING SNOW
                                                   X = TORNADO
MAX 32 OR BELOW:   0    0.01 INCH OR MORE:   8
MAX 90 OR ABOVE:   0    0.10 INCH OR MORE:   4
MIN 32 OR BELOW:   0    0.50 INCH OR MORE:   0
MIN  0 OR BELOW:   0    1.00 INCH OR MORE:   0

[HDD (BASE 65) ]
TOTAL THIS MO.    87    CLEAR  (SCALE 0-3)   8
DPTR FM NORMAL   -32    PTCLDY (SCALE 4-7)  18
TOTAL FM JUL 1   103    CLOUDY (SCALE 8-10)  4
DPTR FM NORMAL   -36

[CDD (BASE 65) ]
TOTAL THIS MO.    79
DPTR FM NORMAL    15    [PRESSURE DATA]
TOTAL FM JAN 1   715    HIGHEST SLP M ON M
DPTR FM NORMAL    69    LOWEST  SLP 29.65 ON 21

[REMARKS]
#FINAL-09-14#




U.S. Dept. of Commerce
NOAA National Weather Service
1325 East West Highway
Silver Spring, MD 20910
E-mail: w-nws.webmaster@noaa.gov
Page last modified: May 16, 2007
NATIONAL WEATHER SERVICE: for Safety, for Work, for Fun - FOR LIFE