567
CXUS51 KCLE 231004
CF6CAK
PRELIMINARY LOCAL CLIMATOLOGICAL DATA (WS FORM: F-6)

                                          STATION:   AKRON CANTON OH
                                          MONTH:     NOVEMBER
                                          YEAR:      2014
                                          LATITUDE:   40 55 N
                                          LONGITUDE:  81 26 W

  TEMPERATURE IN F:       :PCPN:    SNOW:  WIND      :SUNSHINE: SKY     :PK WND
================================================================================
1   2   3   4   5  6A  6B    7    8   9   10  11  12  13   14  15   16   17  18
                                     12Z  AVG MX 2MIN
DY MAX MIN AVG DEP HDD CDD  WTR  SNW DPTH SPD SPD DIR MIN PSBL S-S WX    SPD DR
================================================================================

 1  43  36  40  -7  25   0 0.08  0.0    0 13.1 24 360   M    M  10 1      32  10
 2  46  30  38  -8  27   0 0.00  0.0    0  9.5 18 340   M    M   5        29 330
 3  60  29  45  -1  20   0 0.00  0.0    0 10.2 20 210   M    M   3        23 220
 4  66  44  55   9  10   0 0.16  0.0    0 14.8 26 230   M    M   7 1      33 280
 5  56  42  49   3  16   0    T  0.0    0  7.8 16 280   M    M   8 1      25 280
 6  50  44  47   2  18   0 0.71  0.0    0  8.1 18 250   M    M  10 1      24 270
 7  45  30  38  -7  27   0 0.05    T    0 10.8 23 340   M    M   8 1      30 340
 8  48  31  40  -4  25   0    T  0.0    0 11.0 21 290   M    M   9        31 280
 9  50  36  43  -1  22   0 0.00  0.0    0  9.5 20 220   M    M   9        25 250
10  62  40  51   7  14   0 0.00  0.0    0 10.0 18 180   M    M   5        22 170
11  68  45  57  14   8   0 0.09  0.0    0 14.3 25 260   M    M   5 1      36 260
12  45  33  39  -4  26   0    T  0.0    0 10.6 22 290   M    M  10        29 280
13  33  26  30 -13  35   0    T    T    0  8.9 16 290   M    M   9 8      20 290
14  35  21  28 -14  37   0 0.00  0.0    0 10.4 18 260   M    M   7 18     23 260
15  37  23  30 -12  35   0    T    T    0  6.6 16 230   M    M   7 8      21 260
16  36  30  33  -9  32   0 0.04  0.4    0  5.5 14 220   M    M  10 18     16 220
17  34  15  25 -16  40   0 0.57  6.1    4  9.7 26 270   M    M  10 1289   36 260
18  19  10  15 -26  50   0    T    T    6 17.4 28 250   M    M   6 89     36 250
19  36   7  22 -18  43   0    T    T    5 15.3 31 280   M    M   7 8      37 280
20  29  20  25 -15  40   0    T    T    4 16.7 26 230   M    M   8        33 230
21  26  14  20 -20  45   0    T    T    3  7.5 13 300   M    M   3 8      16 260
22  47  16  32  -7  33   0 0.08  0.0    2 11.5 18 220   M    M   8 16     24 230
================================================================================
SM  971  622       628   0  1.78     6.5 239.2          M      164
================================================================================
AV 44.1 28.3                              10.9 FASTST   M    M   7    MAX(MPH)
                                 MISC ---->  # 31 280               # 37  280
================================================================================
NOTES:
# LAST OF SEVERAL OCCURRENCES

COLUMN 17 PEAK WIND IN M.P.H.

PRELIMINARY LOCAL CLIMATOLOGICAL DATA (WS FORM: F-6) , PAGE 2

                                          STATION:  AKRON CANTON OH
                                          MONTH:    NOVEMBER
                                          YEAR:     2014
                                          LATITUDE:   40 55 N
                                          LONGITUDE:  81 26 W

[TEMPERATURE DATA]      [PRECIPITATION DATA]       SYMBOLS USED IN COLUMN 16

AVERAGE MONTHLY: 36.2   TOTAL FOR MONTH:   1.78    1 = FOG OR MIST
DPTR FM NORMAL:  -6.9   DPTR FM NORMAL:   -0.64    2 = FOG REDUCING VISIBILITY
HIGHEST:    68 ON 11    GRTST 24HR  0.72 ON  6- 7      TO 1/4 MILE OR LESS
LOWEST:      7 ON 19                               3 = THUNDER
                        SNOW, ICE PELLETS, HAIL    4 = ICE PELLETS
                        TOTAL MONTH:   6.5 INCHES  5 = HAIL
                        GRTST 24HR   6.1 ON   M    6 = FREEZING RAIN OR DRIZZLE
                        GRTST DEPTH:   6 ON 18     7 = DUSTSTORM OR SANDSTORM:
                                                       VSBY 1/2 MILE OR LESS
                                                   8 = SMOKE OR HAZE
[NO. OF DAYS WITH]      [WEATHER - DAYS WITH]      9 = BLOWING SNOW
                                                   X = TORNADO
MAX 32 OR BELOW:   3    0.01 INCH OR MORE:   8
MAX 90 OR ABOVE:   0    0.10 INCH OR MORE:   3
MIN 32 OR BELOW:  14    0.50 INCH OR MORE:   2
MIN  0 OR BELOW:   0    1.00 INCH OR MORE:   0

[HDD (BASE 65) ]
TOTAL THIS MO.   628    CLEAR  (SCALE 0-3)   2
DPTR FM NORMAL   146    PTCLDY (SCALE 4-7)  12
TOTAL FM JUL 1  1086    CLOUDY (SCALE 8-10)  8
DPTR FM NORMAL    49

[CDD (BASE 65) ]
TOTAL THIS MO.     0
DPTR FM NORMAL     0    [PRESSURE DATA]
TOTAL FM JAN 1   719    HIGHEST SLP M ON M
DPTR FM NORMAL    67    LOWEST  SLP 29.64 ON 17

[REMARKS]




U.S. Dept. of Commerce
NOAA National Weather Service
1325 East West Highway
Silver Spring, MD 20910
E-mail: w-nws.webmaster@noaa.gov
Page last modified: May 16, 2007
NATIONAL WEATHER SERVICE: for Safety, for Work, for Fun - FOR LIFE