381
CXUS55 KGJT 241000
CF6CAG
PRELIMINARY LOCAL CLIMATOLOGICAL DATA (WS FORM: F-6)

                                          STATION:   CRAIG CO
                                          MONTH:     APRIL
                                          YEAR:      2014
                                          LATITUDE:   40 30 N
                                          LONGITUDE: 107 32 W

  TEMPERATURE IN F:       :PCPN:    SNOW:  WIND      :SUNSHINE: SKY     :PK WND
================================================================================
1   2   3   4   5  6A  6B    7    8   9   10  11  12  13   14  15   16   17  18
                                     12Z  AVG MX 2MIN
DY MAX MIN AVG DEP HDD CDD  WTR  SNW DPTH SPD SPD DIR MIN PSBL S-S WX    SPD DR
================================================================================

 1  47  32  40   1  25   0    T    M    M  6.6 38 280   M    M   9 138    48 280
 2  37  25  31  -8  34   0 0.19    M    M  4.8 16 290   M    M  10 128    19 290
 3  41  22  32  -7  33   0    T    M    M  6.3 21 330   M    M   7 1      26 290
 4  49  20  35  -5  30   0 0.00    M    M  6.3 22 190   M    M   5        27 310
 5  50  26  38  -2  27   0 0.00    M    M  4.9 20 330   M    M   4        24 320
 6  47  29  38  -2  27   0 0.05    M    M  6.8 28 280   M    M   9 1      36 270
 7  52  30  41   1  24   0    T    M    M  7.5 22 280   M    M   8 1      26 280
 8  63  26  45   4  20   0 0.00    M    M  4.8 20 290   M    M   0        23 290
 9  70  26  48   7  17   0 0.00    M    M 10.0 31 260   M    M   1        40 260
10  64  30  47   6  18   0 0.00    M    M  7.2 26 270   M    M   3        32 280
11  70  25  48   6  17   0 0.00    M    M  7.4 30 270   M    M   0        38 270
12  67  31  49   7  16   0 0.03    M    M  6.2 32 260   M    M   6 1      47 250
13  42  16  29 -13  36   0 0.05    M    M  9.2 26 150   M    M   9 1      30 150
14  39  13  26 -16  39   0 0.00    M    M  6.5 18 210   M    M   1        23 220
15  58  19  39  -3  26   0 0.00    M    M 10.2 26 220   M    M   3        33 220
16  51  25  38  -5  27   0 0.00    M    M  6.9 17 310   M    M   2        24 300
17  62  20  41  -2  24   0 0.00    M    M  4.3 21 240   M    M   1        26 270
18  73  29  51   8  14   0 0.00    M    M  9.2 33 230   M    M   1        40 240
19  61  34  48   5  17   0    T    M    M  5.0 15 240   M    M   6        20 260
20  68  28  48   4  17   0    T    M    M  5.2 36 310   M    M   4 3      49 320
21  69  29  49   5  16   0 0.00    M    M  4.7 20 270   M    M   1        24 260
22  73  34  54  10  11   0    T    M    M 12.3 38 200   M    M   3        57 180
23  50  28  39  -5  26   0 0.04    M    M  9.0 24 220   M    M   8        31 230
================================================================================
SM 1303  597       541   0  0.36    M    161.3          M      101
================================================================================
AV 56.7 26.0                               7.0 FASTST   M    M   4    MAX(MPH)
                                 MISC ---->  # 38 280               # 57  180
================================================================================
NOTES:
# LAST OF SEVERAL OCCURRENCES

COLUMN 17 PEAK WIND IN M.P.H.

PRELIMINARY LOCAL CLIMATOLOGICAL DATA (WS FORM: F-6) , PAGE 2

                                          STATION:  CRAIG CO
                                          MONTH:    APRIL
                                          YEAR:     2014
                                          LATITUDE:   40 30 N
                                          LONGITUDE: 107 32 W

[TEMPERATURE DATA]      [PRECIPITATION DATA]       SYMBOLS USED IN COLUMN 16

AVERAGE MONTHLY: 41.3   TOTAL FOR MONTH:   0.36    1 = FOG OR MIST
DPTR FM NORMAL:  -0.3   DPTR FM NORMAL:   -0.84    2 = FOG REDUCING VISIBILITY
HIGHEST:    73 ON 22,18 GRTST 24HR  0.19 ON  2- 2      TO 1/4 MILE OR LESS
LOWEST:     13 ON 14                               3 = THUNDER
                        SNOW, ICE PELLETS, HAIL    4 = ICE PELLETS
                        TOTAL MONTH:    M          5 = HAIL
                        GRTST 24HR    M  ON   M    6 = FREEZING RAIN OR DRIZZLE
                        GRTST DEPTH:  M  ON   M    7 = DUSTSTORM OR SANDSTORM:
                                                       VSBY 1/2 MILE OR LESS
                                                   8 = SMOKE OR HAZE
[NO. OF DAYS WITH]      [WEATHER - DAYS WITH]      9 = BLOWING SNOW
                                                   X = TORNADO
MAX 32 OR BELOW:   0    0.01 INCH OR MORE:   5
MAX 90 OR ABOVE:   0    0.10 INCH OR MORE:   1
MIN 32 OR BELOW:  21    0.50 INCH OR MORE:   0
MIN  0 OR BELOW:   0    1.00 INCH OR MORE:   0

[HDD (BASE 65) ]
TOTAL THIS MO.   541    CLEAR  (SCALE 0-3)  11
DPTR FM NORMAL     5    PTCLDY (SCALE 4-7)   7
TOTAL FM JUL 1  7613    CLOUDY (SCALE 8-10)  5
DPTR FM NORMAL  -261

[CDD (BASE 65) ]
TOTAL THIS MO.     0
DPTR FM NORMAL     0    [PRESSURE DATA]
TOTAL FM JAN 1     0    HIGHEST SLP M ON M
DPTR FM NORMAL     0    LOWEST  SLP 29.42 ON 23

[REMARKS]




U.S. Dept. of Commerce
NOAA National Weather Service
1325 East West Highway
Silver Spring, MD 20910
E-mail: w-nws.webmaster@noaa.gov
Page last modified: May 16, 2007
NATIONAL WEATHER SERVICE: for Safety, for Work, for Fun - FOR LIFE