328
CXUS55 KGJT 301000
CF6CAG
PRELIMINARY LOCAL CLIMATOLOGICAL DATA (WS FORM: F-6)

                                          STATION:   CRAIG CO
                                          MONTH:     AUGUST
                                          YEAR:      2014
                                          LATITUDE:   40 30 N
                                          LONGITUDE: 107 32 W

  TEMPERATURE IN F:       :PCPN:    SNOW:  WIND      :SUNSHINE: SKY     :PK WND
================================================================================
1   2   3   4   5  6A  6B    7    8   9   10  11  12  13   14  15   16   17  18
                                     12Z  AVG MX 2MIN
DY MAX MIN AVG DEP HDD CDD  WTR  SNW DPTH SPD SPD DIR MIN PSBL S-S WX    SPD DR
================================================================================

 1  78  49  64  -4   1   0    T    M    M  6.7 21 120   M    M   3        26 110
 2  87  40  64  -4   1   0 0.00    M    M  3.1 12 100   M    M   0        18  90
 3  89  38  64  -4   1   0 0.00    M    M  3.3 16 170   M    M   0        19 150
 4  70  50  60  -7   5   0 0.36    M    M  6.6 25 230   M    M   5 13     34 260
 5  73  45  59  -8   6   0 0.01    M    M  6.1 26 250   M    M   4 3      31 250
 6  83  45  64  -3   1   0 0.01    M    M  7.7 32 200   M    M   0        40 200
 7  80  49  65  -2   0   0 0.07    M    M  7.4 38 290   M    M   3 13     49 290
 8  85  46  66  -1   0   1    T    M    M  7.6 26 190   M    M   1 3      33 190
 9  85  46  66  -1   0   1    T    M    M  5.5 22 280   M    M   2        30 270
10  87  45  66   0   0   1    T    M    M  4.3 20 350   M    M   1 3      24 340
11  89  46  68   2   0   3 0.00    M    M  4.6 13  80   M    M   0        16  80
12  91  44  68   2   0   3 0.00    M    M  5.1 20 230   M    M   0        24 220
13  88  53  71   5   0   6 0.27    M    M  5.7 26 100   M    M   3 1      32 100
14  81  55  68   2   0   3 0.03    M    M  5.0 25 330   M    M   6 13     37 330
15  86  50  68   2   0   3 0.08    M    M  5.6 24 270   M    M   1 3      30 240
16  89  45  67   2   0   2 0.00    M    M  5.2 18 280   M    M   1        22 280
17  90  45  68   3   0   3 0.00    M    M  2.7 15 260   M    M   0        20 290
18  89  45  67   2   0   2    T    M    M  4.2 21 330   M    M   1        27 330
19  76  51  64   0   1   0 0.19    M    M  4.9 22 280   M    M   5 1      30 270
20  75  54  65   1   0   0 0.47    M    M  5.1 22 320   M    M   5 138    29 310
21  76  52  64   0   1   0 0.06    M    M  6.6 18 230   M    M   3 13     25  10
22  76  51  64   0   1   0 0.38    M    M  4.3 22 220   M    M   5 138    29 210
23  65  47  56  -8   9   0 0.36    M    M  7.8 23 230   M    M   8 1      29 280
24  75  38  57  -6   8   0    T    M    M  6.6 22 250   M    M   3 3      28 290
25  80  51  66   3   0   1 0.47    M    M  6.9 21 280   M    M   4 13     31 180
26  72  51  62  -1   3   0 0.07    M    M  6.0 23 160   M    M   2 1      27 160
27  65  51  58  -4   7   0 0.76    M    M  5.1 29 230   M    M   8 13     35 230
28  73  50  62   0   3   0 0.10    M    M  5.1 14 270   M    M   5 1      19 270
29  79  45  62   0   3   0 0.00    M    M  3.1 14 290   M    M   2        19 260
================================================================================
SM 2332 1377        51  29  3.69    M    157.9          M       81
================================================================================
AV 80.4 47.5                               5.4 FASTST   M    M   3    MAX(MPH)
                                 MISC ---->  # 38 290               # 49  290
================================================================================
NOTES:
# LAST OF SEVERAL OCCURRENCES

COLUMN 17 PEAK WIND IN M.P.H.

PRELIMINARY LOCAL CLIMATOLOGICAL DATA (WS FORM: F-6) , PAGE 2

                                          STATION:  CRAIG CO
                                          MONTH:    AUGUST
                                          YEAR:     2014
                                          LATITUDE:   40 30 N
                                          LONGITUDE: 107 32 W

[TEMPERATURE DATA]      [PRECIPITATION DATA]       SYMBOLS USED IN COLUMN 16

AVERAGE MONTHLY: 63.9   TOTAL FOR MONTH:   3.69    1 = FOG OR MIST
DPTR FM NORMAL:  -1.3   DPTR FM NORMAL:    2.40    2 = FOG REDUCING VISIBILITY
HIGHEST:    91 ON 12    GRTST 24HR  0.76 ON 27-27      TO 1/4 MILE OR LESS
LOWEST:     38 ON 24, 3                            3 = THUNDER
                        SNOW, ICE PELLETS, HAIL    4 = ICE PELLETS
                        TOTAL MONTH:    M          5 = HAIL
                        GRTST 24HR    M  ON   M    6 = FREEZING RAIN OR DRIZZLE
                        GRTST DEPTH:  M  ON   M    7 = DUSTSTORM OR SANDSTORM:
                                                       VSBY 1/2 MILE OR LESS
                                                   8 = SMOKE OR HAZE
[NO. OF DAYS WITH]      [WEATHER - DAYS WITH]      9 = BLOWING SNOW
                                                   X = TORNADO
MAX 32 OR BELOW:   0    0.01 INCH OR MORE:  16
MAX 90 OR ABOVE:   2    0.10 INCH OR MORE:   9
MIN 32 OR BELOW:   0    0.50 INCH OR MORE:   1
MIN  0 OR BELOW:   0    1.00 INCH OR MORE:   0

[HDD (BASE 65) ]
TOTAL THIS MO.    51    CLEAR  (SCALE 0-3)  17
DPTR FM NORMAL     6    PTCLDY (SCALE 4-7)  11
TOTAL FM JUL 1    95    CLOUDY (SCALE 8-10)  1
DPTR FM NORMAL    25

[CDD (BASE 65) ]
TOTAL THIS MO.    29
DPTR FM NORMAL   -22    [PRESSURE DATA]
TOTAL FM JAN 1    70    HIGHEST SLP M ON M
DPTR FM NORMAL   -70    LOWEST  SLP 29.69 ON 19

[REMARKS]




U.S. Dept. of Commerce
NOAA National Weather Service
1325 East West Highway
Silver Spring, MD 20910
E-mail: w-nws.webmaster@noaa.gov
Page last modified: May 16, 2007
NATIONAL WEATHER SERVICE: for Safety, for Work, for Fun - FOR LIFE