198
CXUS55 KCAE 291400
CF6CAE
PRELIMINARY LOCAL CLIMATOLOGICAL DATA (WS FORM: F-6)

                                          STATION:   COLUMBIA METRO AIRPORT SC
                                          MONTH:     JULY
                                          YEAR:      2014
                                          LATITUDE:   33 57 N
                                          LONGITUDE:  81  7 W

  TEMPERATURE IN F:       :PCPN:    SNOW:  WIND      :SUNSHINE: SKY     :PK WND
================================================================================
1   2   3   4   5  6A  6B    7    8   9   10  11  12  13   14  15   16   17  18
                                     12Z  AVG MX 2MIN
DY MAX MIN AVG DEP HDD CDD  WTR  SNW DPTH SPD SPD DIR MIN PSBL S-S WX    SPD DR
================================================================================

 1  96  73  85   3   0  20 0.00  0.0    0  4.0  9 180   M    M   4        14 170
 2  98  76  87   5   0  22 0.00  0.0    0  7.8 15 160   M    M   3        20 150
 3  96  76  86   4   0  21 0.10  0.0    0  5.8 23 270   M    M   6 3      27 260
 4  91  72  82   0   0  17 0.00  0.0    0  5.1 14  40   M    M   4        20  20
 5  88  71  80  -2   0  15 0.00  0.0    0  9.8 18 120   M    M   5        26  70
 6  90  69  80  -2   0  15 0.00  0.0    0  5.5 15 150   M    M   6        18 140
 7  91  71  81  -1   0  16    T  0.0    0  3.0 17 200   M    M   5 3      22 210
 8 100  74  87   5   0  22 0.00  0.0    0  7.4 20 260   M    M   3        26 240
 9  98  74  86   4   0  21 0.09  0.0    0  6.4 23 250   M    M   5 8      27 260
10  94  73  84   2   0  19 1.32  0.0    0  4.6 16 170   M    M   6 138    21  50
11  87  74  81  -1   0  16 0.00  0.0    0  4.8 12 100   M    M   7 18     14 110
12  94  73  84   2   0  19 0.00  0.0    0  4.3 16 120   M    M   5 18     20  90
13  94  73  84   2   0  19 0.00  0.0    0  3.9 12 130   M    M   5        14 120
14 100  76  88   6   0  23    T  0.0    0  7.1 20 210   M    M   4        25 210
15  94  76  85   3   0  20 0.11  0.0    0  8.7 23 230   M    M   6 138    30 220
16  89  72  81  -1   0  16    T  0.0    0  4.7 12  10   M    M   6 1      16  30
17  90  68  79  -3   0  14 0.00  0.0    0  5.3 14 110   M    M   4 8      19 100
18  90  71  81  -1   0  16 0.00  0.0    0  7.2 14 110   M    M   5 8      18 110
19  83  73  78  -4   0  13 0.03  0.0    0  5.1 12 100   M    M   8 8      15 120
20  91  73  82   0   0  17 0.02  0.0    0  3.9 14 220   M    M   9 138    19 190
21  86  74  80  -2   0  15 0.60  0.0    0  4.1 20  10   M    M   9 138    24  20
22  90  75  83   1   0  18 0.26  0.0    0  5.0 16 120   M    M   7 18     19 130
23  94  75  85   3   0  20 0.00  0.0    0  4.4 13 240   M    M   5 12     16 240
24  96  78  87   5   0  22 0.00  0.0    0  8.9 20 240   M    M   3        25 210
25  91  75  83   1   0  18 0.00  0.0    0  5.0 18 150   M    M   6        22 160
26  93  73  83   1   0  18 0.00  0.0    0  3.3 13 120   M    M   4 18     14 120
27 100  74  87   5   0  22 0.00  0.0    0  7.5 17 240   M    M   5        21 240
28 101  80  91   9   0  26 0.00  0.0    0 10.4 24 270   M    M   6        28 310
================================================================================
SM 2605 2062         0 520  2.53     0.0 163.0          M      151
================================================================================
AV 93.0 73.6                               5.8 FASTST   M    M   5    MAX(MPH)
                                 MISC ---->  # 24 270               # 30  220
================================================================================
NOTES:
# LAST OF SEVERAL OCCURRENCES

COLUMN 17 PEAK WIND IN M.P.H.

PRELIMINARY LOCAL CLIMATOLOGICAL DATA (WS FORM: F-6) , PAGE 2

                                          STATION:  COLUMBIA METRO AIRPORT SC
                                          MONTH:    JULY
                                          YEAR:     2014
                                          LATITUDE:   33 57 N
                                          LONGITUDE:  81  7 W

[TEMPERATURE DATA]      [PRECIPITATION DATA]       SYMBOLS USED IN COLUMN 16

AVERAGE MONTHLY: 83.3   TOTAL FOR MONTH:   2.53    1 = FOG OR MIST
DPTR FM NORMAL:   1.3   DPTR FM NORMAL:   -2.34    2 = FOG REDUCING VISIBILITY
HIGHEST:   101 ON 28    GRTST 24HR  1.32 ON 10-10      TO 1/4 MILE OR LESS
LOWEST:     68 ON 17                               3 = THUNDER
                        SNOW, ICE PELLETS, HAIL    4 = ICE PELLETS
                        TOTAL MONTH:   0.0 INCH    5 = HAIL
                        GRTST 24HR     0.0         6 = FREEZING RAIN OR DRIZZLE
                        GRTST DEPTH:   0           7 = DUSTSTORM OR SANDSTORM:
                                                       VSBY 1/2 MILE OR LESS
                                                   8 = SMOKE OR HAZE
[NO. OF DAYS WITH]      [WEATHER - DAYS WITH]      9 = BLOWING SNOW
                                                   X = TORNADO
MAX 32 OR BELOW:   0    0.01 INCH OR MORE:   8
MAX 90 OR ABOVE:  23    0.10 INCH OR MORE:   5
MIN 32 OR BELOW:   0    0.50 INCH OR MORE:   2
MIN  0 OR BELOW:   0    1.00 INCH OR MORE:   1

[HDD (BASE 65) ]
TOTAL THIS MO.     0    CLEAR  (SCALE 0-3)   2
DPTR FM NORMAL     0    PTCLDY (SCALE 4-7)  23
TOTAL FM JUL 1     0    CLOUDY (SCALE 8-10)  3
DPTR FM NORMAL     0

[CDD (BASE 65) ]
TOTAL THIS MO.   520
DPTR FM NORMAL    44    [PRESSURE DATA]
TOTAL FM JAN 1  1454    HIGHEST SLP M ON M
DPTR FM NORMAL   233    LOWEST  SLP 29.75 ON 28

[REMARKS]




U.S. Dept. of Commerce
NOAA National Weather Service
1325 East West Highway
Silver Spring, MD 20910
E-mail: w-nws.webmaster@noaa.gov
Page last modified: May 16, 2007
NATIONAL WEATHER SERVICE: for Safety, for Work, for Fun - FOR LIFE