586
CXUS55 KCAE 291400
CF6CAE
PRELIMINARY LOCAL CLIMATOLOGICAL DATA (WS FORM: F-6)

                                          STATION:   COLUMBIA METRO AIRPORT SC
                                          MONTH:     AUGUST
                                          YEAR:      2014
                                          LATITUDE:   33 57 N
                                          LONGITUDE:  81  7 W

  TEMPERATURE IN F:       :PCPN:    SNOW:  WIND      :SUNSHINE: SKY     :PK WND
================================================================================
1   2   3   4   5  6A  6B    7    8   9   10  11  12  13   14  15   16   17  18
                                     12Z  AVG MX 2MIN
DY MAX MIN AVG DEP HDD CDD  WTR  SNW DPTH SPD SPD DIR MIN PSBL S-S WX    SPD DR
================================================================================

 1  82  72  77  -5   0  12    T  0.0    0  5.3 14 300   M    M   9 18     16 300
 2  76  72  74  -8   0   9 0.48  0.0    0  5.8 10  60   M    M  10 18     14  20
 3  86  71  79  -3   0  14 0.00  0.0    0  5.2 13  90   M    M   8        16 110
 4  91  73  82   0   0  17 0.00  0.0    0  5.9 16 120   M    M   6 18     19 120
 5  93  75  84   2   0  19 0.00  0.0    0  3.3 10  20   M    M   6 8      14  10
 6  96  72  84   2   0  19 0.00  0.0    0  3.8 15 300   M    M   2        17 300
 7  97  73  85   3   0  20 0.00  0.0    0  4.9 17 290   M    M   3 8      24 280
 8  92  73  83   1   0  18 0.66  0.0    0  5.5 26 200   M    M   6 138    38 230
 9  91  75  83   1   0  18 3.61  0.0    0  3.8 18  70   M    M   9 1238   23  70
10  82  75  79  -3   0  14 0.02  0.0    0  5.5 10  20   M    M  10 18     14  50
11  92  76  84   3   0  19    T  0.0    0  3.3 12  50   M    M   7 8      15  20
12  93  75  84   3   0  19 0.02  0.0    0  4.8 21 190   M    M   7 138    27 190
13  91  72  82   1   0  17 0.00  0.0    0  5.0 13 330   M    M   2 1      17 320
14  88  68  78  -3   0  13 0.00  0.0    0  3.7 13  70   M    M   2 8      16  80
15  91  65  78  -3   0  13 0.00  0.0    0  2.9 12 170   M    M   3 18     15 120
16  93  73  83   2   0  18 0.00  0.0    0  3.0 12 300   M    M   6 18     17 260
17  95  68  82   1   0  17 0.00  0.0    0  3.6 14 290   M    M   4 8      18 260
18  94  75  85   4   0  20    T  0.0    0  7.2 25 260   M    M   6 3      31 270
19  92  73  83   2   0  18    T  0.0    0  7.0 18 240   M    M   4        22 240
20  97  72  85   4   0  20 0.00  0.0    0  3.9 13 280   M    M   4 1      16 270
21  98  73  86   6   0  21 0.00  0.0    0  4.5 12  60   M    M   3        15  10
22 100  73  87   7   0  22 0.00  0.0    0  4.0 13 310   M    M   4        16 320
23  99  74  87   7   0  22 0.00  0.0    0  3.7 13  80   M    M   3        16  90
24  88  75  82   2   0  17 0.00  0.0    0 10.0 18  80   M    M   6        23  40
25  88  67  78  -2   0  13 0.00  0.0    0  9.5 18  70   M    M   2        28  60
26  90  73  82   2   0  17 0.00  0.0    0  7.7 15  30   M    M   5        19  40
27  94  64  79  -1   0  14 0.00  0.0    0  3.9 14  10   M    M   1        19  20
28  97  61  79  -1   0  14 0.00  0.0    0  4.3 10 110   M    M   2        16 100
================================================================================
SM 2566 2008         0 474  4.79     0.0 141.0          M      140
================================================================================
AV 91.6 71.7                               5.0 FASTST   M    M   5    MAX(MPH)
                                 MISC ---->  # 26 200               # 38  230
================================================================================
NOTES:
# LAST OF SEVERAL OCCURRENCES

COLUMN 17 PEAK WIND IN M.P.H.

PRELIMINARY LOCAL CLIMATOLOGICAL DATA (WS FORM: F-6) , PAGE 2

                                          STATION:  COLUMBIA METRO AIRPORT SC
                                          MONTH:    AUGUST
                                          YEAR:     2014
                                          LATITUDE:   33 57 N
                                          LONGITUDE:  81  7 W

[TEMPERATURE DATA]      [PRECIPITATION DATA]       SYMBOLS USED IN COLUMN 16

AVERAGE MONTHLY: 81.7   TOTAL FOR MONTH:   4.79    1 = FOG OR MIST
DPTR FM NORMAL:   0.6   DPTR FM NORMAL:   -0.06    2 = FOG REDUCING VISIBILITY
HIGHEST:   100 ON 22    GRTST 24HR  3.61 ON  9- 9      TO 1/4 MILE OR LESS
LOWEST:     61 ON 28                               3 = THUNDER
                        SNOW, ICE PELLETS, HAIL    4 = ICE PELLETS
                        TOTAL MONTH:   0.0 INCH    5 = HAIL
                        GRTST 24HR     0.0         6 = FREEZING RAIN OR DRIZZLE
                        GRTST DEPTH:   0           7 = DUSTSTORM OR SANDSTORM:
                                                       VSBY 1/2 MILE OR LESS
                                                   8 = SMOKE OR HAZE
[NO. OF DAYS WITH]      [WEATHER - DAYS WITH]      9 = BLOWING SNOW
                                                   X = TORNADO
MAX 32 OR BELOW:   0    0.01 INCH OR MORE:   5
MAX 90 OR ABOVE:  21    0.10 INCH OR MORE:   3
MIN 32 OR BELOW:   0    0.50 INCH OR MORE:   2
MIN  0 OR BELOW:   0    1.00 INCH OR MORE:   1

[HDD (BASE 65) ]
TOTAL THIS MO.     0    CLEAR  (SCALE 0-3)  10
DPTR FM NORMAL     0    PTCLDY (SCALE 4-7)  14
TOTAL FM JUL 1     0    CLOUDY (SCALE 8-10)  4
DPTR FM NORMAL     0

[CDD (BASE 65) ]
TOTAL THIS MO.   474
DPTR FM NORMAL    23    [PRESSURE DATA]
TOTAL FM JAN 1  1975    HIGHEST SLP M ON M
DPTR FM NORMAL   247    LOWEST  SLP 29.77 ON 12

[REMARKS]




U.S. Dept. of Commerce
NOAA National Weather Service
1325 East West Highway
Silver Spring, MD 20910
E-mail: w-nws.webmaster@noaa.gov
Page last modified: May 16, 2007
NATIONAL WEATHER SERVICE: for Safety, for Work, for Fun - FOR LIFE