968
CXUS55 KCAE 251400
CF6CAE
PRELIMINARY LOCAL CLIMATOLOGICAL DATA (WS FORM: F-6)

                                          STATION:   COLUMBIA METRO AIRPORT SC
                                          MONTH:     JANUARY
                                          YEAR:      2015
                                          LATITUDE:   33 57 N
                                          LONGITUDE:  81  7 W

  TEMPERATURE IN F:       :PCPN:    SNOW:  WIND      :SUNSHINE: SKY     :PK WND
================================================================================
1   2   3   4   5  6A  6B    7    8   9   10  11  12  13   14  15   16   17  18
                                     12Z  AVG MX 2MIN
DY MAX MIN AVG DEP HDD CDD  WTR  SNW DPTH SPD SPD DIR MIN PSBL S-S WX    SPD DR
================================================================================

 1  59  30  45   1  20   0 0.00  0.0    0  2.0 10 260   M    M   3 18     14 230
 2  58  46  52   8  13   0 0.12  0.0    0  2.4  9 310   M    M   8 1      12 310
 3  57  50  54  10  11   0 0.06  0.0    0  3.8  9  70   M    M  10 12     11  70
 4  73  53  63  19   2   0 0.48  0.0    0 11.5 30 260   M    M   9 1      47 270
 5  57  33  45   1  20   0 0.00  0.0    0  5.2 20 280   M    M   4        26 280
 6  60  29  45   1  20   0 0.00  0.0    0  8.0 23 280   M    M   2        35 260
 7  48  26  37  -7  28   0 0.00  0.0    0  9.0 21 330   M    M   5        36 330
 8  33  17  25 -19  40   0 0.00  0.0    0  5.1 16 350   M    M   0        24 360
 9  51  19  35  -9  30   0 0.00  0.0    0  7.8 18 250   M    M   5        23 270
10  48  21  35  -9  30   0 0.00  0.0    0  2.5 15  70   M    M   2        19  70
11  46  21  34 -10  31   0 0.05  0.0    0  3.4 10  20   M    M   8 3      13  30
12  49  39  44   0  21   0 1.10  0.0    0  2.2 14 280   M    M  10 13     16 290
13  50  39  45   1  20   0 0.02  0.0    0  6.9 16  60   M    M  10 18     22  50
14  41  36  39  -5  26   0 0.00  0.0    0  6.2 13  30   M    M  10 18     16  40
15  45  35  40  -5  25   0 0.06  0.0    0  2.3  9 270   M    M   9 18     11 270
16  57  34  46   1  19   0 0.00  0.0    0  3.8 12 280   M    M   4 18     14 320
17  59  28  44  -1  21   0 0.00  0.0    0  2.7 13 120   M    M   4        16 150
18  65  40  53   8  12   0 0.00  0.0    0  9.1 28 280   M    M   4        33 240
19  70  33  52   7  13   0 0.00  0.0    0  5.4 21 270   M    M   2        24 290
20  67  48  58  13   7   0 0.00  0.0    0  7.9 14 190   M    M   6        19 240
21  70  40  55  10  10   0 0.00  0.0    0  4.6 13 290   M    M   2        15 290
22  62  35  49   4  16   0 0.00  0.0    0  3.7 13  80   M    M   5 1      15  90
23  53  43  48   3  17   0 0.53  0.0    0  7.0 17  80   M    M  10 1      21  80
24  58  39  49   4  16   0 0.18  0.0    0 10.4 22 280   M    M   6 1      27 280
================================================================================
SM 1336  834       468   0  2.60     0.0 132.9          M      138
================================================================================
AV 55.7 34.8                               5.5 FASTST   M    M   6    MAX(MPH)
                                 MISC ---->  # 30 260               # 47  270
================================================================================
NOTES:
# LAST OF SEVERAL OCCURRENCES

COLUMN 17 PEAK WIND IN M.P.H.

PRELIMINARY LOCAL CLIMATOLOGICAL DATA (WS FORM: F-6) , PAGE 2

                                          STATION:  COLUMBIA METRO AIRPORT SC
                                          MONTH:    JANUARY
                                          YEAR:     2015
                                          LATITUDE:   33 57 N
                                          LONGITUDE:  81  7 W

[TEMPERATURE DATA]      [PRECIPITATION DATA]       SYMBOLS USED IN COLUMN 16

AVERAGE MONTHLY: 45.2   TOTAL FOR MONTH:   2.60    1 = FOG OR MIST
DPTR FM NORMAL:   0.8   DPTR FM NORMAL:   -0.16    2 = FOG REDUCING VISIBILITY
HIGHEST:    73 ON  4    GRTST 24HR  1.15 ON 11-12      TO 1/4 MILE OR LESS
LOWEST:     17 ON  8                               3 = THUNDER
                        SNOW, ICE PELLETS, HAIL    4 = ICE PELLETS
                        TOTAL MONTH:   0.0 INCH    5 = HAIL
                        GRTST 24HR     0.0         6 = FREEZING RAIN OR DRIZZLE
                        GRTST DEPTH:   0           7 = DUSTSTORM OR SANDSTORM:
                                                       VSBY 1/2 MILE OR LESS
                                                   8 = SMOKE OR HAZE
[NO. OF DAYS WITH]      [WEATHER - DAYS WITH]      9 = BLOWING SNOW
                                                   X = TORNADO
MAX 32 OR BELOW:   0    0.01 INCH OR MORE:   9
MAX 90 OR ABOVE:   0    0.10 INCH OR MORE:   5
MIN 32 OR BELOW:   8    0.50 INCH OR MORE:   2
MIN  0 OR BELOW:   0    1.00 INCH OR MORE:   1

[HDD (BASE 65) ]
TOTAL THIS MO.   468    CLEAR  (SCALE 0-3)   5
DPTR FM NORMAL   -25    PTCLDY (SCALE 4-7)  11
TOTAL FM JUL 1  1431    CLOUDY (SCALE 8-10)  8
DPTR FM NORMAL   -72

[CDD (BASE 65) ]
TOTAL THIS MO.     0
DPTR FM NORMAL     0    [PRESSURE DATA]
TOTAL FM JAN 1     0    HIGHEST SLP M ON M
DPTR FM NORMAL     0    LOWEST  SLP 29.59 ON 24

[REMARKS]




U.S. Dept. of Commerce
NOAA National Weather Service
1325 East West Highway
Silver Spring, MD 20910
E-mail: w-nws.webmaster@noaa.gov
Page last modified: May 16, 2007
NATIONAL WEATHER SERVICE: for Safety, for Work, for Fun - FOR LIFE