675
CXUS55 KCAE 011400
CF6CAE
PRELIMINARY LOCAL CLIMATOLOGICAL DATA (WS FORM: F-6)

                                          STATION:   COLUMBIA METRO AIRPORT SC
                                          MONTH:     NOVEMBER
                                          YEAR:      2014
                                          LATITUDE:   33 57 N
                                          LONGITUDE:  81  7 W

  TEMPERATURE IN F:       :PCPN:    SNOW:  WIND      :SUNSHINE: SKY     :PK WND
================================================================================
1   2   3   4   5  6A  6B    7    8   9   10  11  12  13   14  15   16   17  18
                                     12Z  AVG MX 2MIN
DY MAX MIN AVG DEP HDD CDD  WTR  SNW DPTH SPD SPD DIR MIN PSBL S-S WX    SPD DR
================================================================================

 1  55  34  45 -14  20   0 0.73    T    T 14.0 25 270   M    M   7 1      34 330
 2  59  35  47 -12  18   0 0.00  0.0    0  7.1 17 300   M    M   0        24 320
 3  65  30  48 -10  17   0 0.00  0.0    0  1.2  7 280   M    M   0 18      8 150
 4  71  36  54  -4  11   0 0.00  0.0    0  2.4 13 200   M    M   5        16 210
 5  74  48  61   3   4   0 0.00  0.0    0  2.4 12 250   M    M   7 1      17 270
 6  80  57  69  11   0   4 0.00  0.0    0  9.6 25 250   M    M   6        33 230
 7  65  40  53  -4  12   0 0.00  0.0    0  4.2 15 320   M    M   0        22  20
 8  62  34  48  -9  17   0 0.00  0.0    0  0.6  6 120   M    M   7 18      9 290
 9  67  42  55  -2  10   0 0.00  0.0    0  1.3  7  30   M    M   5         9 350
10  70  36  53  -3  12   0 0.00  0.0    0  2.3 10 100   M    M   2 1      14  70
11  78  46  62   6   3   0 0.00  0.0    0  4.8 10 260   M    M   3        15 350
12  77  42  60   4   5   0 0.00  0.0    0  1.6  7 250   M    M   2         9 270
13  65  50  58   2   7   0    T  0.0    0  6.2 13 270   M    M   6 1      15 260
14  51  35  43 -12  22   0    T  0.0    0  7.7 18  20   M    M   8 18     24  20
15  50  30  40 -15  25   0 0.00  0.0    0  4.4 12 100   M    M   0        16  90
16  50  29  40 -15  25   0 0.00  0.0    0  3.5  8  10   M    M   9        11  10
17  70  39  55   1  10   0 0.49  0.0    0 11.1 28 270   M    M   8 123    35 270
18  42  26  34 -20  31   0 0.00  0.0    0  9.4 20 270   M    M   3        24 270
19  51  20  36 -18  29   0 0.00  0.0    0  3.2 14 190   M    M   1        17 190
20  63  26  45  -9  20   0 0.00  0.0    0  7.8 22 250   M    M   3        30 280
21  65  34  50  -3  15   0 0.00  0.0    0  4.1 14 330   M    M   0        18 330
22  63  27  45  -8  20   0 0.00  0.0    0  3.8 12 100   M    M   3        14 100
23  69  48  59   6   6   0 2.12  0.0    0  8.2 20 170   M    M  10 13     26 190
24  74  63  69  17   0   4 0.01  0.0    0  8.9 17 220   M    M   8 3      23 220
25  63  57  60   8   5   0 0.18  0.0    0  4.0 12 190   M    M   9 1      14 200
26  58  40  49  -3  16   0 0.84  0.0    0  6.6 16 320   M    M   7 1      22 340
27  56  40  48  -3  17   0 0.00  0.0    0 11.5 30 280   M    M   3        37 280
28  49  30  40 -11  25   0 0.00  0.0    0  3.2 12 320   M    M   0        18 310
29  60  28  44  -7  21   0 0.00  0.0    0  2.5 13 180   M    M   2        20 230
30  71  37  54   4  11   0 0.00  0.0    0  5.2 17 210   M    M   0        23 210
================================================================================
SM 1893 1139       434   8  4.37    T    162.8          M      124
================================================================================
AV 63.1 38.0                               5.4 FASTST   M    M   4    MAX(MPH)
                                 MISC ---->  # 30 280               # 37  280
================================================================================
NOTES:
# LAST OF SEVERAL OCCURRENCES

COLUMN 17 PEAK WIND IN M.P.H.

PRELIMINARY LOCAL CLIMATOLOGICAL DATA (WS FORM: F-6) , PAGE 2

                                          STATION:  COLUMBIA METRO AIRPORT SC
                                          MONTH:    NOVEMBER
                                          YEAR:     2014
                                          LATITUDE:   33 57 N
                                          LONGITUDE:  81  7 W

[TEMPERATURE DATA]      [PRECIPITATION DATA]       SYMBOLS USED IN COLUMN 16

AVERAGE MONTHLY: 50.5   TOTAL FOR MONTH:   4.37    1 = FOG OR MIST
DPTR FM NORMAL:  -4.3   DPTR FM NORMAL:    1.63    2 = FOG REDUCING VISIBILITY
HIGHEST:    80 ON  6    GRTST 24HR  2.12 ON 23-23      TO 1/4 MILE OR LESS
LOWEST:     20 ON 19                               3 = THUNDER
                        SNOW, ICE PELLETS, HAIL    4 = ICE PELLETS
                        TOTAL MONTH:    T          5 = HAIL
                        GRTST 24HR    T  ON  1- 1  6 = FREEZING RAIN OR DRIZZLE
                        GRTST DEPTH:   T           7 = DUSTSTORM OR SANDSTORM:
                                                       VSBY 1/2 MILE OR LESS
                                                   8 = SMOKE OR HAZE
[NO. OF DAYS WITH]      [WEATHER - DAYS WITH]      9 = BLOWING SNOW
                                                   X = TORNADO
MAX 32 OR BELOW:   0    0.01 INCH OR MORE:   6
MAX 90 OR ABOVE:   0    0.10 INCH OR MORE:   5
MIN 32 OR BELOW:   9    0.50 INCH OR MORE:   3
MIN  0 OR BELOW:   0    1.00 INCH OR MORE:   1

[HDD (BASE 65) ]
TOTAL THIS MO.   434    CLEAR  (SCALE 0-3)  16
DPTR FM NORMAL   113    PTCLDY (SCALE 4-7)  10
TOTAL FM JUL 1   505    CLOUDY (SCALE 8-10)  4
DPTR FM NORMAL    64

[CDD (BASE 65) ]
TOTAL THIS MO.     8
DPTR FM NORMAL    -7    [PRESSURE DATA]
TOTAL FM JAN 1  2535    HIGHEST SLP 30.55 ON 22
DPTR FM NORMAL   368    LOWEST  SLP 29.66 ON 17

[REMARKS]
#FINAL-11-14#




U.S. Dept. of Commerce
NOAA National Weather Service
1325 East West Highway
Silver Spring, MD 20910
E-mail: w-nws.webmaster@noaa.gov
Page last modified: May 16, 2007
NATIONAL WEATHER SERVICE: for Safety, for Work, for Fun - FOR LIFE