090
CXUS56 KTFX 301205
CF6BZN
PRELIMINARY LOCAL CLIMATOLOGICAL DATA (WS FORM: F-6)

                                          STATION:   BOZEMAN/GALLATIN FIELD MT
                                          MONTH:     SEPTEMBER
                                          YEAR:      2014
                                          LATITUDE:   45 46 N
                                          LONGITUDE: 111  9 W

  TEMPERATURE IN F:       :PCPN:    SNOW:  WIND      :SUNSHINE: SKY     :PK WND
================================================================================
1   2   3   4   5  6A  6B    7    8   9   10  11  12  13   14  15   16   17  18
                                     12Z  AVG MX 2MIN
DY MAX MIN AVG DEP HDD CDD  WTR  SNW DPTH SPD SPD DIR MIN PSBL S-S WX    SPD DR
================================================================================

 1  70  45  58  -6   7   0 0.00  0.0    0  3.3 13 280   M    M   5        18 280
 2  79  40  60  -3   5   0 0.00  0.0    0  5.0 16 230   M    M   0        20 310
 3  67  40  54  -9  11   0 0.00  0.0    0  8.1 24 320   M    M   3        29  10
 4  64  37  51 -11  14   0 0.00  0.0    0  4.1 12 170   M    M   3 8      13 340
 5  70  32  51 -11  14   0 0.00  0.0    0  4.0 13 170   M    M   0        15 180
 6  76  32  54  -8  11   0 0.00  0.0    0  3.7 12 150   M    M   0 8      13 150
 7  83  35  59  -2   6   0 0.00  0.0    0  5.4 20 290   M    M   0        24 290
 8  84  37  61   0   4   0 0.00  0.0    0  6.1 25 300   M    M   0        30 310
 9  62  40  51  -9  14   0 0.00  0.0    0  6.1 17 150   M    M   5        20 150
10  54  37  46 -14  19   0 0.18  0.0    0  6.5 22 340   M    M   9 1      26 340
11  46  28  37 -23  28   0 0.09    T    0  5.4 16 150   M    M   7 1      19 150
12  64  22  43 -16  22   0 0.00  0.0    0  3.4  9 150   M    M   0        14  80
13  61  30  46 -13  19   0 0.00  0.0    0  3.9 10 210   M    M   0        12 200
14  71  30  51  -7  14   0 0.00  0.0    0  2.4 14 140   M    M   0        16 320
15  78  33  56  -2   9   0 0.00  0.0    0  3.3 13 160   M    M   0 8      14 160
16  77  37  57  -1   8   0 0.00  0.0    0  4.9 15 150   M    M   1 8      23 170
17  84  42  63   6   2   0    T  0.0    0  4.2 13 180   M    M   1 3      14 170
18  69  49  59   2   6   0 0.13  0.0    0  6.6 16 290   M    M   3 1      20 190
19  76  46  61   5   4   0 0.00  0.0    0  8.2 22 300   M    M   4        26 270
20  75  37  56   0   9   0 0.00  0.0    0  3.6 13 150   M    M   0        15 130
21  76  36  56   0   9   0 0.00  0.0    0  3.3 10 140   M    M   0        12 150
22  67  49  58   3   7   0    T  0.0    0  3.5  8 150   M    M   5        11 110
23  81  41  61   6   4   0 0.05  0.0    0  4.4 25 220   M    M   1        32 220
24  88  47  68  14   0   3 0.00  0.0    0  5.7 18 240   M    M   0        24 260
25  90  44  67  13   0   2 0.00  0.0    0  6.8 18 190   M    M   0        22 190
26  74  53  64  11   1   0 0.16  0.0    0  7.9 18 280   M    M   3 1      23 270
27  60  50  55   2  10   0 0.47  0.0    0  5.6 21  60   M    M  10 1      26  70
28  53  46  50  -3  15   0 0.14  0.0    0  5.5 17  60   M    M  10 18     24  40
29  62  36  49  -3  16   0 0.00  0.0    0  3.7 15 160   M    M   4        17 160
================================================================================
SM 2061 1131       288   5  1.22    T    144.6          M       74
================================================================================
AV 71.1 39.0                               5.0 FASTST   M    M   3    MAX(MPH)
                                 MISC ---->  # 25 300               # 32  220
================================================================================
NOTES:
# LAST OF SEVERAL OCCURRENCES

COLUMN 17 PEAK WIND IN M.P.H.

PRELIMINARY LOCAL CLIMATOLOGICAL DATA (WS FORM: F-6) , PAGE 2

                                          STATION:  BOZEMAN/GALLATIN FIELD MT
                                          MONTH:    SEPTEMBER
                                          YEAR:     2014
                                          LATITUDE:   45 46 N
                                          LONGITUDE: 111  9 W

[TEMPERATURE DATA]      [PRECIPITATION DATA]       SYMBOLS USED IN COLUMN 16

AVERAGE MONTHLY: 55.0   TOTAL FOR MONTH:   1.22    1 = FOG OR MIST
DPTR FM NORMAL:  -2.9   DPTR FM NORMAL:    0.15    2 = FOG REDUCING VISIBILITY
HIGHEST:    90 ON 25    GRTST 24HR  0.63 ON 26-27      TO 1/4 MILE OR LESS
LOWEST:     22 ON 12                               3 = THUNDER
                        SNOW, ICE PELLETS, HAIL    4 = ICE PELLETS
                        TOTAL MONTH:    T          5 = HAIL
                        GRTST 24HR    T  ON 11-11  6 = FREEZING RAIN OR DRIZZLE
                        GRTST DEPTH:   0           7 = DUSTSTORM OR SANDSTORM:
                                                       VSBY 1/2 MILE OR LESS
                                                   8 = SMOKE OR HAZE
[NO. OF DAYS WITH]      [WEATHER - DAYS WITH]      9 = BLOWING SNOW
                                                   X = TORNADO
MAX 32 OR BELOW:   0    0.01 INCH OR MORE:   7
MAX 90 OR ABOVE:   1    0.10 INCH OR MORE:   5
MIN 32 OR BELOW:   6    0.50 INCH OR MORE:   0
MIN  0 OR BELOW:   0    1.00 INCH OR MORE:   0

[HDD (BASE 65) ]
TOTAL THIS MO.   288    CLEAR  (SCALE 0-3)  19
DPTR FM NORMAL    62    PTCLDY (SCALE 4-7)   7
TOTAL FM JUL 1   374    CLOUDY (SCALE 8-10)  3
DPTR FM NORMAL    81

[CDD (BASE 65) ]
TOTAL THIS MO.     5
DPTR FM NORMAL   -15    [PRESSURE DATA]
TOTAL FM JAN 1   187    HIGHEST SLP M ON M
DPTR FM NORMAL  -179    LOWEST  SLP 29.57 ON  3

[REMARKS]




U.S. Dept. of Commerce
NOAA National Weather Service
1325 East West Highway
Silver Spring, MD 20910
E-mail: w-nws.webmaster@noaa.gov
Page last modified: May 16, 2007
NATIONAL WEATHER SERVICE: for Safety, for Work, for Fun - FOR LIFE