116
CXUS54 KHGX 271443
CF6BYY
PRELIMINARY LOCAL CLIMATOLOGICAL DATA (WS FORM: F-6)

                                          STATION:   Bay City
                                          MONTH:     NOVEMBER
                                          YEAR:      2014
                                          LATITUDE:   28 58 N
                                          LONGITUDE:  95 52 W

  TEMPERATURE IN F:       :PCPN:    SNOW:  WIND      :SUNSHINE: SKY     :PK WND
================================================================================
1   2   3   4   5  6A  6B    7    8   9   10  11  12  13   14  15   16   17  18
                                     12Z  AVG MX 2MIN
DY MAX MIN AVG DEP HDD CDD  WTR  SNW DPTH SPD SPD DIR MIN PSBL S-S WX    SPD DR
================================================================================

 1  68  46  57   M   8   0 0.00  0.0    0  6.7 15  50   M    M   0        22  80
 2  74  45  60   M   5   0 0.00  0.0    0  6.2 13 130   M    M   0        16 130
 3  81  59  70   M   0   5 0.00  0.0    0  7.9 18 130   M    M   0 8      24 130
 4  80  70  75   M   0  10 0.17  0.0    0  9.8 16 150   M    M   0        23 150
 5  80  67  74   M   0   9 0.18  0.0    0  8.4 12  20   M    M   0        17  20
 6  67  61  64   M   1   0 0.03  0.0    0  8.8 13  20   M    M   0 1      18  30
 7  67  55  61   M   4   0 0.01  0.0    0  5.1 10  40   M    M   0         M  M
 8  71  56  64   M   1   0 0.00  0.0    0  2.1 12 360   M    M   0         M  M
 9  73  47  60   M   5   0 0.00  0.0    0  2.2  5 190   M    M   0         M  M
10  79  47  63   M   2   0 0.00  0.0    0  7.5 21 180   M    M   0        27 180
11  76  52  64   M   1   0 0.00  0.0    0  8.5 16 350   M    M   0 1      25 360
12  53  43  48   M  17   0 0.00  0.0    0 11.2 18 360   M    M   0        21 360
13  45  36  41   M  24   0 0.00  0.0    0 12.7 17 350   M    M   0        28 350
14  49  38  44   M  21   0 0.00  0.0    0  5.6 10  40   M    M   0         M  M
15  59  45  52   M  13   0 0.00  0.0    0  8.2 20  70   M    M   0 1      23  70
16  62  45  54   M  11   0 0.00  0.0    0  5.8 21 340   M    M   0 1      31 340
17  51  36  44   M  21   0 0.00  0.0    0 13.8 23 360   M    M   0        36 360
18  55  35  45   M  20   0 0.00  0.0    0  4.0 10  60   M    M   0         M  M
19  70  36  53   M  12   0 0.00  0.0    0  5.1 13 180   M    M   0        18 180
20  73  51  62   M   3   0 0.15  0.0    0  4.4 16 130   M    M   0 1      21 140
21  73  65  69   M   0   4 0.50  0.0    0  7.0 15 120   M    M   0 1      21 280
22  76  64  70   M   0   5 0.90  0.0    0 10.3 21 240   M    M   0        31 240
23  80  59  70   M   0   5 0.00  0.0    0  7.5 15 230   M    M   0        22 250
24  66  48  57   M   8   0 0.00    M    0 10.2 22 360   M    M   0        27 350
25  66  45  56   M   9   0 0.00  0.0    0  2.7  8 340   M    M   0         9  10
26  70  44  57   M   8   0 0.00  0.0    0  6.1 21 230   M    M   0        25 240
================================================================================
SM 1764 1295       194  38  1.94     0.0 187.8          M        0
================================================================================
AV 67.8 49.8                               7.2 FASTST   M    M   0    MAX(MPH)
                                 MISC ---->  # 23 360                 36    M
================================================================================
NOTES:
# LAST OF SEVERAL OCCURRENCES

COLUMN 17 PEAK WIND IN M.P.H.

PRELIMINARY LOCAL CLIMATOLOGICAL DATA (WS FORM: F-6) , PAGE 2

                                          STATION:  Bay City
                                          MONTH:    NOVEMBER
                                          YEAR:     2014
                                          LATITUDE:   28 58 N
                                          LONGITUDE:  95 52 W

[TEMPERATURE DATA]      [PRECIPITATION DATA]       SYMBOLS USED IN COLUMN 16

AVERAGE MONTHLY: 58.8   TOTAL FOR MONTH:   1.94    1 = FOG OR MIST
DPTR FM NORMAL:     M   DPTR FM NORMAL:       M    2 = FOG REDUCING VISIBILITY
HIGHEST:    81 ON  3    GRTST 24HR  0.90 ON 22-22      TO 1/4 MILE OR LESS
LOWEST:     35 ON 18                               3 = THUNDER
                        SNOW, ICE PELLETS, HAIL    4 = ICE PELLETS
                        TOTAL MONTH:   0.0 INCH    5 = HAIL
                        GRTST 24HR     0.0         6 = FREEZING RAIN OR DRIZZLE
                        GRTST DEPTH:   0           7 = DUSTSTORM OR SANDSTORM:
                                                       VSBY 1/2 MILE OR LESS
                                                   8 = SMOKE OR HAZE
[NO. OF DAYS WITH]      [WEATHER - DAYS WITH]      9 = BLOWING SNOW
                                                   X = TORNADO
MAX 32 OR BELOW:   0    0.01 INCH OR MORE:   7
MAX 90 OR ABOVE:   0    0.10 INCH OR MORE:   5
MIN 32 OR BELOW:   0    0.50 INCH OR MORE:   2
MIN  0 OR BELOW:   0    1.00 INCH OR MORE:   0

[HDD (BASE 65) ]
TOTAL THIS MO.   194    CLEAR  (SCALE 0-3)  26
DPTR FM NORMAL     M    PTCLDY (SCALE 4-7)   0
TOTAL FM JUL 1   194    CLOUDY (SCALE 8-10)  0
DPTR FM NORMAL     M

[CDD (BASE 65) ]
TOTAL THIS MO.    38
DPTR FM NORMAL     M    [PRESSURE DATA]
TOTAL FM JAN 1  3180    HIGHEST SLP M ON M
DPTR FM NORMAL     M    LOWEST  SLP M ON M

[REMARKS]




U.S. Dept. of Commerce
NOAA National Weather Service
1325 East West Highway
Silver Spring, MD 20910
E-mail: w-nws.webmaster@noaa.gov
Page last modified: May 16, 2007
NATIONAL WEATHER SERVICE: for Safety, for Work, for Fun - FOR LIFE