998
CXUS54 KHGX 221415
CF6BYY
PRELIMINARY LOCAL CLIMATOLOGICAL DATA (WS FORM: F-6)

                                          STATION:   Bay City
                                          MONTH:     APRIL
                                          YEAR:      2014
                                          LATITUDE:   28 58 N
                                          LONGITUDE:  95 52 W

  TEMPERATURE IN F:       :PCPN:    SNOW:  WIND      :SUNSHINE: SKY     :PK WND
================================================================================
1   2   3   4   5  6A  6B    7    8   9   10  11  12  13   14  15   16   17  18
                                     12Z  AVG MX 2MIN
DY MAX MIN AVG DEP HDD CDD  WTR  SNW DPTH SPD SPD DIR MIN PSBL S-S WX    SPD DR
================================================================================

 1  81  67  74   M   0   9 0.00  0.0    0 11.2 18 160   M    M  10 1      23 160
 2  81  72  77   M   0  12 0.00  0.0    0 13.5 20 160   M    M  10 1      27 160
 3  78  73  76   M   0  11 0.00  0.0    0 13.3 20 150   M    M  10 1      25 160
 4  77  59  68   M   0   3 0.00  0.0    0  9.1 18  10   M    M   3 1      28  10
 5  71  58  65   M   0   0 0.00  0.0    0 12.0 16  60   M    M   9 1      23  40
 6  78  56  67   M   0   2 0.02  0.0    0 10.7 16 160   M    M  10 1      22 160
 7  76  51  64   M   1   0 0.00  0.0    0  7.2 14 350   M    M   4        21 350
 8  75  50  63   M   2   0 0.03  0.0    0 10.4 25 320   M    M   0        37 330
 9  78  45  62   M   3   0 0.00  0.0    0  4.9 13 180   M    M   0        16 180
10  78  60  69   M   0   4 0.00  0.0    0 11.7 21 180   M    M   0        27 180
11  79  65  72   M   0   7 0.00  0.0    0 10.0 17 170   M    M   6        23 170
12  81  68  75   M   0  10 0.00  0.0    0 11.7 20 150   M    M   7        25 150
13  81  70  76   M   0  11 0.00  0.0    0 14.3 22 170   M    M  10 18     27 170
14  77  50  64   M   1   0 0.13  0.0    0 14.6 27 350   M    M   9 1      35 300
15  65  41  53   M  12   0 0.00  0.0    0  8.5 18 360   M    M   0        25  30
16  70  39  55   M  10   0 0.00  0.0    0  6.4 15 160   M    M   4        21 110
17  74  61  68   M   0   3 0.00  0.0    0  9.0 17 110   M    M   8 1      23 110
18  79  57  68   M   0   3 0.00  0.0    0  4.6 10  40   M    M   4 1      16  60
19  81  53  67   M   0   2 0.00  0.0    0  4.3 13 130   M    M   4 12     18 130
20  80  59  70   M   0   5 0.00  0.0    0  6.2 15 130   M    M   4 12     21 150
21  80  60  70   M   0   5 0.00  0.0    0  6.7 14 150   M    M   6 1      16 170
================================================================================
SM 1620 1214        29  87  0.18     0.0 200.3          M      118
================================================================================
AV 77.1 57.8                               9.5 FASTST   M    M   6    MAX(MPH)
                                 MISC ---->  # 27 350                 37    M
================================================================================
NOTES:
# LAST OF SEVERAL OCCURRENCES

COLUMN 17 PEAK WIND IN M.P.H.

PRELIMINARY LOCAL CLIMATOLOGICAL DATA (WS FORM: F-6) , PAGE 2

                                          STATION:  Bay City
                                          MONTH:    APRIL
                                          YEAR:     2014
                                          LATITUDE:   28 58 N
                                          LONGITUDE:  95 52 W

[TEMPERATURE DATA]      [PRECIPITATION DATA]       SYMBOLS USED IN COLUMN 16

AVERAGE MONTHLY: 67.5   TOTAL FOR MONTH:   0.18    1 = FOG OR MIST
DPTR FM NORMAL:     M   DPTR FM NORMAL:       M    2 = FOG REDUCING VISIBILITY
HIGHEST:    81 ON 19,13 GRTST 24HR  0.13 ON 14-14      TO 1/4 MILE OR LESS
LOWEST:     39 ON 16                               3 = THUNDER
                        SNOW, ICE PELLETS, HAIL    4 = ICE PELLETS
                        TOTAL MONTH:   0.0 INCH    5 = HAIL
                        GRTST 24HR     0.0         6 = FREEZING RAIN OR DRIZZLE
                        GRTST DEPTH:   0           7 = DUSTSTORM OR SANDSTORM:
                                                       VSBY 1/2 MILE OR LESS
                                                   8 = SMOKE OR HAZE
[NO. OF DAYS WITH]      [WEATHER - DAYS WITH]      9 = BLOWING SNOW
                                                   X = TORNADO
MAX 32 OR BELOW:   0    0.01 INCH OR MORE:   3
MAX 90 OR ABOVE:   0    0.10 INCH OR MORE:   1
MIN 32 OR BELOW:   0    0.50 INCH OR MORE:   0
MIN  0 OR BELOW:   0    1.00 INCH OR MORE:   0

[HDD (BASE 65) ]
TOTAL THIS MO.    29    CLEAR  (SCALE 0-3)   5
DPTR FM NORMAL     M    PTCLDY (SCALE 4-7)   9
TOTAL FM JUL 1  1421    CLOUDY (SCALE 8-10)  7
DPTR FM NORMAL     M

[CDD (BASE 65) ]
TOTAL THIS MO.    87
DPTR FM NORMAL     M    [PRESSURE DATA]
TOTAL FM JAN 1   190    HIGHEST SLP M ON M
DPTR FM NORMAL     M    LOWEST  SLP M ON M

[REMARKS]




U.S. Dept. of Commerce
NOAA National Weather Service
1325 East West Highway
Silver Spring, MD 20910
E-mail: w-nws.webmaster@noaa.gov
Page last modified: May 16, 2007
NATIONAL WEATHER SERVICE: for Safety, for Work, for Fun - FOR LIFE