963
CXUS54 KHGX 311415
CF6BYY
PRELIMINARY LOCAL CLIMATOLOGICAL DATA (WS FORM: F-6)

                                          STATION:   Bay City
                                          MONTH:     JANUARY
                                          YEAR:      2015
                                          LATITUDE:   28 58 N
                                          LONGITUDE:  95 52 W

  TEMPERATURE IN F:       :PCPN:    SNOW:  WIND      :SUNSHINE: SKY     :PK WND
================================================================================
1   2   3   4   5  6A  6B    7    8   9   10  11  12  13   14  15   16   17  18
                                     12Z  AVG MX 2MIN
DY MAX MIN AVG DEP HDD CDD  WTR  SNW DPTH SPD SPD DIR MIN PSBL S-S WX    SPD DR
================================================================================

 1  47  44  46   M  19   0 0.03    M    0  9.2 16  50   M    M  10 1      22  50
 2  53  47  50   M  15   0 0.16  0.0    0  4.7  9  50   M    M  10 1       M  M
 3  55  43  49   M  16   0 0.21  0.0    0  5.0 14 310   M    M   7 1      18 300
 4  55  40  48   M  17   0 0.00  0.0    0 10.8 20 340   M    M   1 1      27 340
 5  55  33  44   M  21   0 0.00  0.0    0  5.6 14 360   M    M   0        18 360
 6  65  37  51   M  14   0 0.00  0.0    0  1.5  6 200   M    M   0         M  M
 7  60  44  52   M  13   0 0.00  0.0    0  7.2 18  20   M    M   6        30  20
 8  45  30  38   M  27   0 0.00  0.0    0  5.8 12  50   M    M   3        17 350
 9  44  37  41   M  24   0 0.02  0.0    0  8.9 14  30   M    M  10 1      21  20
10  42  38  40   M  25   0 0.47    M    0 10.3 18  60   M    M  10 1      21  40
11  48  40  44   M  21   0 0.46    M    0  6.0 15  50   M    M  10 1      17  50
12  49  45  47   M  18   0 0.00  0.0    0  9.1 17 360   M    M  10 1      21  10
13  46  44  45   M  20   0 0.00  0.0    0  8.1 14  10   M    M  10 1      21 360
14  46  44  45   M  20   0 0.00  0.0    0  6.0  9  40   M    M  10 1       M  M
15  53  40  47   M  18   0 0.01  0.0    0  6.2 13 360   M    M   6 1      10 330
16  59  35  47   M  18   0 0.00  0.0    0  1.1  6 160   M    M   0         M  M
17  67  41  54   M  11   0 0.00  0.0    0  3.3 14 210   M    M   2 1      20 220
18  69  42  56   M   9   0 0.00  0.0    0  4.6 12  50   M    M   0         M  M
19  72  38  55   M  10   0 0.00  0.0    0  3.5 12 170   M    M   3 12     16 190
20  76  45  61   M   4   0 0.00  0.0    0  3.0  9 180   M    M   5 12      M  M
21  69  58  64   M   1   0 0.01  0.0    0  7.7 14  80   M    M  10 12      M  M
22  66  46  56   M   9   0 3.56    M    0 13.2 20  10   M    M  10 1      32  20
23  46  38  42   M  23   0 0.05    M    0 11.1 17 340   M    M   8 1      24 340
24  61  36  49   M  16   0 0.00  0.0    0  5.7 13 290   M    M   0        16 250
25  69  42  56   M   9   0 0.00  0.0    0  7.2 17 270   M    M   0        23 270
26  68  43  56   M   9   0 0.00  0.0    0  4.2  7 290   M    M   0         M  M
27  79  47  63   M   2   0 0.00  0.0    0  5.1 14 280   M    M   0 1      17 280
28  77  45  61   M   4   0 0.00  0.0    0  3.4 12 170   M    M   1 18      M  M
29  77  51  64   M   1   0 0.00  0.0    0  2.2  8 190   M    M   6 12      M  M
30  65  48  57   M   8   0 0.00  0.0    0  7.9 13  30   M    M   2 2      17  30
================================================================================
SM 1783 1261       422   0  4.98     0.0 187.6          M      150
================================================================================
AV 59.4 42.0                               6.3 FASTST   M    M   5    MAX(MPH)
                                 MISC ---->    20   M                 32    M
================================================================================
NOTES:
# LAST OF SEVERAL OCCURRENCES

COLUMN 17 PEAK WIND IN M.P.H.

PRELIMINARY LOCAL CLIMATOLOGICAL DATA (WS FORM: F-6) , PAGE 2

                                          STATION:  Bay City
                                          MONTH:    JANUARY
                                          YEAR:     2015
                                          LATITUDE:   28 58 N
                                          LONGITUDE:  95 52 W

[TEMPERATURE DATA]      [PRECIPITATION DATA]       SYMBOLS USED IN COLUMN 16

AVERAGE MONTHLY: 50.7   TOTAL FOR MONTH:   4.98    1 = FOG OR MIST
DPTR FM NORMAL:     M   DPTR FM NORMAL:       M    2 = FOG REDUCING VISIBILITY
HIGHEST:    79 ON 27    GRTST 24HR  3.56 ON 22-22      TO 1/4 MILE OR LESS
LOWEST:     30 ON  8                               3 = THUNDER
                        SNOW, ICE PELLETS, HAIL    4 = ICE PELLETS
                        TOTAL MONTH:   0.0 INCH    5 = HAIL
                        GRTST 24HR     0.0         6 = FREEZING RAIN OR DRIZZLE
                        GRTST DEPTH:   0           7 = DUSTSTORM OR SANDSTORM:
                                                       VSBY 1/2 MILE OR LESS
                                                   8 = SMOKE OR HAZE
[NO. OF DAYS WITH]      [WEATHER - DAYS WITH]      9 = BLOWING SNOW
                                                   X = TORNADO
MAX 32 OR BELOW:   0    0.01 INCH OR MORE:  10
MAX 90 OR ABOVE:   0    0.10 INCH OR MORE:   5
MIN 32 OR BELOW:   1    0.50 INCH OR MORE:   1
MIN  0 OR BELOW:   0    1.00 INCH OR MORE:   1

[HDD (BASE 65) ]
TOTAL THIS MO.   422    CLEAR  (SCALE 0-3)  14
DPTR FM NORMAL     M    PTCLDY (SCALE 4-7)   6
TOTAL FM JUL 1   825    CLOUDY (SCALE 8-10) 10
DPTR FM NORMAL     M

[CDD (BASE 65) ]
TOTAL THIS MO.     0
DPTR FM NORMAL     M    [PRESSURE DATA]
TOTAL FM JAN 1     0    HIGHEST SLP M ON M
DPTR FM NORMAL     M    LOWEST  SLP M ON M

[REMARKS]




U.S. Dept. of Commerce
NOAA National Weather Service
1325 East West Highway
Silver Spring, MD 20910
E-mail: w-nws.webmaster@noaa.gov
Page last modified: May 16, 2007
NATIONAL WEATHER SERVICE: for Safety, for Work, for Fun - FOR LIFE