375
CXUS54 KHGX 191415
CF6BYY
PRELIMINARY LOCAL CLIMATOLOGICAL DATA (WS FORM: F-6)

                                          STATION:   Bay City
                                          MONTH:     AUGUST
                                          YEAR:      2014
                                          LATITUDE:   28 58 N
                                          LONGITUDE:  95 52 W

  TEMPERATURE IN F:       :PCPN:    SNOW:  WIND      :SUNSHINE: SKY     :PK WND
================================================================================
1   2   3   4   5  6A  6B    7    8   9   10  11  12  13   14  15   16   17  18
                                     12Z  AVG MX 2MIN
DY MAX MIN AVG DEP HDD CDD  WTR  SNW DPTH SPD SPD DIR MIN PSBL S-S WX    SPD DR
================================================================================

 1  91  74  83   M   0  18 0.25  0.0    0  4.9 12 160   M    M   7        21 230
 2  85  73  79   M   0  14 0.00  0.0    0  5.5 10 360   M    M   5        17 350
 3  91  70  81   M   0  16 0.00  0.0    0  3.8  9  30   M    M   3 1      17  30
 4  91  75  83   M   0  18 0.00  0.0    0  3.8  9 160   M    M   5 1       M  M
 5  94  73  84   M   0  19 0.00  0.0    0  5.1 13 130   M    M   1 1      16 130
 6  95  75  85   M   0  20 0.00  0.0    0  5.0 13 170   M    M   3 1      17 190
 7  95  77  86   M   0  21 0.00  0.0    0  7.8 15 190   M    M   2 1      20 170
 8  96  78  87   M   0  22 0.00  0.0    0  7.9 15 190   M    M   3 1      22 190
 9  96  78  87   M   0  22 0.00  0.0    0  5.4 13 190   M    M   3 1      17 190
10  92  78  85   M   0  20 0.00  0.0    0  3.6  8 140   M    M   1         M  M
11  96  76  86   M   0  21 0.13  0.0    0  4.4 12 200   M    M   2 13     16 350
12  96  74  85   M   0  20 0.00  0.0    0  4.4 12 320   M    M   2        16 300
13  99  77  88   M   0  23 0.00  0.0    0  3.9  9 110   M    M   2         M  M
14  95  75  85   M   0  20 0.00  0.0    0  2.9 14 150   M    M   3 1      21 150
15  95  75  85   M   0  20 0.00  0.0    0  5.4 12 160   M    M   2 1      17 180
16  96  78  87   M   0  22 0.00  0.0    0  9.4 16 170   M    M   2        23 220
17  96  82  89   M   0  24 0.00  0.0    0 10.3 17 200   M    M   3        23 200
18  95  81  88   M   0  23 0.00  0.0    0  8.7 17 160   M    M   3        23 170
================================================================================
SM 1694 1369         0 363  0.38     0.0 102.2          M       52
================================================================================
AV 94.1 76.1                               5.7 FASTST   M    M   3    MAX(MPH)
                                 MISC ---->    17   M               # 23  220
================================================================================
NOTES:
# LAST OF SEVERAL OCCURRENCES

COLUMN 17 PEAK WIND IN M.P.H.

PRELIMINARY LOCAL CLIMATOLOGICAL DATA (WS FORM: F-6) , PAGE 2

                                          STATION:  Bay City
                                          MONTH:    AUGUST
                                          YEAR:     2014
                                          LATITUDE:   28 58 N
                                          LONGITUDE:  95 52 W

[TEMPERATURE DATA]      [PRECIPITATION DATA]       SYMBOLS USED IN COLUMN 16

AVERAGE MONTHLY: 85.1   TOTAL FOR MONTH:   0.38    1 = FOG OR MIST
DPTR FM NORMAL:     M   DPTR FM NORMAL:       M    2 = FOG REDUCING VISIBILITY
HIGHEST:    99 ON 13    GRTST 24HR  0.25 ON  1- 1      TO 1/4 MILE OR LESS
LOWEST:     70 ON  3                               3 = THUNDER
                        SNOW, ICE PELLETS, HAIL    4 = ICE PELLETS
                        TOTAL MONTH:   0.0 INCH    5 = HAIL
                        GRTST 24HR     0.0         6 = FREEZING RAIN OR DRIZZLE
                        GRTST DEPTH:   0           7 = DUSTSTORM OR SANDSTORM:
                                                       VSBY 1/2 MILE OR LESS
                                                   8 = SMOKE OR HAZE
[NO. OF DAYS WITH]      [WEATHER - DAYS WITH]      9 = BLOWING SNOW
                                                   X = TORNADO
MAX 32 OR BELOW:   0    0.01 INCH OR MORE:   2
MAX 90 OR ABOVE:  17    0.10 INCH OR MORE:   2
MIN 32 OR BELOW:   0    0.50 INCH OR MORE:   0
MIN  0 OR BELOW:   0    1.00 INCH OR MORE:   0

[HDD (BASE 65) ]
TOTAL THIS MO.     0    CLEAR  (SCALE 0-3)  15
DPTR FM NORMAL     M    PTCLDY (SCALE 4-7)   3
TOTAL FM JUL 1     0    CLOUDY (SCALE 8-10)  0
DPTR FM NORMAL     M

[CDD (BASE 65) ]
TOTAL THIS MO.   363
DPTR FM NORMAL     M    [PRESSURE DATA]
TOTAL FM JAN 1  2101    HIGHEST SLP M ON M
DPTR FM NORMAL     M    LOWEST  SLP M ON M

[REMARKS]




U.S. Dept. of Commerce
NOAA National Weather Service
1325 East West Highway
Silver Spring, MD 20910
E-mail: w-nws.webmaster@noaa.gov
Page last modified: May 16, 2007
NATIONAL WEATHER SERVICE: for Safety, for Work, for Fun - FOR LIFE