007
CXUS55 KPIH 011200
CF6BYI

PRELIMINARY LOCAL CLIMATOLOGICAL DATA (WS FORM: F-6)

                                          STATION:   BURLEY ID
                                          MONTH:     JANUARY
                                          YEAR:      2015
                                          LATITUDE:   42 32 N
                                          LONGITUDE: 113 46 W

  TEMPERATURE IN F:       :PCPN:    SNOW:  WIND      :SUNSHINE: SKY     :PK WND
================================================================================
1   2   3   4   5  6A  6B    7    8   9   10  11  12  13   14  15   16   17  18
                                     12Z  AVG MX 2MIN
DY MAX MIN AVG DEP HDD CDD  WTR  SNW DPTH SPD SPD DIR MIN PSBL S-S WX    SPD DR
================================================================================

 1  14   2   8 -18  57   0    T    M    M  3.0  9 230   M    M   7 18     12 230
 2  18  -1   9 -17  56   0 0.00    M    M  2.3  8  70   M    M   4 8      11  60
 3  23  12  18  -8  47   0 0.00    M    M  1.5  8 260   M    M   6 8      11 270
 4  38  17  28   2  37   0    T    M    M  5.5 16 220   M    M   9        20 210
 5  44  36  40  14  25   0 0.01    M    M 12.0 24 200   M    M   9        32 210
 6  46  27  37  11  28   0 0.00    M    M  3.5 12  50   M    M   0        15  60
 7  45  27  36  10  29   0 0.00    M    M  8.8 16  60   M    M   0 1      20  60
 8  34  26  30   4  35   0 0.00    M    M  2.4  8  80   M    M   9 12     11  90
 9  32  26  29   3  36   0 0.00    M    M  6.8 16  70   M    M   6 12     20  60
10  32  29  31   5  34   0 0.00    M    M  1.0  7 140   M    M  10 12      8 150
11  39  30  35   9  30   0 0.03    M    M  2.2  7  20   M    M   9 126     9  20
12  34  31  33   7  32   0 0.18    M    M  7.0 14 270   M    M  10 1      20 290
13  32  19  26   0  39   0 0.00    M    M  5.3 14 280   M    M   9 12     18 270
14  31  16  24  -3  41   0 0.00    M    M  3.3 12  70   M    M   9 1      14  80
15  35  14  25  -2  40   0 0.00    M    M  4.1 15 200   M    M   3 12     19  70
16  39  29  34   7  31   0 0.24    M    M  8.8 21 260   M    M   8 12     28 250
17  44  23  34   7  31   0 0.01    M    M  8.5 23 200   M    M   5 12     30 200
18  55  35  45  18  20   0 0.09    M    M 10.2 22 200   M    M   7 1      30 200
19  45  31  38  11  27   0 0.00    M    M 10.5 20 250   M    M   5        23 250
20  37  23  30   3  35   0 0.00    M    M  3.5 14 250   M    M   4 12     17 250
21  35  21  28   1  37   0 0.00    M    M  4.0  9  30   M    M   4        12  20
22  38  18  28   1  37   0 0.00    M    M  7.4 14  60   M    M   1 1      17  60
23  30  18  24  -3  41   0 0.00    M    M  3.6 12 260   M    M   8 1      14 260
24  41  28  35   8  30   0 0.00    M    M  2.6  8  60   M    M  10 12      9  50
25  50  25  38  11  27   0 0.00    M    M  6.6 18  50   M    M   4 1      28  30
26  49  27  38  11  27   0 0.00    M    M 13.1 20  70   M    M   5 1      24  80
27  52  33  43  15  22   0 0.05    M    M  8.0 25 210   M    M   5 1      32 200
28  48  35  42  14  23   0 0.01    M    M  8.0 15 290   M    M   7 12     20 290
29  44  34  39  11  26   0 0.00    M    M  9.2 17  90   M    M   6 1      23  80
30  40  31  36   8  29   0 0.00    M    M  4.5 12 290   M    M   6        15 290
31  43  24  34   6  31   0 0.00    M    M  7.6 18 280   M    M   5        25 290
================================================================================
SM 1187  746      1040   0  0.62    M    184.8          M      190
================================================================================
AV 38.3 24.1                               6.0 FASTST   M    M   6    MAX(MPH)
                                 MISC ---->  # 25 210               # 32  210
================================================================================
NOTES:
# LAST OF SEVERAL OCCURRENCES

COLUMN 17 PEAK WIND IN M.P.H.

PRELIMINARY LOCAL CLIMATOLOGICAL DATA (WS FORM: F-6) , PAGE 2

                                          STATION:  BURLEY ID
                                          MONTH:    JANUARY
                                          YEAR:     2015
                                          LATITUDE:   42 32 N
                                          LONGITUDE: 113 46 W

[TEMPERATURE DATA]      [PRECIPITATION DATA]       SYMBOLS USED IN COLUMN 16

AVERAGE MONTHLY: 31.2   TOTAL FOR MONTH:   0.62    1 = FOG OR MIST
DPTR FM NORMAL:   4.4   DPTR FM NORMAL:   -0.29    2 = FOG REDUCING VISIBILITY
HIGHEST:    55 ON 18    GRTST 24HR  0.24 ON 15-16      TO 1/4 MILE OR LESS
LOWEST:     -1 ON  2                               3 = THUNDER
                        SNOW, ICE PELLETS, HAIL    4 = ICE PELLETS
                        TOTAL MONTH:    M          5 = HAIL
                        GRTST 24HR    M  ON   M    6 = FREEZING RAIN OR DRIZZLE
                        GRTST DEPTH:  M  ON   M    7 = DUSTSTORM OR SANDSTORM:
                                                       VSBY 1/2 MILE OR LESS
                                                   8 = SMOKE OR HAZE
[NO. OF DAYS WITH]      [WEATHER - DAYS WITH]      9 = BLOWING SNOW
                                                   X = TORNADO
MAX 32 OR BELOW:   8    0.01 INCH OR MORE:   8
MAX 90 OR ABOVE:   0    0.10 INCH OR MORE:   2
MIN 32 OR BELOW:  26    0.50 INCH OR MORE:   0
MIN  0 OR BELOW:   1    1.00 INCH OR MORE:   0

[HDD (BASE 65) ]
TOTAL THIS MO.  1040    CLEAR  (SCALE 0-3)   3
DPTR FM NORMAL  -146    PTCLDY (SCALE 4-7)  18
TOTAL FM JUL 1  3298    CLOUDY (SCALE 8-10) 10
DPTR FM NORMAL  -768

[CDD (BASE 65) ]
TOTAL THIS MO.     0
DPTR FM NORMAL     0    [PRESSURE DATA]
TOTAL FM JAN 1     0    HIGHEST SLP 30.67 ON 23
DPTR FM NORMAL     0    LOWEST  SLP 30.06 ON 27

[REMARKS]




U.S. Dept. of Commerce
NOAA National Weather Service
1325 East West Highway
Silver Spring, MD 20910
E-mail: w-nws.webmaster@noaa.gov
Page last modified: May 16, 2007
NATIONAL WEATHER SERVICE: for Safety, for Work, for Fun - FOR LIFE