990
CXUS55 KPIH 271200
CF6BYI

PRELIMINARY LOCAL CLIMATOLOGICAL DATA (WS FORM: F-6)

                                          STATION:   BURLEY ID
                                          MONTH:     NOVEMBER
                                          YEAR:      2014
                                          LATITUDE:   42 32 N
                                          LONGITUDE: 113 46 W

  TEMPERATURE IN F:       :PCPN:    SNOW:  WIND      :SUNSHINE: SKY     :PK WND
================================================================================
1   2   3   4   5  6A  6B    7    8   9   10  11  12  13   14  15   16   17  18
                                     12Z  AVG MX 2MIN
DY MAX MIN AVG DEP HDD CDD  WTR  SNW DPTH SPD SPD DIR MIN PSBL S-S WX    SPD DR
================================================================================

 1  69  41  55  13  10   0 0.01    M    M 12.6 38 210   M    M   4        47 210
 2  42  34  38  -4  27   0 0.06    M    M 15.8 23 250   M    M  10        32 250
 3  48  27  38  -3  27   0 0.00    M    M  7.3 17 250   M    M   3        25 230
 4  57  32  45   4  20   0    T    M    M  8.1 18 180   M    M   6        29 220
 5  60  34  47   7  18   0 0.00    M    M  4.3 13 230   M    M   2        17 230
 6  66  34  50  10  15   0 0.00    M    M 11.1 22 200   M    M   0        28 200
 7  58  29  44   5  21   0 0.00    M    M 10.7 25 250   M    M   1        29 260
 8  60  23  42   3  23   0 0.00    M    M  1.9  7 250   M    M   1 12      9 250
 9  71  27  49  11  16   0 0.00    M    M  7.0 25 270   M    M   1        37 280
10  46  27  37  -1  28   0    T    M    M 18.3 28 250   M    M   1        39 280
11  30  12  21 -17  44   0    T    M    M 14.0 25  80   M    M   3        32  70
12  29   7  18 -19  47   0 0.00    M    M 12.9 23  80   M    M   0        30  80
13  25  12  19 -18  46   0 0.05    M    M 11.7 23  60   M    M   8 16     28  60
14  42  25  34  -2  31   0 0.47    M    M  9.9 24 270   M    M  10 16     31 270
15  27  17  22 -14  43   0    T    M    M  8.1 24 250   M    M   9        31 270
16  27  13  20 -15  45   0    T    M    M  4.3 14 260   M    M   3        17 250
17  29  10  20 -15  45   0 0.00    M    M  6.5 14  60   M    M   0        17  70
18  36  10  23 -11  42   0 0.00    M    M  5.4 15  50   M    M   0 18     18  40
19  42  15  29  -5  36   0 0.00    M    M  2.6  8  80   M    M   1 1      10  40
20  45  24  35   1  30   0 0.00    M    M  1.8  6  10   M    M   5 128     7 280
21  47  19  33   0  32   0 0.00    M    M  2.5 13 210   M    M   2 18     16 210
22  45  34  40   7  25   0 0.46    M    M 17.9 31 220   M    M   8 13     40 200
23  41  29  35   3  30   0    T    M    M 18.6 29 270   M    M   2        45 280
24  42  31  37   5  28   0 0.00    M    M 13.4 24 260   M    M   1        33 280
25  52  38  45  13  20   0    T    M    M 15.6 28 260   M    M   9        38 260
26  58  36  47  16  18   0 0.00    M    M 10.6 20 200   M    M   1        25 200
================================================================================
SM 1194  640       767   0  1.05    M    252.9          M       91
================================================================================
AV 45.9 24.6                               9.7 FASTST   M    M   4    MAX(MPH)
                                 MISC ---->  # 38 210               # 47  210
================================================================================
NOTES:
# LAST OF SEVERAL OCCURRENCES

COLUMN 17 PEAK WIND IN M.P.H.

PRELIMINARY LOCAL CLIMATOLOGICAL DATA (WS FORM: F-6) , PAGE 2

                                          STATION:  BURLEY ID
                                          MONTH:    NOVEMBER
                                          YEAR:     2014
                                          LATITUDE:   42 32 N
                                          LONGITUDE: 113 46 W

[TEMPERATURE DATA]      [PRECIPITATION DATA]       SYMBOLS USED IN COLUMN 16

AVERAGE MONTHLY: 35.3   TOTAL FOR MONTH:   1.05    1 = FOG OR MIST
DPTR FM NORMAL:  -1.2   DPTR FM NORMAL:    0.25    2 = FOG REDUCING VISIBILITY
HIGHEST:    71 ON  9    GRTST 24HR  0.51 ON 13-14      TO 1/4 MILE OR LESS
LOWEST:      7 ON 12                               3 = THUNDER
                        SNOW, ICE PELLETS, HAIL    4 = ICE PELLETS
                        TOTAL MONTH:    M          5 = HAIL
                        GRTST 24HR    M  ON   M    6 = FREEZING RAIN OR DRIZZLE
                        GRTST DEPTH:  M  ON   M    7 = DUSTSTORM OR SANDSTORM:
                                                       VSBY 1/2 MILE OR LESS
                                                   8 = SMOKE OR HAZE
[NO. OF DAYS WITH]      [WEATHER - DAYS WITH]      9 = BLOWING SNOW
                                                   X = TORNADO
MAX 32 OR BELOW:   6    0.01 INCH OR MORE:   5
MAX 90 OR ABOVE:   0    0.10 INCH OR MORE:   2
MIN 32 OR BELOW:  19    0.50 INCH OR MORE:   0
MIN  0 OR BELOW:   0    1.00 INCH OR MORE:   0

[HDD (BASE 65) ]
TOTAL THIS MO.   767    CLEAR  (SCALE 0-3)  15
DPTR FM NORMAL    26    PTCLDY (SCALE 4-7)   6
TOTAL FM JUL 1  1300    CLOUDY (SCALE 8-10)  5
DPTR FM NORMAL  -249

[CDD (BASE 65) ]
TOTAL THIS MO.     0
DPTR FM NORMAL     0    [PRESSURE DATA]
TOTAL FM JAN 1   428    HIGHEST SLP M ON M
DPTR FM NORMAL    63    LOWEST  SLP 29.42 ON  1

[REMARKS]




U.S. Dept. of Commerce
NOAA National Weather Service
1325 East West Highway
Silver Spring, MD 20910
E-mail: w-nws.webmaster@noaa.gov
Page last modified: May 16, 2007
NATIONAL WEATHER SERVICE: for Safety, for Work, for Fun - FOR LIFE