863
CXUS55 KPIH 281200
CF6BYI

PRELIMINARY LOCAL CLIMATOLOGICAL DATA (WS FORM: F-6)

                                          STATION:   BURLEY ID
                                          MONTH:     AUGUST
                                          YEAR:      2014
                                          LATITUDE:   42 32 N
                                          LONGITUDE: 113 46 W

  TEMPERATURE IN F:       :PCPN:    SNOW:  WIND      :SUNSHINE: SKY     :PK WND
================================================================================
1   2   3   4   5  6A  6B    7    8   9   10  11  12  13   14  15   16   17  18
                                     12Z  AVG MX 2MIN
DY MAX MIN AVG DEP HDD CDD  WTR  SNW DPTH SPD SPD DIR MIN PSBL S-S WX    SPD DR
================================================================================

 1  91  55  73   2   0   8 0.00    M    M  3.6 15  80   M    M   0        18  90
 2  92  60  76   5   0  11 0.00    M    M  5.9 16  80   M    M   0        20  90
 3  96  54  75   5   0  10    T    M    M  7.7 18  50   M    M   1        34  40
 4  77  62  70   0   0   5 0.05    M    M 10.1 18  80   M    M   8        25 120
 5  71  61  66  -4   0   1 0.35    M    M  3.2 13 220   M    M   9 1      15 220
 6  69  59  64  -6   1   0 0.48    M    M  5.8 21 260   M    M   9 18     27 270
 7  76  53  65  -5   0   0 0.00    M    M  3.6 13 290   M    M   2 1      17 290
 8  84  53  69  -1   0   4 0.00    M    M  5.0 17 220   M    M   0 1      23 220
 9  85  54  70   0   0   5 0.00    M    M  4.6 13 180   M    M   0        16 170
10  91  54  73   3   0   8 0.00    M    M  5.6 15 190   M    M   0        18  60
11  94  54  74   4   0   9    T    M    M  3.7 20 210   M    M   0 3      27 180
12  90  60  75   6   0  10    M    M    M  6.4 31 240   M    M   2 3      45 240
13  85  59  72   3   0   7 0.51    M    M  5.4 20 280   M    M   4 13     26 280
14  83  58  71   2   0   6 0.01    M    M   M   M   M   M    M   1         M  M
15  83  57  70   1   0   5 0.00    M    M   M   M   M   M    M   0         M  M
16  85  53  69   1   0   4 0.00    M    M   M   M   M   M    M   0         M  M
17  89  53  71   3   0   6 0.00    M    M   M   M   M   M    M   0         M  M
18  87  56  72   4   0   7    T    M    M  3.8 18 290   M    M   0        23 280
19  86  59  73   5   0   8    T    M    M  9.1 23 200   M    M   1        29 180
20  83  53  68   0   0   3 0.13    M    M  4.8 26 210   M    M   1 3      33 290
21  77  57  67   0   0   2 0.33    M    M  5.7 25 220   M    M   3 13     30 220
22  72  50  61  -6   4   0 0.79    M    M  8.2 23 260   M    M   5 13     33 280
23  69  44  57 -10   8   0    T    M    M  9.1 20 250   M    M   4        24 280
24  73  50  62  -4   3   0 0.00    M    M  5.2 12 260   M    M   1        16  70
25  69  52  61  -5   4   0 0.06    M    M  7.6 23 190   M    M   6 3      32 190
26  78  48  63  -3   2   0 0.00    M    M  4.2 15 190   M    M   1        19 200
27  79  50  65  -1   0   0 0.00    M    M  4.6 12 200   M    M   0        17 240
================================================================================
SM 2214 1478        22 119  2.71    M    132.9          M       58
================================================================================
AV 82.0 54.7                               5.8 FASTST   M    M   2    MAX(MPH)
                                 MISC ---->  # 31 240               # 45  240
================================================================================
NOTES:
# LAST OF SEVERAL OCCURRENCES

COLUMN 17 PEAK WIND IN M.P.H.

PRELIMINARY LOCAL CLIMATOLOGICAL DATA (WS FORM: F-6) , PAGE 2

                                          STATION:  BURLEY ID
                                          MONTH:    AUGUST
                                          YEAR:     2014
                                          LATITUDE:   42 32 N
                                          LONGITUDE: 113 46 W

[TEMPERATURE DATA]      [PRECIPITATION DATA]       SYMBOLS USED IN COLUMN 16

AVERAGE MONTHLY: 68.4   TOTAL FOR MONTH:   2.71    1 = FOG OR MIST
DPTR FM NORMAL:  -0.3   DPTR FM NORMAL:    2.37    2 = FOG REDUCING VISIBILITY
HIGHEST:    96 ON  3    GRTST 24HR  0.81 ON 21-22      TO 1/4 MILE OR LESS
LOWEST:     44 ON 23                               3 = THUNDER
                        SNOW, ICE PELLETS, HAIL    4 = ICE PELLETS
                        TOTAL MONTH:    M          5 = HAIL
                        GRTST 24HR    M  ON   M    6 = FREEZING RAIN OR DRIZZLE
                        GRTST DEPTH:  M  ON   M    7 = DUSTSTORM OR SANDSTORM:
                                                       VSBY 1/2 MILE OR LESS
                                                   8 = SMOKE OR HAZE
[NO. OF DAYS WITH]      [WEATHER - DAYS WITH]      9 = BLOWING SNOW
                                                   X = TORNADO
MAX 32 OR BELOW:   0    0.01 INCH OR MORE:   9
MAX 90 OR ABOVE:   6    0.10 INCH OR MORE:   6
MIN 32 OR BELOW:   0    0.50 INCH OR MORE:   2
MIN  0 OR BELOW:   0    1.00 INCH OR MORE:   0

[HDD (BASE 65) ]
TOTAL THIS MO.    22    CLEAR  (SCALE 0-3)  19
DPTR FM NORMAL    -2    PTCLDY (SCALE 4-7)   6
TOTAL FM JUL 1    25    CLOUDY (SCALE 8-10)  2
DPTR FM NORMAL   -21

[CDD (BASE 65) ]
TOTAL THIS MO.   119
DPTR FM NORMAL    -4    [PRESSURE DATA]
TOTAL FM JAN 1   391    HIGHEST SLP M ON M
DPTR FM NORMAL    55    LOWEST  SLP 29.68 ON 19

[REMARKS]




U.S. Dept. of Commerce
NOAA National Weather Service
1325 East West Highway
Silver Spring, MD 20910
E-mail: w-nws.webmaster@noaa.gov
Page last modified: May 16, 2007
NATIONAL WEATHER SERVICE: for Safety, for Work, for Fun - FOR LIFE