478
CXUS55 KRIW 010901
CF6BYG
PRELIMINARY LOCAL CLIMATOLOGICAL DATA (WS FORM: F-6)

                                          STATION:   BUFFALO WY
                                          MONTH:     NOVEMBER
                                          YEAR:      2014
                                          LATITUDE:   44 22 N
                                          LONGITUDE: 106 43 W

  TEMPERATURE IN F:       :PCPN:    SNOW:  WIND      :SUNSHINE: SKY     :PK WND
================================================================================
1   2   3   4   5  6A  6B    7    8   9   10  11  12  13   14  15   16   17  18
                                     12Z  AVG MX 2MIN
DY MAX MIN AVG DEP HDD CDD  WTR  SNW DPTH SPD SPD DIR MIN PSBL S-S WX    SPD DR
================================================================================

 1  73  49  61  20   4   0 0.00  0.0    0 10.3 29 210   M    M   0        40 200
 2  60  35  48   8  17   0 0.00  0.0    0 10.6 24 320   M    M   1        34 320
 3  48  30  39  -1  26   0 0.00  0.0    0 10.2 23 350   M    M   1        35 350
 4  58  29  44   4  21   0 0.00  0.0    0  5.9 28 300   M    M   1        35 310
 5  53  35  44   5  21   0 0.00  0.0    0 10.0 29 340   M    M   3        39 340
 6  64  34  49  10  16   0 0.00  0.0    0  6.2 13 290   M    M   0        14 290
 7  62  34  48  10  17   0    T    M    0 16.8 49 340   M    M   3 8      58 340
 8  63  31  47   9  18   0 0.00    M    M  4.6 12 210   M    M   0        14 330
 9  65  32  49  12  16   0 0.04    M    M 11.1 30 350   M    M   3 18     42 240
10  32   8  20 -17  45   0 0.01    M    M 26.6 45 350   M    M  10 128    59 340
11   9  -5   2 -34  63   0    T    M    M 16.8 29 340   M    M   8 18     37 330
12   7 -11  -2 -38  67   0    T    M    M  4.5 14 340   M    M   4 8      21 340
13  11 -13  -1 -36  66   0 0.00  0.0    M  2.8  9 160   M    M   0        11 160
14  13   0   7 -28  58   0 0.07    M    M  9.5 23 340   M    M   8 18     27 330
15   8  -5   2 -32  63   0    T    M    M 12.8 32 350   M    M   6 189    38 330
16  27  -1  13 -21  52   0 0.01    M    M 21.7 47 330   M    M   3 89     61 320
17  26   4  15 -18  50   0    T    M    M  6.4 21 340   M    M   3 18     31 350
18  42  13  28  -5  37   0 0.00  0.0    M 15.2 36 330   M    M   0        45 310
19  34  20  27  -5  38   0 0.00  0.0    M  4.8 22 330   M    M   0        27 330
20  47  22  35   3  30   0 0.00  0.0    M  4.2 12 200   M    M   1        15 200
21  49  27  38   7  27   0 0.00  0.0    M  6.1 15 300   M    M   0 8      17 310
22  54  27  41  10  24   0    T    M    M 14.4 40 340   M    M   1 1      55 340
23  38  26  32   2  33   0    T    M    M 18.4 36 330   M    M   2        47 340
24  37  22  30   0  35   0    T    M    M 17.9 46 320   M    M   5 1      54 320
25  36  25  31   1  34   0 0.08    M    M 14.2 40 350   M    M   8 12     49 350
26  28  19  24  -5  41   0 0.07    M    M  7.2 17 150   M    M   8 1      27 330
27  56  20  38   9  27   0 0.00  0.0    M  5.3 17 240   M    M   2        23 230
28  61  46  54  26  11   0 0.00  0.0    M 13.5 44 250   M    M   0        62 260
29  56   3  30   2  35   0 0.02    M    M 22.0 49 240   M    M   5 128    65 250
30  14  -8   3 -25  62   0 0.04    M    M  6.9 21 360   M    M   3 8      26 330
================================================================================
SM 1231  548      1054   0  0.34     0.0 336.9          M       89
================================================================================
AV 41.0 18.3                              11.2 FASTST   M    M   3    MAX(MPH)
                                 MISC ---->  # 49 340               # 65  250
================================================================================
NOTES:
# LAST OF SEVERAL OCCURRENCES

COLUMN 17 PEAK WIND IN M.P.H.

PRELIMINARY LOCAL CLIMATOLOGICAL DATA (WS FORM: F-6) , PAGE 2

                                          STATION:  BUFFALO WY
                                          MONTH:    NOVEMBER
                                          YEAR:     2014
                                          LATITUDE:   44 22 N
                                          LONGITUDE: 106 43 W

[TEMPERATURE DATA]      [PRECIPITATION DATA]       SYMBOLS USED IN COLUMN 16

AVERAGE MONTHLY: 29.6   TOTAL FOR MONTH:   0.34    1 = FOG OR MIST
DPTR FM NORMAL:  -4.4   DPTR FM NORMAL:   -0.20    2 = FOG REDUCING VISIBILITY
HIGHEST:    73 ON  1    GRTST 24HR  0.13 ON 25-26      TO 1/4 MILE OR LESS
LOWEST:    -13 ON 13                               3 = THUNDER
                        SNOW, ICE PELLETS, HAIL    4 = ICE PELLETS
                        TOTAL MONTH:   0.0 INCH    5 = HAIL
                        GRTST 24HR     0.0         6 = FREEZING RAIN OR DRIZZLE
                        GRTST DEPTH:   0           7 = DUSTSTORM OR SANDSTORM:
                                                       VSBY 1/2 MILE OR LESS
                                                   8 = SMOKE OR HAZE
[NO. OF DAYS WITH]      [WEATHER - DAYS WITH]      9 = BLOWING SNOW
                                                   X = TORNADO
MAX 32 OR BELOW:  10    0.01 INCH OR MORE:   8
MAX 90 OR ABOVE:   0    0.10 INCH OR MORE:   0
MIN 32 OR BELOW:  24    0.50 INCH OR MORE:   0
MIN  0 OR BELOW:   7    1.00 INCH OR MORE:   0

[HDD (BASE 65) ]
TOTAL THIS MO.  1054    CLEAR  (SCALE 0-3)  19
DPTR FM NORMAL   126    PTCLDY (SCALE 4-7)   7
TOTAL FM JUL 1  1756    CLOUDY (SCALE 8-10)  4
DPTR FM NORMAL   -78

[CDD (BASE 65) ]
TOTAL THIS MO.     0
DPTR FM NORMAL     0    [PRESSURE DATA]
TOTAL FM JAN 1   387    HIGHEST SLP 30.10 ON 25
DPTR FM NORMAL  -105    LOWEST  SLP 29.36 ON 10

[REMARKS]
#FINAL-11-14#




U.S. Dept. of Commerce
NOAA National Weather Service
1325 East West Highway
Silver Spring, MD 20910
E-mail: w-nws.webmaster@noaa.gov
Page last modified: May 16, 2007
NATIONAL WEATHER SERVICE: for Safety, for Work, for Fun - FOR LIFE