943
CXUS55 KRIW 300901
CF6BYG
PRELIMINARY LOCAL CLIMATOLOGICAL DATA (WS FORM: F-6)

                                          STATION:   BUFFALO WY
                                          MONTH:     SEPTEMBER
                                          YEAR:      2014
                                          LATITUDE:   44 22 N
                                          LONGITUDE: 106 43 W

  TEMPERATURE IN F:       :PCPN:    SNOW:  WIND      :SUNSHINE: SKY     :PK WND
================================================================================
1   2   3   4   5  6A  6B    7    8   9   10  11  12  13   14  15   16   17  18
                                     12Z  AVG MX 2MIN
DY MAX MIN AVG DEP HDD CDD  WTR  SNW DPTH SPD SPD DIR MIN PSBL S-S WX    SPD DR
================================================================================

 1  63  47  55 -10  10   0 0.06  0.0    0  7.2 22 340   M    M   3 13     28 330
 2  79  43  61  -4   4   0 0.00  0.0    0  5.6 13 260   M    M   0        13 260
 3  87  51  69   5   0   4    T  0.0    0 16.6 37 340   M    M   0        49 340
 4  59  43  51 -13  14   0    T  0.0    0 13.6 32 360   M    M   4        44 350
 5  70  40  55  -8  10   0 0.00  0.0    0  4.0 13 140   M    M   1        17 120
 6  78  45  62  -1   3   0 0.00  0.0    0  5.1 10 250   M    M   0        13  50
 7  84  50  67   5   0   2 0.00  0.0    0  8.1 25 240   M    M   0        32 250
 8  86  56  71   9   0   6 0.00  0.0    0  9.2 24 280   M    M   0        32 290
 9  71  43  57  -5   8   0 0.08    M    M 16.8 30 360   M    M   6 1      39 340
10  47  32  40 -21  25   0 0.67    M    M  7.3 16  10   M    M  10 12     23 360
11  32  21  27 -33  38   0    M    M    M  5.6 12  20   M    M   9 1      14 330
12  46  19  33 -27  32   0 0.00  0.0    0  7.1 14 170   M    M   1 1      17 170
13  55  36  46 -14  19   0 0.00  0.0    0  9.7 25 330   M    M   0        38 340
14  60  36  48 -11  17   0 0.00  0.0    0  8.7 21  10   M    M   0        25 350
15  75  40  58   0   7   0 0.00  0.0    0  5.7 13 140   M    M   0        17 150
16  82  52  67   9   0   2 0.00  0.0    0  7.3 14  20   M    M   0        18  20
17  83  57  70  13   0   5 0.02  0.0    0  6.1 20 320   M    M   2 3      29 320
18  87  57  72  15   0   7    T  0.0    0  9.6 30 340   M    M   0        41 330
19  76  54  65   9   0   0 0.01  0.0    0  9.3 20 320   M    M   3        28 330
20  70  49  60   4   5   0 0.00  0.0    0 11.5 25 350   M    M   1        37 350
21  75  44  60   5   5   0 0.00  0.0    0 10.9 23 150   M    M   0        28 140
22  76  53  65  10   0   0    T  0.0    0  8.6 20 320   M    M   3 3      25 180
23  79  53  66  12   0   1 0.00  0.0    0  9.3 23 360   M    M   1        27 360
24  86  55  71  17   0   6 0.00  0.0    0  6.9 14 140   M    M   0        18 130
25  93  55  74  20   0   9 0.00  0.0    0  8.3 22 170   M    M   0        28 190
26  90  58  74  21   0   9 0.00  0.0    0  8.5 20 310   M    M   0 8      28 330
27  68  52  60   7   5   0 0.00  0.0    0 18.5 31 350   M    M   4        38 350
28  52  45  49  -3  16   0 0.08  0.0    0  9.0 21 350   M    M  10 1      29 330
29  65  45  55   3  10   0 0.16  0.0    0  8.8 22 170   M    M   5 12     28 170
================================================================================
SM 2074 1331       228  51  1.08     0.0 262.9          M       63
================================================================================
AV 71.5 45.9                               9.1 FASTST   M    M   2    MAX(MPH)
                                 MISC ---->  # 37 340               # 49  340
================================================================================
NOTES:
# LAST OF SEVERAL OCCURRENCES

COLUMN 17 PEAK WIND IN M.P.H.

PRELIMINARY LOCAL CLIMATOLOGICAL DATA (WS FORM: F-6) , PAGE 2

                                          STATION:  BUFFALO WY
                                          MONTH:    SEPTEMBER
                                          YEAR:     2014
                                          LATITUDE:   44 22 N
                                          LONGITUDE: 106 43 W

[TEMPERATURE DATA]      [PRECIPITATION DATA]       SYMBOLS USED IN COLUMN 16

AVERAGE MONTHLY: 58.7   TOTAL FOR MONTH:   1.08    1 = FOG OR MIST
DPTR FM NORMAL:   0.3   DPTR FM NORMAL:   -0.17    2 = FOG REDUCING VISIBILITY
HIGHEST:    93 ON 25    GRTST 24HR  0.67 ON 10-10      TO 1/4 MILE OR LESS
LOWEST:     19 ON 12                               3 = THUNDER
                        SNOW, ICE PELLETS, HAIL    4 = ICE PELLETS
                        TOTAL MONTH:   0.0 INCH    5 = HAIL
                        GRTST 24HR     0.0         6 = FREEZING RAIN OR DRIZZLE
                        GRTST DEPTH:   0           7 = DUSTSTORM OR SANDSTORM:
                                                       VSBY 1/2 MILE OR LESS
                                                   8 = SMOKE OR HAZE
[NO. OF DAYS WITH]      [WEATHER - DAYS WITH]      9 = BLOWING SNOW
                                                   X = TORNADO
MAX 32 OR BELOW:   1    0.01 INCH OR MORE:   7
MAX 90 OR ABOVE:   2    0.10 INCH OR MORE:   2
MIN 32 OR BELOW:   3    0.50 INCH OR MORE:   1
MIN  0 OR BELOW:   0    1.00 INCH OR MORE:   0

[HDD (BASE 65) ]
TOTAL THIS MO.   228    CLEAR  (SCALE 0-3)  21
DPTR FM NORMAL    -7    PTCLDY (SCALE 4-7)   5
TOTAL FM JUL 1   287    CLOUDY (SCALE 8-10)  3
DPTR FM NORMAL   -13

[CDD (BASE 65) ]
TOTAL THIS MO.    51
DPTR FM NORMAL     7    [PRESSURE DATA]
TOTAL FM JAN 1   385    HIGHEST SLP M ON M
DPTR FM NORMAL  -105    LOWEST  SLP 29.70 ON  3

[REMARKS]




U.S. Dept. of Commerce
NOAA National Weather Service
1325 East West Highway
Silver Spring, MD 20910
E-mail: w-nws.webmaster@noaa.gov
Page last modified: May 16, 2007
NATIONAL WEATHER SERVICE: for Safety, for Work, for Fun - FOR LIFE