452
CXUS55 KRIW 280901
CF6BYG
PRELIMINARY LOCAL CLIMATOLOGICAL DATA (WS FORM: F-6)

                                          STATION:   BUFFALO WY
                                          MONTH:     JULY
                                          YEAR:      2014
                                          LATITUDE:   44 22 N
                                          LONGITUDE: 106 43 W

  TEMPERATURE IN F:       :PCPN:    SNOW:  WIND      :SUNSHINE: SKY     :PK WND
================================================================================
1   2   3   4   5  6A  6B    7    8   9   10  11  12  13   14  15   16   17  18
                                     12Z  AVG MX 2MIN
DY MAX MIN AVG DEP HDD CDD  WTR  SNW DPTH SPD SPD DIR MIN PSBL S-S WX    SPD DR
================================================================================

 1  68  51  60  -7   5   0 0.00  0.0    0 14.7 28 350   M    M   3        41 330
 2  78  46  62  -6   3   0 0.00  0.0    0  7.0 16 150   M    M   0        20 160
 3  88  51  70   2   0   5 0.13  0.0    0  8.1 37 350   M    M   0 38     46 320
 4  88  58  73   5   0   8 0.00  0.0    0  6.9 22 330   M    M   0 3      28 320
 5  93  62  78   9   0  13 0.00  0.0    0  7.5 15 350   M    M   0        21 340
 6  87  59  73   4   0   8 0.00  0.0    0  6.5 14 330   M    M   0 3      18 340
 7  79  54  67  -2   0   2    T  0.0    0 17.4 41 350   M    M   2        54 350
 8  80  51  66  -4   0   1 0.00  0.0    0  4.0 12 170   M    M   0        14 130
 9  88  54  71   1   0   6    T  0.0    0  8.0 21 320   M    M   1 3      27 300
10  84  60  72   2   0   7 0.20  0.0    0  6.2 20 350   M    M   2 38     28 330
11  81  63  72   2   0   7 0.00  0.0    0 10.7 24 190   M    M   1 3      30  10
12  80  59  70  -1   0   5 0.00  0.0    0 11.0 23 360   M    M   3        29  10
13  85  58  72   1   0   7 0.00  0.0    0 10.7 24 350   M    M   0 38     30 340
14  76  53  65  -6   0   0 0.00  0.0    0  6.6 15  30   M    M   0        19 360
15  79  52  66  -5   0   1 0.56  0.0    0  9.0 18 310   M    M   4 13     23 350
16  70  54  62  -9   3   0 0.03  0.0    0  6.7 17 360   M    M   7 1      25 350
17  83  53  68  -4   0   3 0.00  0.0    0  4.6 12 290   M    M   0        16 320
18  84  62  73   1   0   8 0.00  0.0    0  9.6 28 320   M    M   0 8      39 320
19  88  58  73   1   0   8 0.00  0.0    0  5.9 14 330   M    M   0 8      17 330
20  90  62  76   4   0  11 0.00  0.0    0  7.4 15 360   M    M   0        19 340
21  91  60  76   4   0  11 0.02  0.0    0  9.8 32 350   M    M   2 3      44 350
22  95  60  78   6   0  13 0.00  0.0    0 10.9 29 330   M    M   0        39 340
23 100  60  80   8   0  15 0.00  0.0    0 10.4 23 170   M    M   0        28 160
24 100  63  82  10   0  17 0.00  0.0    0 17.1 36 340   M    M   0        48 350
25  91  52  72   0   0   7 0.00  0.0    0 10.6 23 140   M    M   0        27 140
26  81  54  68  -4   0   3 0.00  0.0    0  9.2 18 350   M    M   0        23 340
27  85  53  69  -3   0   4 0.00  0.0    0  6.4 13  50   M    M   0        20 110
================================================================================
SM 2292 1522        11 170  0.94     0.0 242.9          M       25
================================================================================
AV 84.9 56.4                               9.0 FASTST   M    M   1    MAX(MPH)
                                 MISC ---->  # 41 350               # 54  350
================================================================================
NOTES:
# LAST OF SEVERAL OCCURRENCES

COLUMN 17 PEAK WIND IN M.P.H.

PRELIMINARY LOCAL CLIMATOLOGICAL DATA (WS FORM: F-6) , PAGE 2

                                          STATION:  BUFFALO WY
                                          MONTH:    JULY
                                          YEAR:     2014
                                          LATITUDE:   44 22 N
                                          LONGITUDE: 106 43 W

[TEMPERATURE DATA]      [PRECIPITATION DATA]       SYMBOLS USED IN COLUMN 16

AVERAGE MONTHLY: 70.6   TOTAL FOR MONTH:   0.94    1 = FOG OR MIST
DPTR FM NORMAL:   0.1   DPTR FM NORMAL:   -0.50    2 = FOG REDUCING VISIBILITY
HIGHEST:   100 ON 24,23 GRTST 24HR  0.59 ON 15-16      TO 1/4 MILE OR LESS
LOWEST:     46 ON  2                               3 = THUNDER
                        SNOW, ICE PELLETS, HAIL    4 = ICE PELLETS
                        TOTAL MONTH:   0.0 INCH    5 = HAIL
                        GRTST 24HR     0.0         6 = FREEZING RAIN OR DRIZZLE
                        GRTST DEPTH:   0           7 = DUSTSTORM OR SANDSTORM:
                                                       VSBY 1/2 MILE OR LESS
                                                   8 = SMOKE OR HAZE
[NO. OF DAYS WITH]      [WEATHER - DAYS WITH]      9 = BLOWING SNOW
                                                   X = TORNADO
MAX 32 OR BELOW:   0    0.01 INCH OR MORE:   5
MAX 90 OR ABOVE:   7    0.10 INCH OR MORE:   3
MIN 32 OR BELOW:   0    0.50 INCH OR MORE:   1
MIN  0 OR BELOW:   0    1.00 INCH OR MORE:   0

[HDD (BASE 65) ]
TOTAL THIS MO.    11    CLEAR  (SCALE 0-3)  24
DPTR FM NORMAL   -19    PTCLDY (SCALE 4-7)   3
TOTAL FM JUL 1    11    CLOUDY (SCALE 8-10)  0
DPTR FM NORMAL   -19

[CDD (BASE 65) ]
TOTAL THIS MO.   170
DPTR FM NORMAL    -4    [PRESSURE DATA]
TOTAL FM JAN 1   186    HIGHEST SLP M ON M
DPTR FM NORMAL   -46    LOWEST  SLP 29.78 ON  9

[REMARKS]




U.S. Dept. of Commerce
NOAA National Weather Service
1325 East West Highway
Silver Spring, MD 20910
E-mail: w-nws.webmaster@noaa.gov
Page last modified: May 16, 2007
NATIONAL WEATHER SERVICE: for Safety, for Work, for Fun - FOR LIFE