217
CXUS55 KRIW 300901
CF6BYG
PRELIMINARY LOCAL CLIMATOLOGICAL DATA (WS FORM: F-6)

                                          STATION:   BUFFALO WY
                                          MONTH:     JANUARY
                                          YEAR:      2015
                                          LATITUDE:   44 22 N
                                          LONGITUDE: 106 43 W

  TEMPERATURE IN F:       :PCPN:    SNOW:  WIND      :SUNSHINE: SKY     :PK WND
================================================================================
1   2   3   4   5  6A  6B    7    8   9   10  11  12  13   14  15   16   17  18
                                     12Z  AVG MX 2MIN
DY MAX MIN AVG DEP HDD CDD  WTR  SNW DPTH SPD SPD DIR MIN PSBL S-S WX    SPD DR
================================================================================

 1  35  16  26  -1  39   0 0.00  0.0    M  5.0 10 260   M    M   6        12 220
 2  40  18  29   2  36   0    T    M    M  4.4 20 340   M    M   4 1      26 340
 3  32  -4  14 -13  51   0    T    M    M 16.9 47 360   M    M   7 1289   56 360
 4  14  -3   6 -21  59   0    T    M    M  6.8 16 180   M    M   6 18     21 180
 5  41   4  23  -4  42   0    T    M    M  8.9 32 350   M    M   8 1      42 350
 6  35   5  20  -8  45   0    T    M    M 10.6 32 350   M    M   6 1      36 350
 7  54   4  29   1  36   0 0.01    M    M 12.7 29 160   M    M   5 1      39 320
 8  54   2  28   0  37   0    T    M    M 25.9 45 350   M    M   6 129    59 350
 9  35  -3  16 -12  49   0 0.00  0.0    M  5.5 20 160   M    M   0        21 160
10  41  23  32   4  33   0 0.00  0.0    M  4.4 13 250   M    M   0        13 240
11  38  13  26  -2  39   0 0.03    M    M  8.7 24 350   M    M  10 1      34 350
12  22  10  16 -12  49   0 0.00  0.0    M 10.4 22 150   M    M   5 12     27 140
13  30  14  22  -6  43   0 0.00  0.0    M  6.7 15 360   M    M   1        23 350
14  41  13  27  -1  38   0 0.00  0.0    M  5.5 12 260   M    M   0        13 270
15  43  27  35   7  30   0 0.00  0.0    M  7.1 14 250   M    M   0        18 170
16  48  30  39  11  26   0 0.00  0.0    M  6.9 25 340   M    M   4        36 340
17  40  25  33   5  32   0 0.00  0.0    M 10.8 32 330   M    M   1        42 340
18  49  31  40  12  25   0    T    M    M  6.0 18 330   M    M   5        26 330
19  41  26  34   6  31   0 0.00  0.0    M  7.2 24 280   M    M   4        34 350
20  33  19  26  -2  39   0    T    M    M 11.6 33 330   M    M   3 18     42 340
21  30  15  23  -5  42   0 0.01    M    M  7.8 22 330   M    M   1 1      27 330
22  45  14  30   2  35   0 0.00  0.0    M  7.1 15 180   M    M   1        17 180
23  46  28  37   9  28   0 0.00  0.0    M  5.4 16 330   M    M   2        26 330
24  53  28  41  13  24   0 0.11    M    M 14.7 39 320   M    M   6 1      50 320
25  57  31  44  16  21   0 0.00  0.0    M  5.0 17 180   M    M   1        19 180
26  67  39  53  25  12   0 0.00  0.0    M  6.7 16 320   M    M   0        28 330
27  67  42  55  27  10   0 0.00  0.0    M  5.3 15 260   M    M   0        17 260
28  52  30  41  14  24   0    T    M    M 16.2 35 340   M    M   8        45 340
29  46  25  36   9  29   0 0.00  0.0    M  7.3 16 170   M    M   0        21 170
================================================================================
SM 1229  522      1004   0  0.16     0.0 257.5          M      100
================================================================================
AV 42.4 18.0                               8.9 FASTST   M    M   3    MAX(MPH)
                                 MISC ---->  # 47 360               # 59  350
================================================================================
NOTES:
# LAST OF SEVERAL OCCURRENCES

COLUMN 17 PEAK WIND IN M.P.H.

PRELIMINARY LOCAL CLIMATOLOGICAL DATA (WS FORM: F-6) , PAGE 2

                                          STATION:  BUFFALO WY
                                          MONTH:    JANUARY
                                          YEAR:     2015
                                          LATITUDE:   44 22 N
                                          LONGITUDE: 106 43 W

[TEMPERATURE DATA]      [PRECIPITATION DATA]       SYMBOLS USED IN COLUMN 16

AVERAGE MONTHLY: 30.2   TOTAL FOR MONTH:   0.16    1 = FOG OR MIST
DPTR FM NORMAL:   2.4   DPTR FM NORMAL:   -0.23    2 = FOG REDUCING VISIBILITY
HIGHEST:    67 ON 27,26 GRTST 24HR  0.11 ON 24-24      TO 1/4 MILE OR LESS
LOWEST:     -4 ON  3                               3 = THUNDER
                        SNOW, ICE PELLETS, HAIL    4 = ICE PELLETS
                        TOTAL MONTH:   0.0 INCH    5 = HAIL
                        GRTST 24HR     0.0         6 = FREEZING RAIN OR DRIZZLE
                        GRTST DEPTH:  M  ON   M    7 = DUSTSTORM OR SANDSTORM:
                                                       VSBY 1/2 MILE OR LESS
                                                   8 = SMOKE OR HAZE
[NO. OF DAYS WITH]      [WEATHER - DAYS WITH]      9 = BLOWING SNOW
                                                   X = TORNADO
MAX 32 OR BELOW:   5    0.01 INCH OR MORE:   4
MAX 90 OR ABOVE:   0    0.10 INCH OR MORE:   1
MIN 32 OR BELOW:  27    0.50 INCH OR MORE:   0
MIN  0 OR BELOW:   3    1.00 INCH OR MORE:   0

[HDD (BASE 65) ]
TOTAL THIS MO.  1004    CLEAR  (SCALE 0-3)  13
DPTR FM NORMAL   -78    PTCLDY (SCALE 4-7)  15
TOTAL FM JUL 1  3674    CLOUDY (SCALE 8-10)  1
DPTR FM NORMAL  -455

[CDD (BASE 65) ]
TOTAL THIS MO.     0
DPTR FM NORMAL     0    [PRESSURE DATA]
TOTAL FM JAN 1     0    HIGHEST SLP M ON M
DPTR FM NORMAL     0    LOWEST  SLP 30.00 ON  3

[REMARKS]




U.S. Dept. of Commerce
NOAA National Weather Service
1325 East West Highway
Silver Spring, MD 20910
E-mail: w-nws.webmaster@noaa.gov
Page last modified: May 16, 2007
NATIONAL WEATHER SERVICE: for Safety, for Work, for Fun - FOR LIFE