264
CXUS51 KLWX 010620
CF6BWI
PRELIMINARY LOCAL CLIMATOLOGICAL DATA (WS FORM: F-6)

                                          STATION:   BALTIMORE MD
                                          MONTH:     NOVEMBER
                                          YEAR:      2014
                                          LATITUDE:   39 10 N
                                          LONGITUDE:  76 40 W

  TEMPERATURE IN F:       :PCPN:    SNOW:  WIND      :SUNSHINE: SKY     :PK WND
================================================================================
1   2   3   4   5  6A  6B    7    8   9   10  11  12  13   14  15   16   17  18
                                     12Z  AVG MX 2MIN
DY MAX MIN AVG DEP HDD CDD  WTR  SNW DPTH SPD SPD DIR MIN PSBL S-S WX    SPD DR
================================================================================

 1  52  45  49  -2  16   0 0.11  0.0    0 11.6 24 330   M    M   9 1      35 330
 2  51  41  46  -5  19   0    T  0.0    0 14.7 28 340   M    M   5        40 350
 3  59  38  49  -1  16   0 0.00  0.0    0  8.5 21 280   M    M   5        28 280
 4  69  38  54   4  11   0 0.00  0.0    0  2.6  8 190   M    M   7        10 210
 5  68  52  60  10   5   0 0.06  0.0    0  3.8 13 310   M    M   9 1      18 330
 6  60  46  53   3  12   0 0.54  0.0    0  4.4 15 110   M    M   9 18     20 100
 7  56  36  46  -3  19   0    T  0.0    0 11.9 28 300   M    M   4        40 290
 8  50  30  40  -9  25   0 0.00  0.0    0  3.4 14 230   M    M   5        16 190
 9  58  36  47  -2  18   0 0.00  0.0    0  2.2 13 280   M    M   7 1      18 290
10  61  33  47  -1  18   0 0.00  0.0    0  2.2 13 110   M    M   3 1      16 130
11  66  35  51   3  14   0 0.00  0.0    0  2.2 13  90   M    M   5 18     15  90
12  67  41  54   6  11   0    T  0.0    0  7.1 20 320   M    M   5 128    26 320
13  46  35  41  -6  24   0 0.04    T    0  5.4 10 310   M    M   8 1      20 340
14  42  29  36 -11  29   0 0.00  0.0    0 10.5 18 290   M    M   5        32 310
15  44  25  35 -12  30   0 0.00  0.0    0  5.0 13 330   M    M   3        17 340
16  45  28  37  -9  28   0 0.07  0.0    0  2.5 10 210   M    M  10 18     15 190
17  49  38  44  -2  21   0 0.98  0.0    0  5.9 23 310   M    M   9 1      32 290
18  39  23  31 -15  34   0 0.00  0.0    0 15.1 30 290   M    M   3        41 280
19  36  19  28 -17  37   0 0.00  0.0    0  7.1 14 260   M    M   4        21 220
20  52  31  42  -3  23   0 0.00  0.0    0  8.0 16 320   M    M   4        26 330
21  37  21  29 -16  36   0 0.00  0.0    0  7.9 21 310   M    M   1        28 320
22  48  18  33 -11  32   0 0.00  0.0    0  4.3 15 240   M    M   4        22 210
23  55  34  45   1  20   0 0.06  0.0    0  4.4 12 210   M    M   8 1      16 240
24  72  48  60  16   5   0 0.31  0.0    0 10.6 23 210   M    M   5 1      33 220
25  66  42  54  11  11   0 0.00  0.0    0  4.8 16 310   M    M   9        22 310
26  48  33  41  -2  24   0 1.19  0.3    0  5.7 16  50   M    M  10 14     18 310
27  46  33  40  -2  25   0    T    T    0  5.6 14 280   M    M   7        20 270
28  39  24  32 -10  33   0 0.00  0.0    0  7.9 20 320   M    M   3        26 280
29  44  25  35  -7  30   0 0.00  0.0    0  4.5 12 130   M    M   9        16 150
30  63  38  51  10  14   0 0.00  0.0    0  3.5 13 220   M    M   7        17 240
================================================================================
SM 1588 1015       640   0  3.36     0.3 193.3          M      182
================================================================================
AV 52.9 33.8                               6.4 FASTST   M    M   6    MAX(MPH)
                                 MISC ---->  # 30 290               # 41  280
================================================================================
NOTES:
# LAST OF SEVERAL OCCURRENCES

COLUMN 17 PEAK WIND IN M.P.H.

PRELIMINARY LOCAL CLIMATOLOGICAL DATA (WS FORM: F-6) , PAGE 2

                                          STATION:  BALTIMORE MD
                                          MONTH:    NOVEMBER
                                          YEAR:     2014
                                          LATITUDE:   39 10 N
                                          LONGITUDE:  76 40 W

[TEMPERATURE DATA]      [PRECIPITATION DATA]       SYMBOLS USED IN COLUMN 16

AVERAGE MONTHLY: 43.4   TOTAL FOR MONTH:   3.36    1 = FOG OR MIST
DPTR FM NORMAL:  -3.1   DPTR FM NORMAL:    0.06    2 = FOG REDUCING VISIBILITY
HIGHEST:    72 ON 24    GRTST 24HR  1.19 ON 26-26      TO 1/4 MILE OR LESS
LOWEST:     18 ON 22                               3 = THUNDER
                        SNOW, ICE PELLETS, HAIL    4 = ICE PELLETS
                        TOTAL MONTH:   0.3 INCH    5 = HAIL
                        GRTST 24HR   0.3 ON   M    6 = FREEZING RAIN OR DRIZZLE
                        GRTST DEPTH:   0           7 = DUSTSTORM OR SANDSTORM:
                                                       VSBY 1/2 MILE OR LESS
                                                   8 = SMOKE OR HAZE
[NO. OF DAYS WITH]      [WEATHER - DAYS WITH]      9 = BLOWING SNOW
                                                   X = TORNADO
MAX 32 OR BELOW:   0    0.01 INCH OR MORE:   9
MAX 90 OR ABOVE:   0    0.10 INCH OR MORE:   5
MIN 32 OR BELOW:  11    0.50 INCH OR MORE:   3
MIN  0 OR BELOW:   0    1.00 INCH OR MORE:   1

[HDD (BASE 65) ]
TOTAL THIS MO.   640    CLEAR  (SCALE 0-3)   4
DPTR FM NORMAL    83    PTCLDY (SCALE 4-7)  18
TOTAL FM JUL 1   892    CLOUDY (SCALE 8-10)  8
DPTR FM NORMAL   -12

[CDD (BASE 65) ]
TOTAL THIS MO.     0
DPTR FM NORMAL    -1    [PRESSURE DATA]
TOTAL FM JAN 1  1084    HIGHEST SLP M ON M
DPTR FM NORMAL   -80    LOWEST  SLP 29.56 ON 17

[REMARKS]
#FINAL-11-14#




U.S. Dept. of Commerce
NOAA National Weather Service
1325 East West Highway
Silver Spring, MD 20910
E-mail: w-nws.webmaster@noaa.gov
Page last modified: May 16, 2007
NATIONAL WEATHER SERVICE: for Safety, for Work, for Fun - FOR LIFE