686
CXUS51 KLWX 240620
CF6BWI
PRELIMINARY LOCAL CLIMATOLOGICAL DATA (WS FORM: F-6)

                                          STATION:   BALTIMORE MD
                                          MONTH:     APRIL
                                          YEAR:      2014
                                          LATITUDE:   39 10 N
                                          LONGITUDE:  76 40 W

  TEMPERATURE IN F:       :PCPN:    SNOW:  WIND      :SUNSHINE: SKY     :PK WND
================================================================================
1   2   3   4   5  6A  6B    7    8   9   10  11  12  13   14  15   16   17  18
                                     12Z  AVG MX 2MIN
DY MAX MIN AVG DEP HDD CDD  WTR  SNW DPTH SPD SPD DIR MIN PSBL S-S WX    SPD DR
================================================================================

 1  62  38  50   1  15   0 0.00  0.0    0  4.2 13 110   M    M   4        15 110
 2  62  40  51   2  14   0    T  0.0    0  2.8 10  70   M    M   8        16  10
 3  63  48  56   6   9   0 0.03  0.0    0  5.2 14  70   M    M   9 18     20  30
 4  54  46  50   0  15   0 0.12  0.0    0 10.6 20  90   M    M  10 18     23  90
 5  57  42  50   0  15   0 0.00  0.0    0 11.2 25 330   M    M   7 18     40 290
 6  59  33  46  -4  19   0 0.00  0.0    0  4.0 12 150   M    M   4        16 140
 7  53  38  46  -5  19   0 0.45  0.0    0  5.3 24 100   M    M  10 12     32  90
 8  64  43  54   3  11   0 0.07  0.0    0  9.7 28 290   M    M   8 1      37 260
 9  66  36  51  -1  14   0    T  0.0    0  7.2 23 280   M    M   3        31 280
10  70  35  53   1  12   0 0.00  0.0    0  6.6 18 170   M    M   2        26 240
11  80  51  66  14   0   1    T  0.0    0  7.9 18 350   M    M   8        25 350
12  73  49  61   8   4   0 0.00  0.0    0  4.6 15 120   M    M   5        21 120
13  83  49  66  13   0   1 0.00  0.0    0  5.8 21 220   M    M   6 1      28 210
14  78  62  70  17   0   5    T  0.0    0 11.3 23 220   M    M   8        35 220
15  67  35  51  -3  14   0 2.42    T    0 10.3 26 290   M    M  10 12     36 310
16  49  31  40 -14  25   0 0.00  0.0    0  9.2 21 310   M    M   2        31 330
17  52  30  41 -13  24   0 0.00  0.0    0  7.8 17 110   M    M   5        22  70
18  52  37  45  -9  20   0 0.00  0.0    0  3.8 15  70   M    M   9        17  70
19  68  39  54  -1  11   0 0.00  0.0    0  4.3 13  50   M    M   9        18  30
20  61  43  52  -3  13   0 0.00  0.0    0  8.7 23  70   M    M   7 8      28  60
21  67  34  51  -5  14   0 0.00  0.0    0  2.5 12  50   M    M   3        15 350
22  76  47  62   6   3   0 0.26  0.0    0  4.6 17 300   M    M   8 13     25 330
23  60  41  51  -5  14   0 0.00  0.0    0 15.3 30 310   M    M   4        39 310
================================================================================
SM 1476  947       285   7  3.35    T    162.9          M      149
================================================================================
AV 64.2 41.2                               7.1 FASTST   M    M   6    MAX(MPH)
                                 MISC ---->  # 30 310               # 40  290
================================================================================
NOTES:
# LAST OF SEVERAL OCCURRENCES

COLUMN 17 PEAK WIND IN M.P.H.

PRELIMINARY LOCAL CLIMATOLOGICAL DATA (WS FORM: F-6) , PAGE 2

                                          STATION:  BALTIMORE MD
                                          MONTH:    APRIL
                                          YEAR:     2014
                                          LATITUDE:   39 10 N
                                          LONGITUDE:  76 40 W

[TEMPERATURE DATA]      [PRECIPITATION DATA]       SYMBOLS USED IN COLUMN 16

AVERAGE MONTHLY: 52.7   TOTAL FOR MONTH:   3.35    1 = FOG OR MIST
DPTR FM NORMAL:   0.1   DPTR FM NORMAL:    0.89    2 = FOG REDUCING VISIBILITY
HIGHEST:    83 ON 13    GRTST 24HR  2.42 ON 15-15      TO 1/4 MILE OR LESS
LOWEST:     30 ON 17                               3 = THUNDER
                        SNOW, ICE PELLETS, HAIL    4 = ICE PELLETS
                        TOTAL MONTH:    T          5 = HAIL
                        GRTST 24HR    T  ON 15-15  6 = FREEZING RAIN OR DRIZZLE
                        GRTST DEPTH:   0           7 = DUSTSTORM OR SANDSTORM:
                                                       VSBY 1/2 MILE OR LESS
                                                   8 = SMOKE OR HAZE
[NO. OF DAYS WITH]      [WEATHER - DAYS WITH]      9 = BLOWING SNOW
                                                   X = TORNADO
MAX 32 OR BELOW:   0    0.01 INCH OR MORE:   6
MAX 90 OR ABOVE:   0    0.10 INCH OR MORE:   4
MIN 32 OR BELOW:   2    0.50 INCH OR MORE:   1
MIN  0 OR BELOW:   0    1.00 INCH OR MORE:   1

[HDD (BASE 65) ]
TOTAL THIS MO.   285    CLEAR  (SCALE 0-3)   2
DPTR FM NORMAL   -10    PTCLDY (SCALE 4-7)  15
TOTAL FM JUL 1  4855    CLOUDY (SCALE 8-10)  6
DPTR FM NORMAL   299

[CDD (BASE 65) ]
TOTAL THIS MO.     7
DPTR FM NORMAL     2    [PRESSURE DATA]
TOTAL FM JAN 1     7    HIGHEST SLP M ON M
DPTR FM NORMAL     1    LOWEST  SLP 29.49 ON  8

[REMARKS]




U.S. Dept. of Commerce
NOAA National Weather Service
1325 East West Highway
Silver Spring, MD 20910
E-mail: w-nws.webmaster@noaa.gov
Page last modified: May 16, 2007
NATIONAL WEATHER SERVICE: for Safety, for Work, for Fun - FOR LIFE