785
CXUS53 KLMK 011301
CF6BWG
PRELIMINARY LOCAL CLIMATOLOGICAL DATA (WS FORM: F-6)

                                          STATION:   BOWLING GREEN KY
                                          MONTH:     NOVEMBER
                                          YEAR:      2014
                                          LATITUDE:   36 58 N
                                          LONGITUDE:  86 26 W

  TEMPERATURE IN F:       :PCPN:    SNOW:  WIND      :SUNSHINE: SKY     :PK WND
================================================================================
1   2   3   4   5  6A  6B    7    8   9   10  11  12  13   14  15   16   17  18
                                     12Z  AVG MX 2MIN
DY MAX MIN AVG DEP HDD CDD  WTR  SNW DPTH SPD SPD DIR MIN PSBL S-S WX    SPD DR
================================================================================

 1  51  31  41 -13  24   0    T  0.0    0  6.9 15  20   M    M   4        23 350
 2  54  25  40 -13  25   0 0.00  0.0    0  2.3 10 100   M    M   1        13 110
 3  67  33  50  -3  15   0 0.00  0.0    0  4.7 16 190   M    M   1        20 190
 4  69  42  56   3   9   0 0.07  0.0    0  7.5 20 210   M    M   3 1      24 210
 5  57  54  56   4   9   0 0.76  0.0    0  2.9  8 180   M    M  10 1      11 170
 6  57  44  51  -1  14   0 0.01  0.0    0 11.1 23 310   M    M   7 1      34 300
 7  53  34  44  -8  21   0 0.00  0.0    0  3.8 12  40   M    M   3        14  50
 8  56  33  45  -6  20   0 0.00  0.0    0  6.3 16 240   M    M   3        22 230
 9  57  33  45  -6  20   0 0.00  0.0    0  1.8 10 240   M    M   1        14 250
10  67  30  49  -2  16   0 0.00  0.0    0  8.2 20 170   M    M   0 1      26 170
11  66  37  52   2  13   0 0.08  0.0    0 10.6 18 210   M    M   7 18     25 210
12  39  33  36 -14  29   0 0.00  0.0    0  6.5 13 340   M    M  10        19 350
13  35  26  31 -19  34   0 0.00  0.0    0  8.0 15 290   M    M   6        21 290
14  37  20  29 -20  36   0 0.00  0.0    0  2.3  9 330   M    M   3        15 300
15  42  20  31 -18  34   0 0.00  0.0    0  3.3 10 120   M    M   3        15 100
16  42  37  40  -8  25   0 0.65  0.0    0  3.5  9 150   M    M  10 18     12 340
17  38  24  31 -17  34   0 0.28  0.3    T  9.3 21 280   M    M   9 18     25 270
18  30  16  23 -25  42   0    T    T    T  8.0 17 280   M    M   1        23 280
19  54  20  37 -10  28   0 0.00  0.0    0 12.9 26 220   M    M   1        34 220
20  42  23  33 -14  32   0 0.00  0.0    0  4.9 15 270   M    M   2        20 270
21  48  20  34 -12  31   0 0.00  0.0    0  4.1 12  90   M    M   2 18     14  80
22  65  41  53   7  12   0    T  0.0    0  8.3 22 200   M    M   7        26 190
23  63  46  55   9  10   0 0.44  0.0    0 11.1 24 220   M    M   9 1      34 210
24  63  41  52   7  13   0 0.05  0.0    0 13.5 29 240   M    M   5        38 250
25  48  34  41  -4  24   0 0.00  0.0    0  3.7  8 250   M    M   0        11 330
26  47  26  37  -7  28   0 0.17    T    0  2.8 10 190   M    M   3 18     14 120
27  38  25  32 -12  33   0 0.01    T    T  7.2 17 290   M    M  10 18     26 340
28  45  22  34 -10  31   0 0.00  0.0    0  7.0 20 200   M    M   0        27 200
29  58  40  49   6  16   0    T  0.0    0 13.8 22 190   M    M   8        29 210
30  69  58  64  21   1   0    T  0.0    0 12.8 22 220   M    M  10        29 220
================================================================================
SM 1557  968       679   0  2.52     0.3 209.1          M      139
================================================================================
AV 51.9 32.3                               7.0 FASTST   M    M   5    MAX(MPH)
                                 MISC ---->  # 29 240               # 38  250
================================================================================
NOTES:
# LAST OF SEVERAL OCCURRENCES

COLUMN 17 PEAK WIND IN M.P.H.

PRELIMINARY LOCAL CLIMATOLOGICAL DATA (WS FORM: F-6) , PAGE 2

                                          STATION:  BOWLING GREEN KY
                                          MONTH:    NOVEMBER
                                          YEAR:     2014
                                          LATITUDE:   36 58 N
                                          LONGITUDE:  86 26 W

[TEMPERATURE DATA]      [PRECIPITATION DATA]       SYMBOLS USED IN COLUMN 16

AVERAGE MONTHLY: 42.1   TOTAL FOR MONTH:   2.52    1 = FOG OR MIST
DPTR FM NORMAL:  -6.3   DPTR FM NORMAL:   -1.70    2 = FOG REDUCING VISIBILITY
HIGHEST:    69 ON 30, 4 GRTST 24HR  0.92 ON 16-17      TO 1/4 MILE OR LESS
LOWEST:     16 ON 18                               3 = THUNDER
                        SNOW, ICE PELLETS, HAIL    4 = ICE PELLETS
                        TOTAL MONTH:   0.3 INCH    5 = HAIL
                        GRTST 24HR   0.3 ON   M    6 = FREEZING RAIN OR DRIZZLE
                        GRTST DEPTH:   0           7 = DUSTSTORM OR SANDSTORM:
                                                       VSBY 1/2 MILE OR LESS
                                                   8 = SMOKE OR HAZE
[NO. OF DAYS WITH]      [WEATHER - DAYS WITH]      9 = BLOWING SNOW
                                                   X = TORNADO
MAX 32 OR BELOW:   1    0.01 INCH OR MORE:  10
MAX 90 OR ABOVE:   0    0.10 INCH OR MORE:   5
MIN 32 OR BELOW:  14    0.50 INCH OR MORE:   2
MIN  0 OR BELOW:   0    1.00 INCH OR MORE:   0

[HDD (BASE 65) ]
TOTAL THIS MO.   679    CLEAR  (SCALE 0-3)  16
DPTR FM NORMAL   179    PTCLDY (SCALE 4-7)   7
TOTAL FM JUL 1   897    CLOUDY (SCALE 8-10)  7
DPTR FM NORMAL   134

[CDD (BASE 65) ]
TOTAL THIS MO.     0
DPTR FM NORMAL    -3    [PRESSURE DATA]
TOTAL FM JAN 1  1488    HIGHEST SLP 30.52 ON  2
DPTR FM NORMAL    -3    LOWEST  SLP 29.33 ON 23

[REMARKS]
#FINAL-11-14#




U.S. Dept. of Commerce
NOAA National Weather Service
1325 East West Highway
Silver Spring, MD 20910
E-mail: w-nws.webmaster@noaa.gov
Page last modified: May 16, 2007
NATIONAL WEATHER SERVICE: for Safety, for Work, for Fun - FOR LIFE