511
CXUS53 KLMK 011317
CF6BWG
PRELIMINARY LOCAL CLIMATOLOGICAL DATA (WS FORM: F-6)

                                          STATION:   BOWLING GREEN KY
                                          MONTH:     AUGUST
                                          YEAR:      2014
                                          LATITUDE:   36 58 N
                                          LONGITUDE:  86 26 W

  TEMPERATURE IN F:       :PCPN:    SNOW:  WIND      :SUNSHINE: SKY     :PK WND
================================================================================
1   2   3   4   5  6A  6B    7    8   9   10  11  12  13   14  15   16   17  18
                                     12Z  AVG MX 2MIN
DY MAX MIN AVG DEP HDD CDD  WTR  SNW DPTH SPD SPD DIR MIN PSBL S-S WX    SPD DR
================================================================================

 1  90  59  75  -3   0  10 0.00  0.0    0  3.5 14  70   M    M   2 18     18  70
 2  90  62  76  -2   0  11 0.00  0.0    0  3.8 13  10   M    M   3        18  30
 3  91  60  76  -2   0  11 0.00  0.0    0  4.4 15  50   M    M   0 18     19  80
 4  91  58  75  -3   0  10 0.00  0.0    0  2.6 13  50   M    M   1 18     17  90
 5  92  62  77  -1   0  12 0.00  0.0    0  2.1 13 270   M    M   2 18     17 270
 6  93  66  80   2   0  15 0.00  0.0    0  3.5 13 310   M    M   2 18     18 330
 7  94  70  82   4   0  17 0.93  0.0    0  5.8 16 290   M    M   3 138    23 280
 8  87  71  79   1   0  14 0.22  0.0    0  3.2 15 270   M    M   7 138    17 270
 9  87  72  80   2   0  15 1.91  0.0    0  4.6 14 300   M    M   5 123    17 310
10  88  71  80   2   0  15 0.00  0.0    0  4.5 15 270   M    M   5 18     20 280
11  87  71  79   1   0  14 1.54  0.0    0  3.8 18 210   M    M   6 13     24 220
12  83  64  74  -4   0   9 0.00  0.0    0  7.2 16 280   M    M   3 1      24 280
13  82  59  71  -7   0   6 0.00  0.0    0  2.9 12  40   M    M   2        16  40
14  85  58  72  -6   0   7 0.00  0.0    0  2.3  9 260   M    M   1 1      13 320
15  85  62  74  -4   0   9 0.00  0.0    0  2.2  9  40   M    M   2 18     12  20
16  84  68  76  -2   0  11 0.00  0.0    0  2.9 10 270   M    M   2        14 290
17  78  70  74  -4   0   9 0.81  0.0    0  7.0 16 180   M    M   7 13     20 190
18  86  72  79   1   0  14 0.00  0.0    0  4.9 13 230   M    M   7 1      18 320
19  90  71  81   3   0  16 0.00  0.0    0  4.9 13 280   M    M   5 1      16 270
20  93  70  82   5   0  17 1.87  0.0    0  6.3 22 280   M    M   2 138    35 310
21  93  68  81   4   0  16 0.00  0.0    0  6.0 14 200   M    M   1        20 280
22  92  75  84   7   0  19 0.00  0.0    0  6.9 14 260   M    M   1        18 270
23  94  72  83   6   0  18 0.68  0.0    0  4.4 21  40   M    M   3 13     25  50
24  88  71  80   3   0  15 0.00  0.0    0  3.6 10  80   M    M   3 1      15 350
25  92  72  82   5   0  17 0.13  0.0    0  2.3 21 100   M    M   3 13     26 100
26  90  71  81   5   0  16 0.00  0.0    0  2.7 12 110   M    M   3 12     14 110
27  91  71  81   5   0  16 0.01  0.0    0  2.4 10 100   M    M   2 138    14  50
28  91  71  81   5   0  16 1.16  0.0    0  2.3 15 100   M    M   2 138    20  10
29  91  71  81   5   0  16 0.00  0.0    0  5.4 16 220   M    M   0 1      24 220
30  85  69  77   1   0  12 0.99  0.0    0  5.5 14 210   M    M   5 1      19 220
31  80  71  76   1   0  11 1.08  0.0    0  8.0 17 240   M    M   6 1      24 230
================================================================================
SM 2743 2098         0 414 11.33     0.0 131.9          M       96
================================================================================
AV 88.5 67.7                               4.3 FASTST   M    M   3    MAX(MPH)
                                 MISC ---->  # 22 280               # 35  310
================================================================================
NOTES:
# LAST OF SEVERAL OCCURRENCES

COLUMN 17 PEAK WIND IN M.P.H.

PRELIMINARY LOCAL CLIMATOLOGICAL DATA (WS FORM: F-6) , PAGE 2

                                          STATION:  BOWLING GREEN KY
                                          MONTH:    AUGUST
                                          YEAR:     2014
                                          LATITUDE:   36 58 N
                                          LONGITUDE:  86 26 W

[TEMPERATURE DATA]      [PRECIPITATION DATA]       SYMBOLS USED IN COLUMN 16

AVERAGE MONTHLY: 78.1   TOTAL FOR MONTH:  11.33    1 = FOG OR MIST
DPTR FM NORMAL:   0.6   DPTR FM NORMAL:    8.00    2 = FOG REDUCING VISIBILITY
HIGHEST:    94 ON 23, 7 GRTST 24HR  2.07 ON 30-31      TO 1/4 MILE OR LESS
LOWEST:     58 ON 14, 4                            3 = THUNDER
                        SNOW, ICE PELLETS, HAIL    4 = ICE PELLETS
                        TOTAL MONTH:   0.0 INCH    5 = HAIL
                        GRTST 24HR     0.0         6 = FREEZING RAIN OR DRIZZLE
                        GRTST DEPTH:   0           7 = DUSTSTORM OR SANDSTORM:
                                                       VSBY 1/2 MILE OR LESS
                                                   8 = SMOKE OR HAZE
[NO. OF DAYS WITH]      [WEATHER - DAYS WITH]      9 = BLOWING SNOW
                                                   X = TORNADO
MAX 32 OR BELOW:   0    0.01 INCH OR MORE:  12
MAX 90 OR ABOVE:  17    0.10 INCH OR MORE:  11
MIN 32 OR BELOW:   0    0.50 INCH OR MORE:   9
MIN  0 OR BELOW:   0    1.00 INCH OR MORE:   5

[HDD (BASE 65) ]
TOTAL THIS MO.     0    CLEAR  (SCALE 0-3)  22
DPTR FM NORMAL    -1    PTCLDY (SCALE 4-7)   9
TOTAL FM JUL 1     0    CLOUDY (SCALE 8-10)  0
DPTR FM NORMAL    -1

[CDD (BASE 65) ]
TOTAL THIS MO.   414
DPTR FM NORMAL    26    [PRESSURE DATA]
TOTAL FM JAN 1  1277    HIGHEST SLP 30.14 ON  3
DPTR FM NORMAL     8    LOWEST  SLP 29.80 ON 19

[REMARKS]
#FINAL-08-14#




U.S. Dept. of Commerce
NOAA National Weather Service
1325 East West Highway
Silver Spring, MD 20910
E-mail: w-nws.webmaster@noaa.gov
Page last modified: May 16, 2007
NATIONAL WEATHER SERVICE: for Safety, for Work, for Fun - FOR LIFE