302
CXUS53 KLMK 240800
CF6BWG
PRELIMINARY LOCAL CLIMATOLOGICAL DATA (WS FORM: F-6)

                                          STATION:   BOWLING GREEN KY
                                          MONTH:     APRIL
                                          YEAR:      2014
                                          LATITUDE:   36 58 N
                                          LONGITUDE:  86 26 W

  TEMPERATURE IN F:       :PCPN:    SNOW:  WIND      :SUNSHINE: SKY     :PK WND
================================================================================
1   2   3   4   5  6A  6B    7    8   9   10  11  12  13   14  15   16   17  18
                                     12Z  AVG MX 2MIN
DY MAX MIN AVG DEP HDD CDD  WTR  SNW DPTH SPD SPD DIR MIN PSBL S-S WX    SPD DR
================================================================================

 1  78  51  65  12   0   0    T  0.0    0  7.4 17 270   M    M   2        23 250
 2  80  49  65  11   0   0 0.68  0.0    0  7.9 22 180   M    M   6 138    27 180
 3  75  61  68  14   0   3 0.74  0.0    0 11.5 25 200   M    M   9 13     33 210
 4  70  43  57   3   8   0 0.72  0.0    0 10.2 24 270   M    M   7 13     31 270
 5  56  39  48  -6  17   0 0.00  0.0    0  5.0 13  70   M    M   4        17  50
 6  64  34  49  -6  16   0    T  0.0    0  3.7 14 190   M    M   2        17  90
 7  67  46  57   2   8   0 0.16  0.0    0 12.8 29 240   M    M   9 18     38 240
 8  62  43  53  -2  12   0 0.01  0.0    0  6.6 17 290   M    M   7        23 290
 9  66  43  55  -1  10   0 0.00  0.0    0  5.5 17 270   M    M   2        21 270
10  76  40  58   2   7   0 0.00  0.0    0 12.4 25 210   M    M   0        31 210
11  75  56  66  10   0   1 0.05  0.0    0  9.7 21 190   M    M   3 3      26 240
12  80  48  64   7   1   0 0.00  0.0    0  9.6 24 190   M    M   1 12     32 190
13  81  64  73  16   0   8 0.00  0.0    0 16.1 26 190   M    M   0        33 200
14  74  42  58   1   7   0 0.53  0.0    0 13.4 26 190   M    M  10 13     35 310
15  47  34  41 -17  24   0 0.16    T    0  8.4 17 320   M    M   6 1      26 320
16  57  27  42 -16  23   0 0.00  0.0    0  5.8 17  70   M    M   0        22  80
17  68  39  54  -4  11   0 0.00  0.0    0  4.9 17 190   M    M   0        23 170
18  71  46  59   1   6   0 0.00  0.0    0  1.8  9 180   M    M   2        12 210
19  76  44  60   1   5   0 0.00  0.0    0  5.0 18  50   M    M   0 1      23  50
20  77  43  60   1   5   0 0.00  0.0    0  1.3 10 220   M    M   0        13 210
21  79  47  63   4   2   0    T  0.0    0  4.7 14 220   M    M   3        19 220
22  76  48  62   2   3   0    T  0.0    0  6.0 16 300   M    M   4 8      23 280
23  68  41  55  -5  10   0 0.00  0.0    0  4.7 14  50   M    M   0        18  40
================================================================================
SM 1623 1028       175  12  3.05    T    174.4          M       77
================================================================================
AV 70.6 44.7                               7.6 FASTST   M    M   3    MAX(MPH)
                                 MISC ---->  # 29 240               # 38  240
================================================================================
NOTES:
# LAST OF SEVERAL OCCURRENCES

COLUMN 17 PEAK WIND IN M.P.H.

PRELIMINARY LOCAL CLIMATOLOGICAL DATA (WS FORM: F-6) , PAGE 2

                                          STATION:  BOWLING GREEN KY
                                          MONTH:    APRIL
                                          YEAR:     2014
                                          LATITUDE:   36 58 N
                                          LONGITUDE:  86 26 W

[TEMPERATURE DATA]      [PRECIPITATION DATA]       SYMBOLS USED IN COLUMN 16

AVERAGE MONTHLY: 57.6   TOTAL FOR MONTH:   3.05    1 = FOG OR MIST
DPTR FM NORMAL:   1.0   DPTR FM NORMAL:   -0.17    2 = FOG REDUCING VISIBILITY
HIGHEST:    81 ON 13    GRTST 24HR  1.42 ON  2- 3      TO 1/4 MILE OR LESS
LOWEST:     27 ON 16                               3 = THUNDER
                        SNOW, ICE PELLETS, HAIL    4 = ICE PELLETS
                        TOTAL MONTH:    T          5 = HAIL
                        GRTST 24HR    T  ON 15-15  6 = FREEZING RAIN OR DRIZZLE
                        GRTST DEPTH:   0           7 = DUSTSTORM OR SANDSTORM:
                                                       VSBY 1/2 MILE OR LESS
                                                   8 = SMOKE OR HAZE
[NO. OF DAYS WITH]      [WEATHER - DAYS WITH]      9 = BLOWING SNOW
                                                   X = TORNADO
MAX 32 OR BELOW:   0    0.01 INCH OR MORE:   8
MAX 90 OR ABOVE:   0    0.10 INCH OR MORE:   6
MIN 32 OR BELOW:   1    0.50 INCH OR MORE:   4
MIN  0 OR BELOW:   0    1.00 INCH OR MORE:   0

[HDD (BASE 65) ]
TOTAL THIS MO.   175    CLEAR  (SCALE 0-3)  13
DPTR FM NORMAL   -38    PTCLDY (SCALE 4-7)   7
TOTAL FM JUL 1  4437    CLOUDY (SCALE 8-10)  3
DPTR FM NORMAL   506

[CDD (BASE 65) ]
TOTAL THIS MO.    12
DPTR FM NORMAL   -10    [PRESSURE DATA]
TOTAL FM JAN 1    12    HIGHEST SLP M ON M
DPTR FM NORMAL   -15    LOWEST  SLP 29.36 ON  7

[REMARKS]




U.S. Dept. of Commerce
NOAA National Weather Service
1325 East West Highway
Silver Spring, MD 20910
E-mail: w-nws.webmaster@noaa.gov
Page last modified: May 16, 2007
NATIONAL WEATHER SERVICE: for Safety, for Work, for Fun - FOR LIFE