283
CXUS54 KLZK 041931
CF6BVX
PRELIMINARY LOCAL CLIMATOLOGICAL DATA (WS FORM: F-6)

                                          STATION:   Batesville Regional Airport
                                          MONTH:     NOVEMBER
                                          YEAR:      2014
                                          LATITUDE:   35 43 N
                                          LONGITUDE:  91 39 W

  TEMPERATURE IN F:       :PCPN:    SNOW:  WIND      :SUNSHINE: SKY     :PK WND
================================================================================
1   2   3   4   5  6A  6B    7    8   9   10  11  12  13   14  15   16   17  18
                                     12Z  AVG MX 2MIN
DY MAX MIN AVG DEP HDD CDD  WTR  SNW DPTH SPD SPD DIR MIN PSBL S-S WX    SPD DR
================================================================================

 1  55  28  42 -13  23   0 0.00    M    M  2.9  7  20   M    M   0         M  M
 2  57  28  43 -12  22   0 0.00    M    M  4.3  9 150   M    M   4         M  M
 3  70  43  57   3   8   0 0.00    M    M  7.4 13 200   M    M   0        23 200
 4  59  54  57   3   8   0 0.84    M    M  3.5 12 170   M    M   8        18 170
 5  54  45  50  -4  15   0 0.17    M    M  1.1  5 300   M    M   6         M  M
 6  64  39  52  -1  13   0 0.01    M    M  6.6 12 310   M    M   0        23 280
 7  59  34  47  -6  18   0 0.00    M    M  4.5 13 190   M    M   0        17 190
 8  63  43  53   1  12   0 0.00    M    M  5.8 10 220   M    M   0        18 310
 9  63  34  49  -3  16   0 0.00    M    M  4.1 10 220   M    M   0         M  M
10  72  48  60   8   5   0 0.00    M    M  9.0 21 180   M    M   0        28 180
11  61  32  47  -4  18   0 0.00    M    M  8.5 14 290   M    M   6        24 290
12  41  28  35 -16  30   0 0.00    M    M  5.6 10 310   M    M   7         M  M
13  37  27  32 -18  33   0 0.00    M    M  6.7 10 290   M    M   3        20 310
14  39  21  30 -20  35   0 0.00    M    M  2.5  8  40   M    M   0         M  M
15  43  19  31 -19  34   0 0.02    M    M  3.3 10  90   M    M   3         M  M
16  37  32  35 -14  30   0 0.13    M    M  3.2  6 320   M    M  10         M  M
17  36  21  29 -20  36   0 0.07    M    M  7.6 13 280   M    M   3        21 280
18  41  16  29 -19  36   0 0.01    M    M  5.0  9 240   M    M   0        16 240
19  57  34  46  -2  19   0 0.00    M    M  9.7 18 240   M    M   0        25 240
20  52  27  40  -7  25   0 0.00    M    M  4.0  8 110   M    M   3         M  M
21  45  39  42  -5  23   0 0.13    M    M  4.5 12  80   M    M  10         M  M
22  61  39  50   4  15   0 0.00    M    M  4.9 10 200   M    M   8         M  M
23  63  54  59  13   6   0 0.67    M    M  7.4 14 210   M    M   9        22 210
24  61  43  52   6  13   0 0.00    M    M 11.6 23 250   M    M   2        30 270
25  52  28  40  -5  25   0 0.00    M    M  3.4 10 280   M    M   0        17 300
26  54  27  41  -4  24   0 0.00    M    M  5.9 15 280   M    M   3        21 280
27  48  34  41  -3  24   0 0.00    M    M  5.1 13 290   M    M   3        21 290
28  55  32  44   0  21   0 0.00    M    M  8.8 15 190   M    M   0        23 180
29  72  48  60  16   5   0 0.00    M    M 11.7 18 220   M    M   4        35 210
30  75  63  69  26   0   4 0.00    M    M  9.9 23 210   M    M   7        32 210
================================================================================
SM 1646 1060       592   4  2.05    M    178.5          M       99
================================================================================
AV 54.9 35.3                               5.9 FASTST   M    M   3    MAX(MPH)
                                 MISC ---->  # 23 250               # 35  210
================================================================================
NOTES:
# LAST OF SEVERAL OCCURRENCES

COLUMN 17 PEAK WIND IN M.P.H.

PRELIMINARY LOCAL CLIMATOLOGICAL DATA (WS FORM: F-6) , PAGE 2

                                          STATION:  Batesville Regional Airport
                                          MONTH:    NOVEMBER
                                          YEAR:     2014
                                          LATITUDE:   35 43 N
                                          LONGITUDE:  91 39 W

[TEMPERATURE DATA]      [PRECIPITATION DATA]       SYMBOLS USED IN COLUMN 16

AVERAGE MONTHLY: 45.1   TOTAL FOR MONTH:   2.05    1 = FOG OR MIST
DPTR FM NORMAL:  -4.1   DPTR FM NORMAL:   -3.01    2 = FOG REDUCING VISIBILITY
HIGHEST:    75 ON 30    GRTST 24HR  0.84 ON  4- 4      TO 1/4 MILE OR LESS
LOWEST:     16 ON 18                               3 = THUNDER
                        SNOW, ICE PELLETS, HAIL    4 = ICE PELLETS
                        TOTAL MONTH:    M          5 = HAIL
                        GRTST 24HR    M  ON   M    6 = FREEZING RAIN OR DRIZZLE
                        GRTST DEPTH:  M  ON   M    7 = DUSTSTORM OR SANDSTORM:
                                                       VSBY 1/2 MILE OR LESS
                                                   8 = SMOKE OR HAZE
[NO. OF DAYS WITH]      [WEATHER - DAYS WITH]      9 = BLOWING SNOW
                                                   X = TORNADO
MAX 32 OR BELOW:   0    0.01 INCH OR MORE:   9
MAX 90 OR ABOVE:   0    0.10 INCH OR MORE:   5
MIN 32 OR BELOW:  14    0.50 INCH OR MORE:   2
MIN  0 OR BELOW:   0    1.00 INCH OR MORE:   0

[HDD (BASE 65) ]
TOTAL THIS MO.   592    CLEAR  (SCALE 0-3)  16
DPTR FM NORMAL   113    PTCLDY (SCALE 4-7)  11
TOTAL FM JUL 1   725    CLOUDY (SCALE 8-10)  3
DPTR FM NORMAL    29

[CDD (BASE 65) ]
TOTAL THIS MO.     4
DPTR FM NORMAL    -1    [PRESSURE DATA]
TOTAL FM JAN 1  1792    HIGHEST SLP M ON M
DPTR FM NORMAL    49    LOWEST  SLP M ON M

[REMARKS]
#FINAL-11-14#




U.S. Dept. of Commerce
NOAA National Weather Service
1325 East West Highway
Silver Spring, MD 20910
E-mail: w-nws.webmaster@noaa.gov
Page last modified: May 16, 2007
NATIONAL WEATHER SERVICE: for Safety, for Work, for Fun - FOR LIFE