121
CXUS54 KTSA 280940
CF6BVO
PRELIMINARY LOCAL CLIMATOLOGICAL DATA (WS FORM: F-6)

                                          STATION:   BARTLESVILLE OKLAHOMA
                                          MONTH:     NOVEMBER
                                          YEAR:      2014
                                          LATITUDE:   36 45 N
                                          LONGITUDE:  96  0 W

  TEMPERATURE IN F:       :PCPN:    SNOW:  WIND      :SUNSHINE: SKY     :PK WND
================================================================================
1   2   3   4   5  6A  6B    7    8   9   10  11  12  13   14  15   16   17  18
                                     12Z  AVG MX 2MIN
DY MAX MIN AVG DEP HDD CDD  WTR  SNW DPTH SPD SPD DIR MIN PSBL S-S WX    SPD DR
================================================================================

 1  57  22  40 -14  25   0 0.00  0.0    0  5.6 15 140   M    M   2        18 150
 2  63  42  53  -1  12   0 0.00  0.0    0 12.7 24 160   M    M   1        32 180
 3  67  45  56   2   9   0 1.00  0.0    0 10.1 21 180   M    M   8 1      28 200
 4  60  43  52  -1  13   0 0.61  0.0    0  2.0 15  10   M    M   5 1      23 360
 5  64  38  51  -2  14   0 0.00  0.0    0  2.8 12 260   M    M   0 1      18 250
 6  64  32  48  -4  17   0 0.00  0.0    0  4.2 23  10   M    M   0        27  10
 7  68  29  49  -3  16   0 0.00  0.0    0  6.1 21 180   M    M   0        28 200
 8  58  31  45  -7  20   0 0.00  0.0    0  4.7 20  10   M    M   0        28  20
 9  72  28  50  -1  15   0 0.00  0.0    0  7.1 20 210   M    M   0        26 210
10  78  38  58   7   7   0 0.00  0.0    0 13.3 30 200   M    M   0        40 210
11  42  26  34 -16  31   0 0.00  0.0    0  9.8 22 360   M    M   4        37  10
12  32  20  26 -24  39   0 0.00  0.0    0  8.9 20  10   M    M   6        25  10
13  35  15  25 -24  40   0 0.00  0.0    0  3.7 12 360   M    M   1        17 360
14  37  15  26 -23  39   0 0.00  0.0    0  1.0  9 150   M    M   0        13 150
15  38  19  29 -19  36   0 0.00  0.0    0  6.3 20 140   M    M   7        24 130
16  35  21  28 -20  37   0 0.12    M    0  3.5 13  10   M    M   7        19 360
17  32  13  23 -24  42   0 0.00  0.0    0  2.9 13 290   M    M   0        24 290
18  47   8  28 -19  37   0 0.00  0.0    0  4.8 14 220   M    M   0        20 210
19  59  27  43  -3  22   0 0.00  0.0    0  4.5 16 220   M    M   0        23 220
20  56  18  37  -9  28   0 0.00  0.0    0  3.8 14  50   M    M   0        17  60
21  56  32  44  -1  21   0 0.29  0.0    0  6.7 16 160   M    M   9 1      22 160
22  59  51  55  10  10   0    T  0.0    0  9.7 21 150   M    M   8 1      28 150
23  64  41  53   9  12   0 0.15  0.0    0  7.5 16 160   M    M  10 1      32 360
24  55  24  40  -4  25   0 0.00  0.0    0  7.9 21 280   M    M   0        29 300
25  51  21  36  -8  29   0 0.00  0.0    0  3.0 13 210   M    M   1        17 210
26  56  32  44   1  21   0 0.00  0.0    0  6.4 18 290   M    M   2        27 280
27  45  20  33  -9  32   0 0.00  0.0    0  5.0 15 360   M    M   0        22  20
================================================================================
SM 1450  751       649   0  2.17     0.0 164.0          M       71
================================================================================
AV 53.7 27.8                               6.1 FASTST   M    M   3    MAX(MPH)
                                 MISC ---->  # 30 200               # 40  210
================================================================================
NOTES:
# LAST OF SEVERAL OCCURRENCES

COLUMN 17 PEAK WIND IN M.P.H.

PRELIMINARY LOCAL CLIMATOLOGICAL DATA (WS FORM: F-6) , PAGE 2

                                          STATION:  BARTLESVILLE OKLAHOMA
                                          MONTH:    NOVEMBER
                                          YEAR:     2014
                                          LATITUDE:   36 45 N
                                          LONGITUDE:  96  0 W

[TEMPERATURE DATA]      [PRECIPITATION DATA]       SYMBOLS USED IN COLUMN 16

AVERAGE MONTHLY: 40.8   TOTAL FOR MONTH:   2.17    1 = FOG OR MIST
DPTR FM NORMAL:  -7.9   DPTR FM NORMAL:   -0.28    2 = FOG REDUCING VISIBILITY
HIGHEST:    78 ON 10    GRTST 24HR  1.61 ON  3- 4      TO 1/4 MILE OR LESS
LOWEST:      8 ON 18                               3 = THUNDER
                        SNOW, ICE PELLETS, HAIL    4 = ICE PELLETS
                        TOTAL MONTH:   0.0 INCH    5 = HAIL
                        GRTST 24HR     0.0         6 = FREEZING RAIN OR DRIZZLE
                        GRTST DEPTH:   0           7 = DUSTSTORM OR SANDSTORM:
                                                       VSBY 1/2 MILE OR LESS
                                                   8 = SMOKE OR HAZE
[NO. OF DAYS WITH]      [WEATHER - DAYS WITH]      9 = BLOWING SNOW
                                                   X = TORNADO
MAX 32 OR BELOW:   2    0.01 INCH OR MORE:   5
MAX 90 OR ABOVE:   0    0.10 INCH OR MORE:   5
MIN 32 OR BELOW:  20    0.50 INCH OR MORE:   2
MIN  0 OR BELOW:   0    1.00 INCH OR MORE:   1

[HDD (BASE 65) ]
TOTAL THIS MO.   649    CLEAR  (SCALE 0-3)  18
DPTR FM NORMAL   204    PTCLDY (SCALE 4-7)   6
TOTAL FM JUL 1   827    CLOUDY (SCALE 8-10)  3
DPTR FM NORMAL   136

[CDD (BASE 65) ]
TOTAL THIS MO.     0
DPTR FM NORMAL     0    [PRESSURE DATA]
TOTAL FM JAN 1  1590    HIGHEST SLP M ON M
DPTR FM NORMAL  -163    LOWEST  SLP 29.25 ON 23

[REMARKS]




U.S. Dept. of Commerce
NOAA National Weather Service
1325 East West Highway
Silver Spring, MD 20910
E-mail: w-nws.webmaster@noaa.gov
Page last modified: May 16, 2007
NATIONAL WEATHER SERVICE: for Safety, for Work, for Fun - FOR LIFE