378
CXUS54 KTSA 010940
CF6BVO
PRELIMINARY LOCAL CLIMATOLOGICAL DATA (WS FORM: F-6)

                                          STATION:   BARTLESVILLE OKLAHOMA
                                          MONTH:     JANUARY
                                          YEAR:      2015
                                          LATITUDE:   36 45 N
                                          LONGITUDE:  96  0 W

  TEMPERATURE IN F:       :PCPN:    SNOW:  WIND      :SUNSHINE: SKY     :PK WND
================================================================================
1   2   3   4   5  6A  6B    7    8   9   10  11  12  13   14  15   16   17  18
                                     12Z  AVG MX 2MIN
DY MAX MIN AVG DEP HDD CDD  WTR  SNW DPTH SPD SPD DIR MIN PSBL S-S WX    SPD DR
================================================================================

 1  32  19  26  -8  39   0 0.01    M    0  3.8  9 180   M    M  10 1      11 180
 2  35  29  32  -2  33   0 0.04    M    0  1.4  8 110   M    M  10 1      10 100
 3  40  33  37   3  28   0 0.13    M    0  3.0 13  20   M    M  10 1      21 330
 4  33  14  24 -10  41   0 0.00  0.0    0  5.6 16  10   M    M   4        26 300
 5  39  10  25  -9  40   0 0.00  0.0    0  4.7 21 170   M    M   0        28 180
 6  36  20  28  -6  37   0 0.00  0.0    0  5.6 21  20   M    M   0        25  10
 7  26   3  15 -19  50   0 0.00  0.0    0 11.6 28  20   M    M   4        35  20
 8  36   2  19 -15  46   0 0.00  0.0    0  6.5 22 220   M    M   1        29 210
 9  32   7  20 -14  45   0 0.00  0.0    0  7.9 24  10   M    M   4        35  10
10  39   6  23 -11  42   0 0.00  0.0    0  6.6 18 210   M    M   3        26 210
11  35  32  34   0  31   0 0.00  0.0    0  5.9 15 160   M    M  10 18     21 170
12  37  22  30  -5  35   0 0.00  0.0    0 10.5 22  10   M    M   6 1      28  10
13  35  14  25 -10  40   0 0.00  0.0    0  6.1 14  20   M    M   0        17  30
14  41  20  31  -4  34   0 0.01    M    0  2.1  9 270   M    M   7        13 260
15  57  19  38   3  27   0 0.00  0.0    0  2.8 12 270   M    M   2        17 260
16  65  19  42   7  23   0 0.00  0.0    0  5.0 16 210   M    M   0        22 210
17  67  25  46  11  19   0 0.00  0.0    0  4.7 15 350   M    M   0        29  10
18  74  25  50  15  15   0 0.00  0.0    0  7.0 26 210   M    M   0        33 200
19  72  25  49  14  16   0 0.00  0.0    0  1.7 10 230   M    M   0        13 220
20  50  27  39   4  26   0 0.02    M    0  1.2 18  10   M    M   5 12     23  10
21  52  22  37   2  28   0 0.00  0.0    0  2.5 13  20   M    M   4 12     16  20
22  49  26  38   3  27   0 0.00  0.0    0  5.1 16  10   M    M   4        20  10
23  51  16  34  -1  31   0 0.00  0.0    0  2.5 12 250   M    M   0 1      16 280
24  62  31  47  11  18   0 0.00  0.0    0  6.3 15 230   M    M   0        22 230
25  54  25  40   4  25   0 0.00  0.0    0  7.2 16 340   M    M   5        32 320
26  70  21  46  10  19   0 0.00  0.0    0  3.2 16 210   M    M   0        22 210
27  70  26  48  12  17   0 0.00  0.0    0  3.7 10 150   M    M   0        15 180
28  80  32  56  20   9   0 0.00  0.0    0  7.8 25 210   M    M   0        32 190
29  63  23  43   7  22   0 0.00  0.0    0  7.0 22  10   M    M   2        29  10
30  48  19  34  -2  31   0 0.00  0.0    0  1.3  8  70   M    M   1        11  80
31  42  38  40   4  25   0 0.48    M    0  4.1 14 140   M    M  10 1      17 140
================================================================================
SM 1522  650       919   0  0.69     0.0 154.4          M      102
================================================================================
AV 49.1 21.0                               5.0 FASTST   M    M   3    MAX(MPH)
                                 MISC ---->  # 28  20               # 35   20
================================================================================
NOTES:
# LAST OF SEVERAL OCCURRENCES

COLUMN 17 PEAK WIND IN M.P.H.

PRELIMINARY LOCAL CLIMATOLOGICAL DATA (WS FORM: F-6) , PAGE 2

                                          STATION:  BARTLESVILLE OKLAHOMA
                                          MONTH:    JANUARY
                                          YEAR:     2015
                                          LATITUDE:   36 45 N
                                          LONGITUDE:  96  0 W

[TEMPERATURE DATA]      [PRECIPITATION DATA]       SYMBOLS USED IN COLUMN 16

AVERAGE MONTHLY: 35.0   TOTAL FOR MONTH:   0.69    1 = FOG OR MIST
DPTR FM NORMAL:   0.0   DPTR FM NORMAL:   -0.93    2 = FOG REDUCING VISIBILITY
HIGHEST:    80 ON 28    GRTST 24HR  0.48 ON 31-31      TO 1/4 MILE OR LESS
LOWEST:      2 ON  8                               3 = THUNDER
                        SNOW, ICE PELLETS, HAIL    4 = ICE PELLETS
                        TOTAL MONTH:   0.0 INCH    5 = HAIL
                        GRTST 24HR     0.0         6 = FREEZING RAIN OR DRIZZLE
                        GRTST DEPTH:   0           7 = DUSTSTORM OR SANDSTORM:
                                                       VSBY 1/2 MILE OR LESS
                                                   8 = SMOKE OR HAZE
[NO. OF DAYS WITH]      [WEATHER - DAYS WITH]      9 = BLOWING SNOW
                                                   X = TORNADO
MAX 32 OR BELOW:   3    0.01 INCH OR MORE:   6
MAX 90 OR ABOVE:   0    0.10 INCH OR MORE:   2
MIN 32 OR BELOW:  29    0.50 INCH OR MORE:   0
MIN  0 OR BELOW:   0    1.00 INCH OR MORE:   0

[HDD (BASE 65) ]
TOTAL THIS MO.   919    CLEAR  (SCALE 0-3)  17
DPTR FM NORMAL   -11    PTCLDY (SCALE 4-7)   9
TOTAL FM JUL 1  2573    CLOUDY (SCALE 8-10)  5
DPTR FM NORMAL     1

[CDD (BASE 65) ]
TOTAL THIS MO.     0
DPTR FM NORMAL     0    [PRESSURE DATA]
TOTAL FM JAN 1     0    HIGHEST SLP 31.06 ON  7
DPTR FM NORMAL     0    LOWEST  SLP 29.76 ON 25

[REMARKS]
#FINAL-01-15#




U.S. Dept. of Commerce
NOAA National Weather Service
1325 East West Highway
Silver Spring, MD 20910
E-mail: w-nws.webmaster@noaa.gov
Page last modified: May 16, 2007
NATIONAL WEATHER SERVICE: for Safety, for Work, for Fun - FOR LIFE