286
CXUS54 KTSA 310840
CF6BVO
PRELIMINARY LOCAL CLIMATOLOGICAL DATA (WS FORM: F-6)

                                          STATION:   BARTLESVILLE OKLAHOMA
                                          MONTH:     JULY
                                          YEAR:      2014
                                          LATITUDE:   36 45 N
                                          LONGITUDE:  96  0 W

  TEMPERATURE IN F:       :PCPN:    SNOW:  WIND      :SUNSHINE: SKY     :PK WND
================================================================================
1   2   3   4   5  6A  6B    7    8   9   10  11  12  13   14  15   16   17  18
                                     12Z  AVG MX 2MIN
DY MAX MIN AVG DEP HDD CDD  WTR  SNW DPTH SPD SPD DIR MIN PSBL S-S WX    SPD DR
================================================================================

 1  86  70  78  -2   0  13    T  0.0    0  2.0  9  10   M    M   1        14 290
 2  81  58  70 -10   0   5 0.00  0.0    0  3.5 15 360   M    M   1        21 360
 3  81  52  67 -13   0   2 0.00  0.0    0  2.4  9  80   M    M   0        14  70
 4  87  57  72  -8   0   7 0.00  0.0    0  3.5 13 130   M    M   1        17 140
 5  89  69  79  -1   0  14 0.00  0.0    0  8.9 17 200   M    M   0        23 170
 6  95  73  84   3   0  19 0.00  0.0    0  8.2 16 210   M    M   1        23 210
 7  97  73  85   4   0  20 0.00  0.0    0  7.8 13 200   M    M   0        21 190
 8  86  66  76  -5   0  11 0.07  0.0    0  4.4 16  20   M    M   1 1      19 210
 9  90  63  77  -4   0  12 0.00  0.0    0  1.4  9 140   M    M   1 1      11 160
10  78  65  72  -9   0   7 0.42  0.0    0  4.2 13 130   M    M   6 13     17 140
11  92  67  80  -1   0  15 0.00  0.0    0  6.5 15 210   M    M   2        20 200
12  94  67  81   0   0  16 0.00  0.0    0  5.8 15 230   M    M   0 8      23 190
13  95  67  81   0   0  16 0.00  0.0    0  5.3 14  10   M    M   1 3      18 220
14  92  64  78  -3   0  13    T  0.0    0  4.2 24  10   M    M   3 123    33  10
15  79  55  67 -14   0   2 0.00  0.0    0  3.8 17  20   M    M   0        23  30
16  75  53  64 -17   1   0 0.02  0.0    0  2.1  9 180   M    M   4 1      13 140
17  67  57  62 -19   3   0 0.54  0.0    0  2.2 15 140   M    M   9 1      19 130
18  79  56  68 -13   0   3 0.00  0.0    0  3.3 12 110   M    M   6 12     16  60
19  79  55  67 -14   0   2 0.00  0.0    0  2.3 10 130   M    M   7 12     14 160
20  86  58  72 -10   0   7 0.00  0.0    0  6.9 16 150   M    M   0 1      21 160
21  91  65  78  -4   0  13 0.00  0.0    0  6.1 14 160   M    M   0 1      18 160
22  96  70  83   1   0  18 0.00  0.0    0  2.9 12 230   M    M   0 1      14 220
23  90  68  79  -3   0  14 0.08  0.0    0  2.6 18  10   M    M   1 1238   33  10
24  90  64  77  -5   0  12 0.00  0.0    0  4.9 14 130   M    M   2 12     18 130
25  96  70  83   1   0  18 0.00  0.0    0  9.4 20 210   M    M   0        27 210
26 100  70  85   3   0  20 0.00  0.0    0  7.9 16 200   M    M   0 1      22 190
27  91  69  80  -2   0  15 0.00  0.0    0  3.5 15  10   M    M   1 1      20  40
28  88  59  74  -8   0   9 0.00  0.0    0  2.5 13  20   M    M   0        19  20
29  89  58  74  -8   0   9 0.00  0.0    0  1.7 12  80   M    M   1        15  80
30  72  64  68 -14   0   3 2.15  0.0    0  2.8 15  90   M    M   8 1      21  80
================================================================================
SM 2611 1902         4 315  3.28     0.0 133.0          M       57
================================================================================
AV 87.0 63.4                               4.4 FASTST   M    M   2    MAX(MPH)
                                 MISC ---->  # 24  10               # 33   10
================================================================================
NOTES:
# LAST OF SEVERAL OCCURRENCES

COLUMN 17 PEAK WIND IN M.P.H.

PRELIMINARY LOCAL CLIMATOLOGICAL DATA (WS FORM: F-6) , PAGE 2

                                          STATION:  BARTLESVILLE OKLAHOMA
                                          MONTH:    JULY
                                          YEAR:     2014
                                          LATITUDE:   36 45 N
                                          LONGITUDE:  96  0 W

[TEMPERATURE DATA]      [PRECIPITATION DATA]       SYMBOLS USED IN COLUMN 16

AVERAGE MONTHLY: 75.2   TOTAL FOR MONTH:   3.28    1 = FOG OR MIST
DPTR FM NORMAL:  -6.0   DPTR FM NORMAL:   -0.04    2 = FOG REDUCING VISIBILITY
HIGHEST:   100 ON 26    GRTST 24HR  2.15 ON 30-30      TO 1/4 MILE OR LESS
LOWEST:     52 ON  3                               3 = THUNDER
                        SNOW, ICE PELLETS, HAIL    4 = ICE PELLETS
                        TOTAL MONTH:   0.0 INCH    5 = HAIL
                        GRTST 24HR     0.0         6 = FREEZING RAIN OR DRIZZLE
                        GRTST DEPTH:   0           7 = DUSTSTORM OR SANDSTORM:
                                                       VSBY 1/2 MILE OR LESS
                                                   8 = SMOKE OR HAZE
[NO. OF DAYS WITH]      [WEATHER - DAYS WITH]      9 = BLOWING SNOW
                                                   X = TORNADO
MAX 32 OR BELOW:   0    0.01 INCH OR MORE:   6
MAX 90 OR ABOVE:  14    0.10 INCH OR MORE:   3
MIN 32 OR BELOW:   0    0.50 INCH OR MORE:   2
MIN  0 OR BELOW:   0    1.00 INCH OR MORE:   1

[HDD (BASE 65) ]
TOTAL THIS MO.     4    CLEAR  (SCALE 0-3)  24
DPTR FM NORMAL     4    PTCLDY (SCALE 4-7)   4
TOTAL FM JUL 1     4    CLOUDY (SCALE 8-10)  2
DPTR FM NORMAL     4

[CDD (BASE 65) ]
TOTAL THIS MO.   315
DPTR FM NORMAL  -160    [PRESSURE DATA]
TOTAL FM JAN 1   868    HIGHEST SLP M ON M
DPTR FM NORMAL  -127    LOWEST  SLP 29.76 ON  7

[REMARKS]




U.S. Dept. of Commerce
NOAA National Weather Service
1325 East West Highway
Silver Spring, MD 20910
E-mail: w-nws.webmaster@noaa.gov
Page last modified: May 16, 2007
NATIONAL WEATHER SERVICE: for Safety, for Work, for Fun - FOR LIFE