515
CXUS54 KTSA 300840
CF6BVO
PRELIMINARY LOCAL CLIMATOLOGICAL DATA (WS FORM: F-6)

                                          STATION:   BARTLESVILLE OKLAHOMA
                                          MONTH:     SEPTEMBER
                                          YEAR:      2014
                                          LATITUDE:   36 45 N
                                          LONGITUDE:  96  0 W

  TEMPERATURE IN F:       :PCPN:    SNOW:  WIND      :SUNSHINE: SKY     :PK WND
================================================================================
1   2   3   4   5  6A  6B    7    8   9   10  11  12  13   14  15   16   17  18
                                     12Z  AVG MX 2MIN
DY MAX MIN AVG DEP HDD CDD  WTR  SNW DPTH SPD SPD DIR MIN PSBL S-S WX    SPD DR
================================================================================

 1  91  67  79   2   0  14 1.56  0.0    0  8.4 25  20   M    M   6 138    39 300
 2  83  65  74  -3   0   9 2.70  0.0    0  6.2 20  10   M    M   4 13     28  20
 3  93  69  81   5   0  16 0.00  0.0    0  8.3 18 160   M    M   1        25 160
 4  95  74  85   9   0  20 0.00  0.0    0  8.3 22 210   M    M   0        29 210
 5  96  62  79   3   0  14 1.03  0.0    0  6.7 17  10   M    M   2 13     23  10
 6  75  57  66  -9   0   1 0.28  0.0    0  6.4 14  20   M    M   7 1      21 360
 7  81  55  68  -7   0   3 0.00  0.0    0  2.2 12  80   M    M   0 1      15  60
 8  90  58  74  -1   0   9 0.00  0.0    0  4.6 15 210   M    M   2 1      21 190
 9  94  68  81   7   0  16 0.00  0.0    0  8.4 21 220   M    M   1 1      31 190
10  90  67  79   5   0  14 0.00  0.0    0  9.4 17  20   M    M   5 8      26 170
11  71  58  65  -8   0   0 0.00  0.0    0 11.4 18  20   M    M  10        25  10
12  60  50  55 -18  10   0    T  0.0    0 11.3 20  10   M    M  10 1      25  10
13  68  49  59 -13   6   0 0.00  0.0    0  5.2 12  70   M    M   5        16  70
14  79  47  63  -9   2   0 0.00  0.0    M  4.7 14 150   M    M   1 1      17 150
15  89  66  78   6   0  13 0.01  0.0    0  7.5 15 220   M    M   5 13     21 260
16  74  61  68  -3   0   3 0.00  0.0    0  4.2 12  20   M    M   8 1      15  20
17  94  62  78   7   0  13 0.00  0.0    0  4.7 15 210   M    M   0 1      20 220
18  78  60  69  -1   0   4 0.23  0.0    0  5.1 22  60   M    M   3 13     30  60
19  77  59  68  -2   0   3 0.00  0.0    0  2.9 12 150   M    M   6 12     15 150
20  89  62  76   7   0  11 0.00  0.0    0  3.5 13 210   M    M   3 12     15 160
21  82  56  69   0   0   4    T  0.0    0  6.2 18  20   M    M   4        25  10
22  76  47  62  -6   3   0 0.00  0.0    0  2.3 12  60   M    M   0        14  60
23  78  47  63  -5   2   0 0.00  0.0    0  5.1 15 170   M    M   0 1      22 140
24  81  56  69   1   0   4 0.01  0.0    0  3.9 13 150   M    M   2        17 160
25  84  54  69   2   0   4 0.00  0.0    0  2.1 10 130   M    M   0        15 210
26  83  53  68   1   0   3 0.00  0.0    0  2.7 12 140   M    M   1 1      18 210
27  84  51  68   2   0   3 0.00  0.0    0  2.5 13 150   M    M   1 1      17 140
28  85  50  68   2   0   3 0.00  0.0    0  1.6  9 150   M    M   1 1      14  60
29  86  55  71   6   0   6 0.00  0.0    0  1.2 10  90   M    M   1 1      12  90
================================================================================
SM 2406 1685        23 190  5.82     0.0 157.0          M       89
================================================================================
AV 83.0 58.1                               5.4 FASTST   M    M   3    MAX(MPH)
                                 MISC ---->  # 25  20               # 39  300
================================================================================
NOTES:
# LAST OF SEVERAL OCCURRENCES

COLUMN 17 PEAK WIND IN M.P.H.

PRELIMINARY LOCAL CLIMATOLOGICAL DATA (WS FORM: F-6) , PAGE 2

                                          STATION:  BARTLESVILLE OKLAHOMA
                                          MONTH:    SEPTEMBER
                                          YEAR:     2014
                                          LATITUDE:   36 45 N
                                          LONGITUDE:  96  0 W

[TEMPERATURE DATA]      [PRECIPITATION DATA]       SYMBOLS USED IN COLUMN 16

AVERAGE MONTHLY: 70.5   TOTAL FOR MONTH:   5.82    1 = FOG OR MIST
DPTR FM NORMAL:  -0.9   DPTR FM NORMAL:    2.11    2 = FOG REDUCING VISIBILITY
HIGHEST:    96 ON  5    GRTST 24HR  4.26 ON  1- 2      TO 1/4 MILE OR LESS
LOWEST:     47 ON 23,22                            3 = THUNDER
                        SNOW, ICE PELLETS, HAIL    4 = ICE PELLETS
                        TOTAL MONTH:   0.0 INCH    5 = HAIL
                        GRTST 24HR     0.0         6 = FREEZING RAIN OR DRIZZLE
                        GRTST DEPTH:   0           7 = DUSTSTORM OR SANDSTORM:
                                                       VSBY 1/2 MILE OR LESS
                                                   8 = SMOKE OR HAZE
[NO. OF DAYS WITH]      [WEATHER - DAYS WITH]      9 = BLOWING SNOW
                                                   X = TORNADO
MAX 32 OR BELOW:   0    0.01 INCH OR MORE:   7
MAX 90 OR ABOVE:   8    0.10 INCH OR MORE:   5
MIN 32 OR BELOW:   0    0.50 INCH OR MORE:   3
MIN  0 OR BELOW:   0    1.00 INCH OR MORE:   3

[HDD (BASE 65) ]
TOTAL THIS MO.    23    CLEAR  (SCALE 0-3)  16
DPTR FM NORMAL    -8    PTCLDY (SCALE 4-7)  11
TOTAL FM JUL 1    27    CLOUDY (SCALE 8-10)  2
DPTR FM NORMAL    -4

[CDD (BASE 65) ]
TOTAL THIS MO.   190
DPTR FM NORMAL   -30    [PRESSURE DATA]
TOTAL FM JAN 1  1523    HIGHEST SLP M ON M
DPTR FM NORMAL  -187    LOWEST  SLP 29.60 ON 10

[REMARKS]




U.S. Dept. of Commerce
NOAA National Weather Service
1325 East West Highway
Silver Spring, MD 20910
E-mail: w-nws.webmaster@noaa.gov
Page last modified: May 16, 2007
NATIONAL WEATHER SERVICE: for Safety, for Work, for Fun - FOR LIFE