454
CXUS54 KTSA 240840
CF6BVO
PRELIMINARY LOCAL CLIMATOLOGICAL DATA (WS FORM: F-6)

                                          STATION:   BARTLESVILLE OKLAHOMA
                                          MONTH:     APRIL
                                          YEAR:      2014
                                          LATITUDE:   36 45 N
                                          LONGITUDE:  96  0 W

  TEMPERATURE IN F:       :PCPN:    SNOW:  WIND      :SUNSHINE: SKY     :PK WND
================================================================================
1   2   3   4   5  6A  6B    7    8   9   10  11  12  13   14  15   16   17  18
                                     12Z  AVG MX 2MIN
DY MAX MIN AVG DEP HDD CDD  WTR  SNW DPTH SPD SPD DIR MIN PSBL S-S WX    SPD DR
================================================================================

 1  55  40  48  -6  17   0 0.00  0.0    0  8.9 18  70   M    M   8        23  70
 2  87  48  68  14   0   3 0.00  0.0    0 10.7 24 160   M    M   7        35 180
 3  83  44  64   9   1   0 0.00  0.0    0 10.4 20 260   M    M   6        29 270
 4  59  30  45 -10  20   0 0.00  0.0    0  4.0 16  10   M    M   2 18     20 340
 5  65  26  46  -9  19   0 0.00  0.0    0  4.4 13 130   M    M   0 18     17 140
 6  61  41  51  -5  14   0    T  0.0    0  4.2 14 160   M    M   8 8      19 140
 7  70  45  58   2   7   0 0.30  0.0    0  5.3 17  10   M    M   7 18     23  10
 8  67  34  51  -5  14   0 0.00  0.0    0  5.7 23  10   M    M   2        36 350
 9  80  29  55  -2  10   0 0.00  0.0    0  8.5 22 180   M    M   0 18     29 180
10  87  55  71  14   0   6 0.00  0.0    0 10.4 21  20   M    M   1 8      26 190
11  80  48  64   7   1   0 0.00  0.0    0  6.9 17 150   M    M   0 8      22 170
12  84  61  73  15   0   8 0.00  0.0    0 14.5 28 160   M    M   2        36 160
13  79  41  60   2   5   0 0.26  0.0    0 14.4 30 160   M    M   7 13     40 160
14  50  27  39 -19  26   0    T    M    0 13.7 28  30   M    M   7 18     40  30
15  63  24  44 -15  21   0 0.00  0.0    0  7.7 29 170   M    M   0 8      33 170
16  68  38  53  -6  12   0 0.00  0.0    0 12.6 31 160   M    M   0        46 160
17  57  39  48 -11  17   0    T  0.0    0  5.8 15  10   M    M   1 18     20  40
18  74  34  54  -6  11   0 0.00  0.0    0  2.3 12 110   M    M   0 18     16 140
19  80  38  59  -1   6   0 0.00  0.0    0  5.9 21 160   M    M   0 18     29 180
20  77  49  63   3   2   0    T  0.0    0  6.2 17 130   M    M   2 18     24 140
21  76  51  64   3   1   0 0.21  0.0    0  2.3 17  30   M    M   6 123    27  30
22  75  45  60  -1   5   0 0.00  0.0    0  3.7 12  20   M    M   0 1      18  70
23  85  41  63   2   2   0 0.03    M    0  9.4 23 150   M    M   0 3      28 150
================================================================================
SM 1662  928       211  17  0.80     0.0 177.9          M       66
================================================================================
AV 72.3 40.3                               7.7 FASTST   M    M   3    MAX(MPH)
                                 MISC ---->  # 31 160               # 46  160
================================================================================
NOTES:
# LAST OF SEVERAL OCCURRENCES

COLUMN 17 PEAK WIND IN M.P.H.

PRELIMINARY LOCAL CLIMATOLOGICAL DATA (WS FORM: F-6) , PAGE 2

                                          STATION:  BARTLESVILLE OKLAHOMA
                                          MONTH:    APRIL
                                          YEAR:     2014
                                          LATITUDE:   36 45 N
                                          LONGITUDE:  96  0 W

[TEMPERATURE DATA]      [PRECIPITATION DATA]       SYMBOLS USED IN COLUMN 16

AVERAGE MONTHLY: 56.3   TOTAL FOR MONTH:   0.80    1 = FOG OR MIST
DPTR FM NORMAL:  -1.3   DPTR FM NORMAL:   -2.02    2 = FOG REDUCING VISIBILITY
HIGHEST:    87 ON 10, 2 GRTST 24HR  0.30 ON  7- 7      TO 1/4 MILE OR LESS
LOWEST:     24 ON 15                               3 = THUNDER
                        SNOW, ICE PELLETS, HAIL    4 = ICE PELLETS
                        TOTAL MONTH:   0.0 INCH    5 = HAIL
                        GRTST 24HR     0.0         6 = FREEZING RAIN OR DRIZZLE
                        GRTST DEPTH:   0           7 = DUSTSTORM OR SANDSTORM:
                                                       VSBY 1/2 MILE OR LESS
                                                   8 = SMOKE OR HAZE
[NO. OF DAYS WITH]      [WEATHER - DAYS WITH]      9 = BLOWING SNOW
                                                   X = TORNADO
MAX 32 OR BELOW:   0    0.01 INCH OR MORE:   4
MAX 90 OR ABOVE:   0    0.10 INCH OR MORE:   3
MIN 32 OR BELOW:   5    0.50 INCH OR MORE:   0
MIN  0 OR BELOW:   0    1.00 INCH OR MORE:   0

[HDD (BASE 65) ]
TOTAL THIS MO.   211    CLEAR  (SCALE 0-3)  15
DPTR FM NORMAL    15    PTCLDY (SCALE 4-7)   7
TOTAL FM JUL 1  4621    CLOUDY (SCALE 8-10)  1
DPTR FM NORMAL   639

[CDD (BASE 65) ]
TOTAL THIS MO.    17
DPTR FM NORMAL   -10    [PRESSURE DATA]
TOTAL FM JAN 1    17    HIGHEST SLP M ON M
DPTR FM NORMAL   -16    LOWEST  SLP 29.39 ON 13

[REMARKS]




U.S. Dept. of Commerce
NOAA National Weather Service
1325 East West Highway
Silver Spring, MD 20910
E-mail: w-nws.webmaster@noaa.gov
Page last modified: May 16, 2007
NATIONAL WEATHER SERVICE: for Safety, for Work, for Fun - FOR LIFE