335
CXUS55 KLOX 011655
CF6BUR
PRELIMINARY LOCAL CLIMATOLOGICAL DATA (WS FORM: F-6)

                                          STATION:   BOB HOPE AIRPORT (BURBANK) CA
                                          MONTH:     SEPTEMBER
                                          YEAR:      2014
                                          LATITUDE:   34 12 N
                                          LONGITUDE: 118 22 W

  TEMPERATURE IN F:       :PCPN:    SNOW:  WIND      :SUNSHINE: SKY     :PK WND
================================================================================
1   2   3   4   5  6A  6B    7    8   9   10  11  12  13   14  15   16   17  18
                                     12Z  AVG MX 2MIN
DY MAX MIN AVG DEP HDD CDD  WTR  SNW DPTH SPD SPD DIR MIN PSBL S-S WX    SPD DR
================================================================================

 1  89  68  79   4   0  14 0.00  0.0    0  5.5 13 190   M    M   2 18     18 160
 2  86  66  76   1   0  11 0.00  0.0    0  5.6 13 190   M    M   2 8      18 180
 3  85  65  75   0   0  10 0.00  0.0    0  6.4 14 180   M    M   3        18 150
 4  82  65  74  -1   0   9 0.00  0.0    0  4.9 13 180   M    M   4 8      16 180
 5  90  61  76   1   0  11 0.00  0.0    0  4.8 13 180   M    M   1 18      M  M
 6  97  65  81   6   0  16 0.00  0.0    0  3.7 13 110   M    M   0        16 110
 7  98  70  84   9   0  19 0.00  0.0    0  5.9 14 180   M    M   0        18 120
 8  88  73  81   7   0  16    T  0.0    0  4.9 12 160   M    M   5        16 120
 9  90  68  79   5   0  14 0.00  0.0    0  4.9 14 150   M    M   0        18 220
10  94  63  79   5   0  14 0.00  0.0    0  3.3 12 120   M    M   0        17 100
11  93  69  81   7   0  16 0.00  0.0    0  4.6 13 140   M    M   0        18 120
12  98  69  84  10   0  19 0.00  0.0    0  2.7 10 120   M    M   0 8      15 120
13 100  69  85  11   0  20 0.00  0.0    0  4.1 15 150   M    M   0 8      20 150
14 104  74  89  15   0  24 0.00  0.0    0  3.6 13 270   M    M   0        16 280
15 105  76  91  18   0  26 0.00  0.0    0  4.5 16 270   M    M   0        21 300
16 104  78  91  18   0  26 0.00  0.0    0  4.1 17 120   M    M   0        25  90
17  96  74  85  12   0  20 0.00  0.0    0  5.6 14 160   M    M   0        21 180
18  81  68  75   2   0  10 0.00  0.0    0  6.9 14 170   M    M   0        18 180
19  81  66  74   1   0   9 0.00  0.0    0  6.2 14 160   M    M   4        22 160
20  80  64  72   0   0   7 0.00  0.0    0  3.4 12 170   M    M   3        14 170
21  81  63  72   0   0   7 0.00  0.0    0  3.9 12 190   M    M   2        14 190
22  85  60  73   1   0   8 0.00  0.0    0  3.7 10 170   M    M   0        16 120
23  90  61  76   4   0  11 0.00  0.0    0  3.3 13 180   M    M   0        20 230
24  96  62  79   7   0  14 0.00  0.0    M  3.0 12 130   M    M   0         M  M
25  92  69  81  10   0  16 0.00  0.0    0  4.3 13 200   M    M   0        17 190
26  82  64  73   2   0   8 0.00  0.0    0  6.8 15 150   M    M   0        21 110
27  75  60  68  -3   0   3 0.00  0.0    0  4.5 15 190   M    M   2        20 200
28  77  61  69  -2   0   4    T  0.0    0  5.7 16 160   M    M   5        20 210
29  81  59  70   0   0   5 0.00  0.0    0  3.6 12 170   M    M   0        16 210
30  88  59  74   4   0   9 0.00  0.0    0  3.7 14 210   M    M   0        16 190
================================================================================
SM 2688 1989         0 396    T      0.0 138.3          M       33
================================================================================
AV 89.6 66.3                               4.6 FASTST   M    M   1    MAX(MPH)
                                 MISC ---->  # 17 120               # 25   90
================================================================================
NOTES:
# LAST OF SEVERAL OCCURRENCES

COLUMN 17 PEAK WIND IN M.P.H.

PRELIMINARY LOCAL CLIMATOLOGICAL DATA (WS FORM: F-6) , PAGE 2

                                          STATION:  BOB HOPE AIRPORT (BURBANK) CA
                                          MONTH:    SEPTEMBER
                                          YEAR:     2014
                                          LATITUDE:   34 12 N
                                          LONGITUDE: 118 22 W

[TEMPERATURE DATA]      [PRECIPITATION DATA]       SYMBOLS USED IN COLUMN 16

AVERAGE MONTHLY: 77.9   TOTAL FOR MONTH:      T    1 = FOG OR MIST
DPTR FM NORMAL:   4.8   DPTR FM NORMAL:   -0.23    2 = FOG REDUCING VISIBILITY
HIGHEST:   105 ON 15    GRTST 24HR    T  ON 28-28      TO 1/4 MILE OR LESS
LOWEST:     59 ON 30,29                            3 = THUNDER
                        SNOW, ICE PELLETS, HAIL    4 = ICE PELLETS
                        TOTAL MONTH:   0.0 INCH    5 = HAIL
                        GRTST 24HR     0.0         6 = FREEZING RAIN OR DRIZZLE
                        GRTST DEPTH:   0           7 = DUSTSTORM OR SANDSTORM:
                                                       VSBY 1/2 MILE OR LESS
                                                   8 = SMOKE OR HAZE
[NO. OF DAYS WITH]      [WEATHER - DAYS WITH]      9 = BLOWING SNOW
                                                   X = TORNADO
MAX 32 OR BELOW:   0    0.01 INCH OR MORE:   0
MAX 90 OR ABOVE:  15    0.10 INCH OR MORE:   0
MIN 32 OR BELOW:   0    0.50 INCH OR MORE:   0
MIN  0 OR BELOW:   0    1.00 INCH OR MORE:   0

[HDD (BASE 65) ]
TOTAL THIS MO.     0    CLEAR  (SCALE 0-3)  26
DPTR FM NORMAL    -6    PTCLDY (SCALE 4-7)   4
TOTAL FM JUL 1     0    CLOUDY (SCALE 8-10)  0
DPTR FM NORMAL    -6

[CDD (BASE 65) ]
TOTAL THIS MO.   396
DPTR FM NORMAL   147    [PRESSURE DATA]
TOTAL FM JAN 1  1696    HIGHEST SLP M ON M
DPTR FM NORMAL   565    LOWEST  SLP 29.64 ON M

[REMARKS]
#FINAL-09-14#




U.S. Dept. of Commerce
NOAA National Weather Service
1325 East West Highway
Silver Spring, MD 20910
E-mail: w-nws.webmaster@noaa.gov
Page last modified: May 16, 2007
NATIONAL WEATHER SERVICE: for Safety, for Work, for Fun - FOR LIFE