358
CXUS55 KLOX 011655
CF6BUR
PRELIMINARY LOCAL CLIMATOLOGICAL DATA (WS FORM: F-6)

                                          STATION:   BOB HOPE AIRPORT (BURBANK) CA
                                          MONTH:     AUGUST
                                          YEAR:      2014
                                          LATITUDE:   34 12 N
                                          LONGITUDE: 118 22 W

  TEMPERATURE IN F:       :PCPN:    SNOW:  WIND      :SUNSHINE: SKY     :PK WND
================================================================================
1   2   3   4   5  6A  6B    7    8   9   10  11  12  13   14  15   16   17  18
                                     12Z  AVG MX 2MIN
DY MAX MIN AVG DEP HDD CDD  WTR  SNW DPTH SPD SPD DIR MIN PSBL S-S WX    SPD DR
================================================================================

 1  91  67  79   4   0  14 0.00  0.0    0  5.6 15 180   M    M   0        18  90
 2  90  67  79   4   0  14 0.04  0.0    0  6.7 20 150   M    M   0 8      25 110
 3  91  72  82   7   0  17    T  0.0    0  6.7 15 110   M    M   8        20 360
 4  88  66  77   2   0  12 0.00  0.0    0  5.5 14 140   M    M   0        18 150
 5  87  60  74  -1   0   9 0.00  0.0    0  5.9 13 160   M    M   0        18 200
 6  80  61  71  -4   0   6 0.00  0.0    0  5.8 13 170   M    M   3        18 180
 7  81  61  71  -4   0   6 0.00  0.0    0  5.4 12 160   M    M   3 8      17 160
 8  85  63  74  -1   0   9 0.00  0.0    0  5.9 14 190   M    M   3 8      16 190
 9  86  65  76   1   0  11 0.00  0.0    0  5.9 15 180   M    M   3 18     17 160
10  90  64  77   2   0  12 0.00  0.0    0  4.3 13 170   M    M   0 18     15 160
11  89  66  78   3   0  13 0.00  0.0    0  5.8 13 160   M    M   1        18  90
12  89  66  78   3   0  13 0.00  0.0    0  5.7 14 160   M    M   1        26 220
13  84  63  74  -1   0   9 0.00  0.0    0  5.8 14 180   M    M   1        26 220
14  88  63  76   1   0  11 0.00  0.0    0  5.2 13 180   M    M   0 18     16 170
15  94  65  80   5   0  15 0.00  0.0    0  4.1 13 160   M    M   0        16 190
16  94  67  81   6   0  16 0.00  0.0    0  3.6 13 170   M    M   0        17 160
17  93  68  81   6   0  16 0.00  0.0    0  5.2 14 180   M    M   0        18  90
18  92  66  79   4   0  14 0.00  0.0    0  6.0 16 170   M    M   0        18 170
19  81  67  74  -1   0   9 0.00  0.0    0  7.4 16 140   M    M   6        22 150
20  83  66  75   0   0  10 0.00  0.0    0  6.4 15 180   M    M   4         M  M
21  84  65  75   0   0  10 0.00  0.0    0  5.4 13 120   M    M   0        17 100
22  85  66  76   1   0  11 0.00  0.0    0  5.8 14 180   M    M   0        17 160
23  85  64  75   0   0  10 0.00  0.0    0  5.8 14 170   M    M   3 18     18 160
24  85  62  74  -1   0   9 0.00  0.0    0  5.8 15 170   M    M   3        20 200
25  82  62  72  -3   0   7 0.00  0.0    0  5.1 14 180   M    M   0        23 190
26  86  63  75   0   0  10 0.00  0.0    0  4.2 15 160   M    M   0        18 150
27  93  66  80   5   0  15 0.00  0.0    0  3.1 13 180   M    M   0        21 210
28  99  69  84   9   0  19 0.00  0.0    0  4.6 18 260   M    M   0        22 260
29  92  67  80   5   0  15 0.00  0.0    0  5.2 13 190   M    M   0        18 140
30  93  65  79   4   0  14 0.00  0.0    0  4.5 13 180   M    M   0        16 180
31  88  67  78   3   0  13 0.00  0.0    0  6.4 14 170   M    M   1 18     17 180
================================================================================
SM 2728 2019         0 369  0.04     0.0 168.8          M       40
================================================================================
AV 88.0 65.1                               5.4 FASTST   M    M   1    MAX(MPH)
                                 MISC ---->  # 20 150               # 26  220
================================================================================
NOTES:
# LAST OF SEVERAL OCCURRENCES

COLUMN 17 PEAK WIND IN M.P.H.

PRELIMINARY LOCAL CLIMATOLOGICAL DATA (WS FORM: F-6) , PAGE 2

                                          STATION:  BOB HOPE AIRPORT (BURBANK) CA
                                          MONTH:    AUGUST
                                          YEAR:     2014
                                          LATITUDE:   34 12 N
                                          LONGITUDE: 118 22 W

[TEMPERATURE DATA]      [PRECIPITATION DATA]       SYMBOLS USED IN COLUMN 16

AVERAGE MONTHLY: 76.6   TOTAL FOR MONTH:   0.04    1 = FOG OR MIST
DPTR FM NORMAL:   1.3   DPTR FM NORMAL:   -0.03    2 = FOG REDUCING VISIBILITY
HIGHEST:    99 ON 28    GRTST 24HR  0.04 ON  2- 2      TO 1/4 MILE OR LESS
LOWEST:     60 ON  5                               3 = THUNDER
                        SNOW, ICE PELLETS, HAIL    4 = ICE PELLETS
                        TOTAL MONTH:   0.0 INCH    5 = HAIL
                        GRTST 24HR     0.0         6 = FREEZING RAIN OR DRIZZLE
                        GRTST DEPTH:   0           7 = DUSTSTORM OR SANDSTORM:
                                                       VSBY 1/2 MILE OR LESS
                                                   8 = SMOKE OR HAZE
[NO. OF DAYS WITH]      [WEATHER - DAYS WITH]      9 = BLOWING SNOW
                                                   X = TORNADO
MAX 32 OR BELOW:   0    0.01 INCH OR MORE:   1
MAX 90 OR ABOVE:  12    0.10 INCH OR MORE:   0
MIN 32 OR BELOW:   0    0.50 INCH OR MORE:   0
MIN  0 OR BELOW:   0    1.00 INCH OR MORE:   0

[HDD (BASE 65) ]
TOTAL THIS MO.     0    CLEAR  (SCALE 0-3)  28
DPTR FM NORMAL     0    PTCLDY (SCALE 4-7)   2
TOTAL FM JUL 1     0    CLOUDY (SCALE 8-10)  1
DPTR FM NORMAL     0

[CDD (BASE 65) ]
TOTAL THIS MO.   369
DPTR FM NORMAL    51    [PRESSURE DATA]
TOTAL FM JAN 1  1300    HIGHEST SLP 30.04 ON  6
DPTR FM NORMAL   418    LOWEST  SLP 29.70 ON 30

[REMARKS]
#FINAL-08-14#




U.S. Dept. of Commerce
NOAA National Weather Service
1325 East West Highway
Silver Spring, MD 20910
E-mail: w-nws.webmaster@noaa.gov
Page last modified: May 16, 2007
NATIONAL WEATHER SERVICE: for Safety, for Work, for Fun - FOR LIFE