324
CXUS51 KBUF 191205
CF6BUF
PRELIMINARY LOCAL CLIMATOLOGICAL DATA (WS FORM: F-6)

                                          STATION:   BUFFALO NY
                                          MONTH:     APRIL
                                          YEAR:      2014
                                          LATITUDE:   42 55 N
                                          LONGITUDE:  78 44 W

  TEMPERATURE IN F:       :PCPN:    SNOW:  WIND      :SUNSHINE: SKY     :PK WND
================================================================================
1   2   3   4   5  6A  6B    7    8   9   10  11  12  13   14  15   16   17  18
                                     12Z  AVG MX 2MIN
DY MAX MIN AVG DEP HDD CDD  WTR  SNW DPTH SPD SPD DIR MIN PSBL S-S WX    SPD DR
================================================================================

 1  68  34  51  11  14   0    T  0.0    0 10.9 28 220 318   42   6        37 210
 2  44  29  37  -3  28   0 0.00  0.0    0 12.0 24 240 721   94   3        32 260
 3  43  28  36  -5  29   0 0.00  0.0    0 10.0 22  80 501   65   7        29  70
 4  53  35  44   3  21   0 0.48  0.0    0 16.9 37 230  86   11  10 1      51 230
 5  37  29  33  -9  32   0 0.02  0.2    T 20.1 36 240 319   41   7 1      50 240
 6  49  27  38  -4  27   0 0.00  0.0    0  6.0 14 240 751   97   3        19 260
 7  53  36  45   3  20   0 0.78  0.0    0  9.8 21 150 261   33   9 1      25  90
 8  40  34  37  -6  28   0 0.39    T    0 12.4 23 240 220   28   8 1      29 230
 9  48  32  40  -3  25   0 0.00  0.0    0  8.9 20 230 756   96   3 1      24 230
10  70  32  51   7  14   0 0.34  0.0    0 16.8 36 200 649   82   6 1      48 200
11  60  37  49   5  16   0 0.01  0.0    0  6.6 14 250 700   88   6 12     17 250
12  66  38  52   8  13   0 0.03  0.0    0  8.6 21  70 730   92   6        26  60
13  75  46  61  16   4   0 0.06  0.0    0 11.2 25 240 673   84   7        36 210
14  76  43  60  15   5   0 0.34  0.0    0 15.0 36 210 524   65   9 12     44 220
15  44  24  34 -12  31   0 0.33  1.0    0 13.7 22 300   0    0   9 18     30 280
16  38  24  31 -15  34   0 0.00  0.0    0  7.2 18 300 806  100   4        24 310
17  61  29  45  -2  20   0 0.00  0.0    0  9.0 17 170 809  100   7        22 180
18  60  40  50   3  15   0    T  0.0    0  9.3 21 250 636   78   8        28 250
================================================================================
SM  985  597       376   0  2.78     1.2 204.4         9460    118
================================================================================
AV 54.7 33.2                              11.4 FASTST  526  66   7    MAX(MPH)
                                 MISC ---->  # 37 230               # 51  230
================================================================================
NOTES:
# LAST OF SEVERAL OCCURRENCES

COLUMN 17 PEAK WIND IN M.P.H.

PRELIMINARY LOCAL CLIMATOLOGICAL DATA (WS FORM: F-6) , PAGE 2

                                          STATION:  BUFFALO NY
                                          MONTH:    APRIL
                                          YEAR:     2014
                                          LATITUDE:   42 55 N
                                          LONGITUDE:  78 44 W

[TEMPERATURE DATA]      [PRECIPITATION DATA]       SYMBOLS USED IN COLUMN 16

AVERAGE MONTHLY: 43.9   TOTAL FOR MONTH:   2.78    1 = FOG OR MIST
DPTR FM NORMAL:   0.5   DPTR FM NORMAL:    0.90    2 = FOG REDUCING VISIBILITY
HIGHEST:    76 ON 14    GRTST 24HR  1.17 ON  7- 8      TO 1/4 MILE OR LESS
LOWEST:     24 ON 16,15                            3 = THUNDER
                        SNOW, ICE PELLETS, HAIL    4 = ICE PELLETS
                        TOTAL MONTH:   1.2 INCHES  5 = HAIL
                        GRTST 24HR   1.0 ON 15-15  6 = FREEZING RAIN OR DRIZZLE
                        GRTST DEPTH:   T           7 = DUSTSTORM OR SANDSTORM:
                                                       VSBY 1/2 MILE OR LESS
                                                   8 = SMOKE OR HAZE
[NO. OF DAYS WITH]      [WEATHER - DAYS WITH]      9 = BLOWING SNOW
                                                   X = TORNADO
MAX 32 OR BELOW:   0    0.01 INCH OR MORE:  10
MAX 90 OR ABOVE:   0    0.10 INCH OR MORE:   6
MIN 32 OR BELOW:   9    0.50 INCH OR MORE:   1
MIN  0 OR BELOW:   0    1.00 INCH OR MORE:   0

[HDD (BASE 65) ]
TOTAL THIS MO.   376    CLEAR  (SCALE 0-3)   2
DPTR FM NORMAL   -11    PTCLDY (SCALE 4-7)  11
TOTAL FM JUL 1  6660    CLOUDY (SCALE 8-10)  5
DPTR FM NORMAL   568

[CDD (BASE 65) ]
TOTAL THIS MO.     0
DPTR FM NORMAL     0    [PRESSURE DATA]
TOTAL FM JAN 1     0    HIGHEST SLP M ON M
DPTR FM NORMAL     0    LOWEST  SLP 29.25 ON  8

[REMARKS]




U.S. Dept. of Commerce
NOAA National Weather Service
1325 East West Highway
Silver Spring, MD 20910
E-mail: w-nws.webmaster@noaa.gov
Page last modified: May 16, 2007
NATIONAL WEATHER SERVICE: for Safety, for Work, for Fun - FOR LIFE