115
CXUS51 KBUF 011205
CF6BUF
PRELIMINARY LOCAL CLIMATOLOGICAL DATA (WS FORM: F-6)

                                          STATION:   BUFFALO NY
                                          MONTH:     SEPTEMBER
                                          YEAR:      2014
                                          LATITUDE:   42 55 N
                                          LONGITUDE:  78 44 W

  TEMPERATURE IN F:       :PCPN:    SNOW:  WIND      :SUNSHINE: SKY     :PK WND
================================================================================
1   2   3   4   5  6A  6B    7    8   9   10  11  12  13   14  15   16   17  18
                                     12Z  AVG MX 2MIN
DY MAX MIN AVG DEP HDD CDD  WTR  SNW DPTH SPD SPD DIR MIN PSBL S-S WX    SPD DR
================================================================================

 1  83  67  75   8   0  10 0.13  0.0    0  8.4 25 230   M    M   6 138    32 230
 2  76  66  71   4   0   6 0.08  0.0    0 11.2 23 250   M    M   7        34 240
 3  79  60  70   3   0   5 0.00  0.0    0  7.5 15 230   M    M   2 1      19 240
 4  84  62  73   7   0   8 0.00  0.0    0  8.6 17 240   M    M   2        21 250
 5  86  68  77  11   0  12 1.27  0.0    0 11.1 28 320   M    M   5 138    35 320
 6  71  56  64  -2   1   0 0.18  0.0    0  8.2 22 330   M    M   8 13     30 320
 7  72  51  62  -3   3   0 0.00  0.0    0  4.6 12 230   M    M   2        15 260
 8  78  53  66   1   0   1 0.00  0.0    0  7.7 16 130   M    M   2        20 130
 9  76  60  68   3   0   3 0.06  0.0    0  7.5 13 160   M    M   5        16 150
10  79  64  72   8   0   7 0.03  0.0    0 12.9 33 200   M    M   8        42 190
11  74  54  64   0   1   0 0.54  0.0    0 14.8 30 190   M    M  10 18     39 180
12  55  48  52 -12  13   0    T  0.0    0  6.7 16 350   M    M   8 1      20 350
13  62  47  55  -8  10   0 0.06  0.0    0  8.7 28 300   M    M   8 18     37 220
14  62  43  53 -10  12   0 0.00  0.0    0  3.9 16 200   M    M   5        20 210
15  66  51  59  -4   6   0 0.64  0.0    0  5.6 17 230   M    M   9 1      22 250
16  65  53  59  -3   6   0 0.03  0.0    0  7.0 15 230   M    M   6 1      19 240
17  66  48  57  -5   8   0 0.00  0.0    0  8.1 18 220   M    M   4        23 230
18  62  44  53  -9  12   0 0.00  0.0    0  5.7 17  20   M    M   5        20  20
19  67  41  54  -7  11   0 0.00  0.0    0  6.5 16 190   M    M   4 1      23 190
20  77  61  69   8   0   4 0.00  0.0    0 17.3 28 230   M    M   7        36 180
21  74  52  63   3   2   0 0.11  0.0    0 17.2 32 250   M    M   7 1      43 240
22  57  48  53  -7  12   0    T  0.0    0 11.3 21 310   M    M   6 1      28 300
23  67  45  56  -4   9   0 0.00  0.0    0  9.0 18 220   M    M   2        25 220
24  77  50  64   5   1   0 0.00  0.0    0  5.5 14 150   M    M   1        16 110
25  75  55  65   6   0   0 0.00  0.0    0  4.8 12  70   M    M   5        16 110
26  77  50  64   6   1   0 0.00  0.0    0  3.0 10 360   M    M   1        13 350
27  80  52  66   8   0   1 0.00  0.0    0  3.7  9 360   M    M   1        11 360
28  80  55  68  11   0   3 0.00  0.0    0  3.2  9 250   M    M   5        11 240
29  76  56  66   9   0   1 0.00  0.0    0  5.9 13 210   M    M   4 1      24 230
30  75  54  65   8   0   0 0.00  0.0    0  4.7 16 330   M    M   6 1      19 330
================================================================================
SM 2178 1614       108  61  3.13     0.0 240.3          M      151
================================================================================
AV 72.6 53.8                               8.0 FASTST   M    M   5    MAX(MPH)
                                 MISC ---->  # 33 200               # 43  240
================================================================================
NOTES:
# LAST OF SEVERAL OCCURRENCES

COLUMN 17 PEAK WIND IN M.P.H.

PRELIMINARY LOCAL CLIMATOLOGICAL DATA (WS FORM: F-6) , PAGE 2

                                          STATION:  BUFFALO NY
                                          MONTH:    SEPTEMBER
                                          YEAR:     2014
                                          LATITUDE:   42 55 N
                                          LONGITUDE:  78 44 W

[TEMPERATURE DATA]      [PRECIPITATION DATA]       SYMBOLS USED IN COLUMN 16

AVERAGE MONTHLY: 63.2   TOTAL FOR MONTH:   3.13    1 = FOG OR MIST
DPTR FM NORMAL:   1.0   DPTR FM NORMAL:   -0.77    2 = FOG REDUCING VISIBILITY
HIGHEST:    86 ON  5    GRTST 24HR  1.47 ON  5- 6      TO 1/4 MILE OR LESS
LOWEST:     41 ON 19                               3 = THUNDER
                        SNOW, ICE PELLETS, HAIL    4 = ICE PELLETS
                        TOTAL MONTH:   0.0 INCH    5 = HAIL
                        GRTST 24HR     0.0         6 = FREEZING RAIN OR DRIZZLE
                        GRTST DEPTH:   0           7 = DUSTSTORM OR SANDSTORM:
                                                       VSBY 1/2 MILE OR LESS
                                                   8 = SMOKE OR HAZE
[NO. OF DAYS WITH]      [WEATHER - DAYS WITH]      9 = BLOWING SNOW
                                                   X = TORNADO
MAX 32 OR BELOW:   0    0.01 INCH OR MORE:  11
MAX 90 OR ABOVE:   0    0.10 INCH OR MORE:   6
MIN 32 OR BELOW:   0    0.50 INCH OR MORE:   3
MIN  0 OR BELOW:   0    1.00 INCH OR MORE:   1

[HDD (BASE 65) ]
TOTAL THIS MO.   108    CLEAR  (SCALE 0-3)   8
DPTR FM NORMAL   -27    PTCLDY (SCALE 4-7)  18
TOTAL FM JUL 1   130    CLOUDY (SCALE 8-10)  4
DPTR FM NORMAL   -32

[CDD (BASE 65) ]
TOTAL THIS MO.    61
DPTR FM NORMAL     8    [PRESSURE DATA]
TOTAL FM JAN 1   507    HIGHEST SLP 30.52 ON 24
DPTR FM NORMAL   -33    LOWEST  SLP 29.57 ON 21

[REMARKS]
#FINAL-09-14#




U.S. Dept. of Commerce
NOAA National Weather Service
1325 East West Highway
Silver Spring, MD 20910
E-mail: w-nws.webmaster@noaa.gov
Page last modified: May 16, 2007
NATIONAL WEATHER SERVICE: for Safety, for Work, for Fun - FOR LIFE