879
CXUS51 KBUF 011205
CF6BUF
PRELIMINARY LOCAL CLIMATOLOGICAL DATA (WS FORM: F-6)

                                          STATION:   BUFFALO NY
                                          MONTH:     NOVEMBER
                                          YEAR:      2014
                                          LATITUDE:   42 55 N
                                          LONGITUDE:  78 44 W

  TEMPERATURE IN F:       :PCPN:    SNOW:  WIND      :SUNSHINE: SKY     :PK WND
================================================================================
1   2   3   4   5  6A  6B    7    8   9   10  11  12  13   14  15   16   17  18
                                     12Z  AVG MX 2MIN
DY MAX MIN AVG DEP HDD CDD  WTR  SNW DPTH SPD SPD DIR MIN PSBL S-S WX    SPD DR
================================================================================

 1  42  34  38  -8  27   0 0.07    T    0 12.2 18 350   M    M  10 1      24 360
 2  42  31  37  -8  28   0    T    T    0 11.4 20 350   M    M   6        26 360
 3  55  38  47   2  18   0 0.00  0.0    0 14.6 26 240   M    M   8        34 230
 4  61  53  57  12   8   0 0.27  0.0    0 16.3 28 250   M    M   9 1      39 240
 5  53  40  47   3  18   0    T  0.0    0 14.3 31 240   M    M   4        42 250
 6  49  39  44   0  21   0 0.02  0.0    0  5.6 13 160   M    M   9        16 150
 7  43  33  38  -6  27   0 0.19    T    0 10.6 21 320   M    M   8 15     27 330
 8  47  30  39  -5  26   0 0.02  0.0    0 12.1 30 240   M    M   9 1      39 230
 9  49  35  42  -1  23   0 0.01  0.0    0  9.4 22 240   M    M   9 1      32 240
10  60  42  51   8  14   0 0.00  0.0    0  6.2 22 240   M    M   8        30 250
11  68  50  59  17   6   0 0.00  0.0    0 10.8 26 240   M    M   5        36 250
12  54  34  44   2  21   0 0.02  0.0    0 15.0 25 270   M    M   9 1      35 270
13  34  28  31 -11  34   0 0.05  0.3    0  8.1 14 270   M    M   9 1      18 260
14  35  26  31 -10  34   0    T    T    T 10.8 17 280   M    M   6        24 310
15  35  26  31 -10  34   0    T    T    0  7.3 16 210   M    M   8        20 210
16  39  31  35  -6  30   0    T    T    0 10.6 21 220   M    M  10 18     26 230
17  34  24  29 -11  36   0 0.37  1.0    0  9.4 28 260   M    M  10 123    37 260
18  24  16  20 -20  45   0 0.13  3.7    3 17.5 30 260   M    M   7 1289   39 260
19  31  14  23 -17  42   0 0.51  7.6    6 16.1 28 200   M    M   8 12389  36 270
20  30  19  25 -14  40   0 0.29  4.6   12 15.3 25 280   M    M   8 1239   36 280
21  28  17  23 -16  42   0    T    T   10 10.4 21 210   M    M   6        28 210
22  41  22  32  -6  33   0 0.13  0.0    7 15.0 22 200   M    M   9 1      29 210
23  54  40  47   9  18   0 0.10  0.0    2 10.0 22 170   M    M   8 1      31 170
24  65  42  54  16  11   0 0.13  0.0    0 23.0 38 240   M    M   7 1      52 250
25  44  34  39   2  26   0    T    T    0 21.4 37 240   M    M  10 5      48 250
26  34  30  32  -5  33   0 0.02  0.1    0  6.9 16  60   M    M   9 1      20  60
27  35  28  32  -4  33   0 0.10  2.0    T  6.2 15 260   M    M  10 12     18 260
28  28  21  25 -11  40   0 0.07  1.2    3 10.0 20 280   M    M   8 128    24 300
29  46  25  36   0  29   0    T    T    1 11.3 24 210   M    M   9        31 200
30  60  46  53  18  12   0 0.08  0.0    0 17.6 28 270   M    M  10 1      37 270
================================================================================
SM 1320  948       809   0  2.58    20.5 365.4          M      246
================================================================================
AV 44.0 31.6                              12.2 FASTST   M    M   8    MAX(MPH)
                                 MISC ---->  # 38 240               # 52  250
================================================================================
NOTES:
# LAST OF SEVERAL OCCURRENCES

COLUMN 17 PEAK WIND IN M.P.H.

PRELIMINARY LOCAL CLIMATOLOGICAL DATA (WS FORM: F-6) , PAGE 2

                                          STATION:  BUFFALO NY
                                          MONTH:    NOVEMBER
                                          YEAR:     2014
                                          LATITUDE:   42 55 N
                                          LONGITUDE:  78 44 W

[TEMPERATURE DATA]      [PRECIPITATION DATA]       SYMBOLS USED IN COLUMN 16

AVERAGE MONTHLY: 37.8   TOTAL FOR MONTH:   2.58    1 = FOG OR MIST
DPTR FM NORMAL:  -2.9   DPTR FM NORMAL:   -1.43    2 = FOG REDUCING VISIBILITY
HIGHEST:    68 ON 11    GRTST 24HR  0.59 ON 19-20      TO 1/4 MILE OR LESS
LOWEST:     14 ON 19                               3 = THUNDER
                        SNOW, ICE PELLETS, HAIL    4 = ICE PELLETS
                        TOTAL MONTH:  20.5 INCHES  5 = HAIL
                        GRTST 24HR   7.6 ON   M    6 = FREEZING RAIN OR DRIZZLE
                        GRTST DEPTH:  12 ON 20     7 = DUSTSTORM OR SANDSTORM:
                                                       VSBY 1/2 MILE OR LESS
                                                   8 = SMOKE OR HAZE
[NO. OF DAYS WITH]      [WEATHER - DAYS WITH]      9 = BLOWING SNOW
                                                   X = TORNADO
MAX 32 OR BELOW:   5    0.01 INCH OR MORE:  19
MAX 90 OR ABOVE:   0    0.10 INCH OR MORE:  10
MIN 32 OR BELOW:  16    0.50 INCH OR MORE:   1
MIN  0 OR BELOW:   0    1.00 INCH OR MORE:   0

[HDD (BASE 65) ]
TOTAL THIS MO.   809    CLEAR  (SCALE 0-3)   0
DPTR FM NORMAL    81    PTCLDY (SCALE 4-7)  11
TOTAL FM JUL 1  1298    CLOUDY (SCALE 8-10) 19
DPTR FM NORMAL   -35

[CDD (BASE 65) ]
TOTAL THIS MO.     0
DPTR FM NORMAL     0    [PRESSURE DATA]
TOTAL FM JAN 1   516    HIGHEST SLP 30.46 ON 21
DPTR FM NORMAL   -28    LOWEST  SLP 29.23 ON 24

[REMARKS]
#FINAL-11-14#




U.S. Dept. of Commerce
NOAA National Weather Service
1325 East West Highway
Silver Spring, MD 20910
E-mail: w-nws.webmaster@noaa.gov
Page last modified: May 16, 2007
NATIONAL WEATHER SERVICE: for Safety, for Work, for Fun - FOR LIFE