589
CXUS51 KBUF 271205
CF6BUF
PRELIMINARY LOCAL CLIMATOLOGICAL DATA (WS FORM: F-6)

                                          STATION:   BUFFALO NY
                                          MONTH:     JANUARY
                                          YEAR:      2015
                                          LATITUDE:   42 55 N
                                          LONGITUDE:  78 44 W

  TEMPERATURE IN F:       :PCPN:    SNOW:  WIND      :SUNSHINE: SKY     :PK WND
================================================================================
1   2   3   4   5  6A  6B    7    8   9   10  11  12  13   14  15   16   17  18
                                     12Z  AVG MX 2MIN
DY MAX MIN AVG DEP HDD CDD  WTR  SNW DPTH SPD SPD DIR MIN PSBL S-S WX    SPD DR
================================================================================

 1  32  20  26   0  39   0    T  0.3    1 24.5 40 240   M    M   8 89     53 240
 2  33  22  28   2  37   0    T    T    1 13.2 29 250   M    M   7        38 260
 3  48  22  35   9  30   0 0.58    T    T  8.6 15  60   M    M  10 16     18 210
 4  55  28  42  16  23   0 0.52    T    0 17.7 38 250   M    M   7 12     51 260
 5  28   9  19  -7  46   0    T  0.1    T 19.3 31 270   M    M   5 1      44 260
 6  18  10  14 -12  51   0 0.02  1.0    1 10.8 22 280   M    M   9 18     31 280
 7  17   2  10 -15  55   0 0.03  0.8    1 16.5 30 280   M    M   8 1289   40 280
 8  15   5  10 -15  55   0 0.12  3.8    2 19.5 35 220   M    M   9 189    45 230
 9  19   9  14 -11  51   0 0.40  6.5   10 19.2 30 260   M    M   6 39     40 270
10  18   5  12 -13  53   0 0.08  2.9    7 18.3 29 230   M    M   7 89     37 220
11  31  14  23  -2  42   0 0.03  0.3    9 11.8 21 230   M    M   9 1      29 220
12  31  15  23  -2  42   0 0.34  3.6    8 11.0 25 350   M    M   9 128    31 360
13  15   2   9 -16  56   0    T  0.1    9  8.1 16 360   M    M   4 1      20 360
14  21  -4   9 -16  56   0    T    T    8  7.8 18 250   M    M   3        23 250
15  29  14  22  -3  43   0    T  0.1    8 16.3 31 230   M    M   9 1      40 230
16  30   7  19  -6  46   0    T  0.2    7 13.6 35 240   M    M   7 9      42 240
17  41   1  21  -3  44   0 0.00  0.0    7  9.9 22 190   M    M   6        28 190
18  44  33  39  15  26   0 0.04  0.1    5 17.2 29 200   M    M  10 1      39 210
19  33  22  28   4  37   0    T  0.1    3 12.4 20 290   M    M  10 1      24 280
20  23  12  18  -6  47   0    T    T    2  5.0 10 290   M    M   6 8      13 300
21  28   7  18  -6  47   0    T    T    2  4.7  9  30   M    M   6 18     12  30
22  29  20  25   1  40   0    T    T    2  7.8 16 230   M    M   7 18     20 220
23  29  23  26   2  39   0    T    T    2 14.1 23 230   M    M   8 1      29 220
24  32  24  28   4  37   0 0.03  0.1    2 14.0 24 250   M    M  10 168    30 250
25  32  13  23  -1  42   0    T  0.1    2  9.0 18 310   M    M   7 18     25 300
26  19  13  16  -8  49   0 0.10  1.6    2 13.5 21  60   M    M  10 1      25  70
================================================================================
SM  750  348      1133   0  2.29    21.7 343.8          M      197
================================================================================
AV 28.8 13.4                              13.2 FASTST   M    M   8    MAX(MPH)
                                 MISC ---->  # 40 240               # 53  240
================================================================================
NOTES:
# LAST OF SEVERAL OCCURRENCES

COLUMN 17 PEAK WIND IN M.P.H.

PRELIMINARY LOCAL CLIMATOLOGICAL DATA (WS FORM: F-6) , PAGE 2

                                          STATION:  BUFFALO NY
                                          MONTH:    JANUARY
                                          YEAR:     2015
                                          LATITUDE:   42 55 N
                                          LONGITUDE:  78 44 W

[TEMPERATURE DATA]      [PRECIPITATION DATA]       SYMBOLS USED IN COLUMN 16

AVERAGE MONTHLY: 21.1   TOTAL FOR MONTH:   2.29    1 = FOG OR MIST
DPTR FM NORMAL:  -3.7   DPTR FM NORMAL:   -0.44    2 = FOG REDUCING VISIBILITY
HIGHEST:    55 ON  4    GRTST 24HR  1.08 ON  3- 4      TO 1/4 MILE OR LESS
LOWEST:     -4 ON 14                               3 = THUNDER
                        SNOW, ICE PELLETS, HAIL    4 = ICE PELLETS
                        TOTAL MONTH:  21.7 INCHES  5 = HAIL
                        GRTST 24HR   6.5 ON  9- 9  6 = FREEZING RAIN OR DRIZZLE
                        GRTST DEPTH:  10 ON  9     7 = DUSTSTORM OR SANDSTORM:
                                                       VSBY 1/2 MILE OR LESS
                                                   8 = SMOKE OR HAZE
[NO. OF DAYS WITH]      [WEATHER - DAYS WITH]      9 = BLOWING SNOW
                                                   X = TORNADO
MAX 32 OR BELOW:  20    0.01 INCH OR MORE:  12
MAX 90 OR ABOVE:   0    0.10 INCH OR MORE:   6
MIN 32 OR BELOW:  25    0.50 INCH OR MORE:   2
MIN  0 OR BELOW:   1    1.00 INCH OR MORE:   0

[HDD (BASE 65) ]
TOTAL THIS MO.  1133    CLEAR  (SCALE 0-3)   1
DPTR FM NORMAL    89    PTCLDY (SCALE 4-7)  14
TOTAL FM JUL 1  3399    CLOUDY (SCALE 8-10) 11
DPTR FM NORMAL   -60

[CDD (BASE 65) ]
TOTAL THIS MO.     0
DPTR FM NORMAL     0    [PRESSURE DATA]
TOTAL FM JAN 1     0    HIGHEST SLP M ON M
DPTR FM NORMAL     0    LOWEST  SLP 29.49 ON 24

[REMARKS]




U.S. Dept. of Commerce
NOAA National Weather Service
1325 East West Highway
Silver Spring, MD 20910
E-mail: w-nws.webmaster@noaa.gov
Page last modified: May 16, 2007
NATIONAL WEATHER SERVICE: for Safety, for Work, for Fun - FOR LIFE