977
CXUS51 KBTV 010700
CF6BTV
PRELIMINARY LOCAL CLIMATOLOGICAL DATA (WS FORM: F-6)

                                          STATION:   BURLINGTON VT
                                          MONTH:     NOVEMBER
                                          YEAR:      2014
                                          LATITUDE:   44 28 N
                                          LONGITUDE:  73  9 W

  TEMPERATURE IN F:       :PCPN:    SNOW:  WIND      :SUNSHINE: SKY     :PK WND
================================================================================
1   2   3   4   5  6A  6B    7    8   9   10  11  12  13   14  15   16   17  18
                                     12Z  AVG MX 2MIN
DY MAX MIN AVG DEP HDD CDD  WTR  SNW DPTH SPD SPD DIR MIN PSBL S-S WX    SPD DR
================================================================================

 1  42  34  38  -5  27   0 0.02    T    0  9.8 15 360   M    M   9 1      20  10
 2  44  33  39  -4  26   0 0.00  0.0    0 18.9 31 330   M    M   5        40 340
 3  49  33  41  -1  24   0 0.00  0.0    0  9.3 24 330   M    M   3        30 320
 4  62  31  47   5  18   0 0.00  0.0    0  8.8 22 180   M    M   7        32 180
 5  60  50  55  13  10   0 0.02  0.0    0 10.0 21 240   M    M   8        27 280
 6  50  40  45   3  20   0 0.18  0.0    0  3.9 13 350   M    M  10 1      16 350
 7  40  34  37  -4  28   0 0.34    T    0 12.2 22 310   M    M  10 1      29 300
 8  43  32  38  -3  27   0    T    T    0  9.5 21 320   M    M   8        29 180
 9  48  32  40  -1  25   0    T  0.0    0  9.1 20 190   M    M   8        26 190
10  51  39  45   5  20   0 0.00  0.0    0  7.8 16 180   M    M   7        22 180
11  62  44  53  13  12   0 0.00  0.0    0 14.5 29 190   M    M   1        40 200
12  56  41  49   9  16   0 0.04  0.0    0 11.0 21 280   M    M   5        29 300
13  41  33  37  -2  28   0 0.06  0.2    0  5.3 18 270   M    M   8 1      26 270
14  38  28  33  -6  32   0 0.01    T    0  7.8 20 340   M    M   6 1      22 340
15  38  27  33  -6  32   0 0.01  0.1    0  9.2 18 300   M    M   6        25 300
16  39  32  36  -2  29   0 0.00  0.0    0 12.2 20 190   M    M  10        26 190
17  40  33  37  -1  28   0 0.37  0.3    T  5.1 14 180   M    M  10 14     17 170
18  40  24  32  -6  33   0    T    T    0 15.5 24 240   M    M   8        37 220
19  33  25  29  -8  36   0    T    T    0  9.5 23 190   M    M   8        30 190
20  37  26  32  -5  33   0    T    T    0 14.3 25 190   M    M   7 8      33 200
21  29  24  27  -9  38   0 0.00  0.0    0 11.9 21 310   M    M   6        29 250
22  40  21  31  -5  34   0 0.00  0.0    0 16.1 29 200   M    M   7        40 210
23  52  39  46  10  19   0 0.04  0.0    0  9.5 20 190   M    M   9        26 190
24  67  46  57  22   8   0 0.47  0.0    0 12.9 25 190   M    M   6 1      34 190
25  59  41  50  15  15   0 0.00  0.0    0 10.2 20 290   M    M   5        26 290
26  42  29  36   2  29   0 0.32  7.6    0  8.6 23 290   M    M   9 1      30 290
27  30  25  28  -6  37   0 0.03  0.8    5  7.2 18 340   M    M  10 1      22 340
28  30  18  24 -10  41   0 0.06  1.6    5  6.2 16 280   M    M   9 18     23 320
29  31  12  22 -11  43   0 0.00  0.0    5  8.8 22 180   M    M   6        29 170
30  45  31  38   5  27   0 0.01  0.0    3 18.7 28 180   M    M  10        38 170
================================================================================
SM 1338  957       795   0  1.98    10.6 313.8          M      221
================================================================================
AV 44.6 31.9                              10.5 FASTST   M    M   7    MAX(MPH)
                                 MISC ---->  # 31 330               # 40  340
================================================================================
NOTES:
# LAST OF SEVERAL OCCURRENCES

COLUMN 17 PEAK WIND IN M.P.H.

PRELIMINARY LOCAL CLIMATOLOGICAL DATA (WS FORM: F-6) , PAGE 2

                                          STATION:  BURLINGTON VT
                                          MONTH:    NOVEMBER
                                          YEAR:     2014
                                          LATITUDE:   44 28 N
                                          LONGITUDE:  73  9 W

[TEMPERATURE DATA]      [PRECIPITATION DATA]       SYMBOLS USED IN COLUMN 16

AVERAGE MONTHLY: 38.2   TOTAL FOR MONTH:   1.98    1 = FOG OR MIST
DPTR FM NORMAL:   0.0   DPTR FM NORMAL:   -1.15    2 = FOG REDUCING VISIBILITY
HIGHEST:    67 ON 24    GRTST 24HR  0.52 ON  6- 7      TO 1/4 MILE OR LESS
LOWEST:     12 ON 29                               3 = THUNDER
                        SNOW, ICE PELLETS, HAIL    4 = ICE PELLETS
                        TOTAL MONTH:  10.6 INCHES  5 = HAIL
                        GRTST 24HR   7.6 ON   M    6 = FREEZING RAIN OR DRIZZLE
                        GRTST DEPTH:   5 ON 29,28  7 = DUSTSTORM OR SANDSTORM:
                                                       VSBY 1/2 MILE OR LESS
                                                   8 = SMOKE OR HAZE
[NO. OF DAYS WITH]      [WEATHER - DAYS WITH]      9 = BLOWING SNOW
                                                   X = TORNADO
MAX 32 OR BELOW:   4    0.01 INCH OR MORE:  15
MAX 90 OR ABOVE:   0    0.10 INCH OR MORE:   5
MIN 32 OR BELOW:  16    0.50 INCH OR MORE:   0
MIN  0 OR BELOW:   0    1.00 INCH OR MORE:   0

[HDD (BASE 65) ]
TOTAL THIS MO.   795    CLEAR  (SCALE 0-3)   1
DPTR FM NORMAL    -9    PTCLDY (SCALE 4-7)  19
TOTAL FM JUL 1  1325    CLOUDY (SCALE 8-10) 10
DPTR FM NORMAL  -220

[CDD (BASE 65) ]
TOTAL THIS MO.     0
DPTR FM NORMAL     0    [PRESSURE DATA]
TOTAL FM JAN 1   582    HIGHEST SLP M ON M
DPTR FM NORMAL    91    LOWEST  SLP 29.46 ON 17

[REMARKS]
#FINAL-11-14#




U.S. Dept. of Commerce
NOAA National Weather Service
1325 East West Highway
Silver Spring, MD 20910
E-mail: w-nws.webmaster@noaa.gov
Page last modified: May 16, 2007
NATIONAL WEATHER SERVICE: for Safety, for Work, for Fun - FOR LIFE