688
CXUS51 KBTV 300700
CF6BTV
PRELIMINARY LOCAL CLIMATOLOGICAL DATA (WS FORM: F-6)

                                          STATION:   BURLINGTON VT
                                          MONTH:     JANUARY
                                          YEAR:      2015
                                          LATITUDE:   44 28 N
                                          LONGITUDE:  73  9 W

  TEMPERATURE IN F:       :PCPN:    SNOW:  WIND      :SUNSHINE: SKY     :PK WND
================================================================================
1   2   3   4   5  6A  6B    7    8   9   10  11  12  13   14  15   16   17  18
                                     12Z  AVG MX 2MIN
DY MAX MIN AVG DEP HDD CDD  WTR  SNW DPTH SPD SPD DIR MIN PSBL S-S WX    SPD DR
================================================================================

 1  30  21  26   6  39   0 0.00  0.0    T 13.5 23 190   M    M   9        31 180
 2  32  15  24   4  41   0    T    T    T 11.9 21 310   M    M   8        30 320
 3  27   9  18  -2  47   0 0.27  2.8    T  6.4 15 130   M    M   7 1      19 150
 4  46  27  37  17  28   0 0.05    T    3 14.1 29 230   M    M   9 16     40 230
 5  41   8  25   6  40   0 0.00  0.0    0 18.2 30 300   M    M   7        45 290
 6  16   7  12  -7  53   0 0.01  0.1    0 10.0 18 180   M    M   8 8      24 180
 7  19  -8   6 -13  59   0    T    T    0 14.7 26 310   M    M   8 8      33 310
 8  17 -11   3 -16  62   0    T  0.1    0 13.1 23 200   M    M   7 8      33 180
 9  24  15  20   1  45   0 0.01  0.3    0 14.8 28 190   M    M   9 8      38 200
10  20  14  17  -2  48   0    T    T    0 11.8 22 240   M    M   9        30 240
11  27  13  20   1  45   0 0.00  0.0    0 13.9 21 190   M    M   8        30 180
12  31  15  23   5  42   0 0.08  2.3    1 12.3 29 330   M    M  10 18     35 330
13  15  -6   5 -13  60   0    T  0.1    2  7.0 23  10   M    M   2 1      30  10
14  22  -8   7 -11  58   0 0.00  0.0    1  4.3 20 190   M    M   2        26 200
15  24  -4  10  -8  55   0 0.00  0.0    1  6.2 21 190   M    M   5 18     29 180
16  26   5  16  -2  49   0 0.02  0.7    1 15.3 26 320   M    M   9 89     31 320
17  21  -7   7 -11  58   0 0.00  0.0    1 10.4 28 190   M    M   4        37 200
18  39  21  30  12  35   0 0.51  1.0    1 12.7 31 180   M    M   6 1      43 180
19  37  21  29  11  36   0 0.10  1.3    2  8.0 24 310   M    M  10 1      31 320
20  25   6  16  -2  49   0 0.00  0.0    0 10.0 23 320   M    M   1        31 330
21  24   0  12  -6  53   0 0.00  0.0    1  2.6  9  80   M    M   2        12  80
22  23   4  14  -4  51   0 0.00  0.0    1  2.7 10 340   M    M   4 18     12 340
23  30   9  20   2  45   0    T    T    1  9.6 24 190   M    M   7        35 200
24  37  26  32  14  33   0 0.01  0.4    1  6.7 14 190   M    M   5 68     18 180
25  33   1  17  -1  48   0    T  0.2    0 10.5 25 340   M    M   6 8      32 330
26  11  -4   4 -14  61   0 0.00  0.0    2  6.8 15 320   M    M   5 8      18 320
27  10   5   8 -10  57   0 0.03  3.6    2 16.5 25 360   M    M   8 8      35 350
28  19   2  11  -7  54   0    T  0.1    4  7.8 20 360   M    M   3 89     27 360
29  31  -5  13  -6  52   0 0.02  0.2    3  7.6 22 170   M    M   6 1      30 190
================================================================================
SM  757  191      1403   0  1.11    13.2 299.4          M      184
================================================================================
AV 26.1  6.6                              10.3 FASTST   M    M   6    MAX(MPH)
                                 MISC ---->  # 31 180               # 45  290
================================================================================
NOTES:
# LAST OF SEVERAL OCCURRENCES

COLUMN 17 PEAK WIND IN M.P.H.

PRELIMINARY LOCAL CLIMATOLOGICAL DATA (WS FORM: F-6) , PAGE 2

                                          STATION:  BURLINGTON VT
                                          MONTH:    JANUARY
                                          YEAR:     2015
                                          LATITUDE:   44 28 N
                                          LONGITUDE:  73  9 W

[TEMPERATURE DATA]      [PRECIPITATION DATA]       SYMBOLS USED IN COLUMN 16

AVERAGE MONTHLY: 16.3   TOTAL FOR MONTH:   1.11    1 = FOG OR MIST
DPTR FM NORMAL:  -2.2   DPTR FM NORMAL:   -0.82    2 = FOG REDUCING VISIBILITY
HIGHEST:    46 ON  4    GRTST 24HR  0.61 ON 18-19      TO 1/4 MILE OR LESS
LOWEST:    -11 ON  8                               3 = THUNDER
                        SNOW, ICE PELLETS, HAIL    4 = ICE PELLETS
                        TOTAL MONTH:  13.2 INCHES  5 = HAIL
                        GRTST 24HR   3.6 ON   M    6 = FREEZING RAIN OR DRIZZLE
                        GRTST DEPTH:   4 ON 28     7 = DUSTSTORM OR SANDSTORM:
                                                       VSBY 1/2 MILE OR LESS
                                                   8 = SMOKE OR HAZE
[NO. OF DAYS WITH]      [WEATHER - DAYS WITH]      9 = BLOWING SNOW
                                                   X = TORNADO
MAX 32 OR BELOW:  23    0.01 INCH OR MORE:  11
MAX 90 OR ABOVE:   0    0.10 INCH OR MORE:   3
MIN 32 OR BELOW:  29    0.50 INCH OR MORE:   1
MIN  0 OR BELOW:   9    1.00 INCH OR MORE:   0

[HDD (BASE 65) ]
TOTAL THIS MO.  1403    CLEAR  (SCALE 0-3)   5
DPTR FM NORMAL    57    PTCLDY (SCALE 4-7)  16
TOTAL FM JUL 1  3806    CLOUDY (SCALE 8-10)  8
DPTR FM NORMAL  -299

[CDD (BASE 65) ]
TOTAL THIS MO.     0
DPTR FM NORMAL     0    [PRESSURE DATA]
TOTAL FM JAN 1     0    HIGHEST SLP M ON M
DPTR FM NORMAL     0    LOWEST  SLP 29.27 ON 24

[REMARKS]




U.S. Dept. of Commerce
NOAA National Weather Service
1325 East West Highway
Silver Spring, MD 20910
E-mail: w-nws.webmaster@noaa.gov
Page last modified: May 16, 2007
NATIONAL WEATHER SERVICE: for Safety, for Work, for Fun - FOR LIFE