995
CXUS51 KBTV 300700
CF6BTV
PRELIMINARY LOCAL CLIMATOLOGICAL DATA (WS FORM: F-6)

                                          STATION:   BURLINGTON VT
                                          MONTH:     AUGUST
                                          YEAR:      2014
                                          LATITUDE:   44 28 N
                                          LONGITUDE:  73  9 W

  TEMPERATURE IN F:       :PCPN:    SNOW:  WIND      :SUNSHINE: SKY     :PK WND
================================================================================
1   2   3   4   5  6A  6B    7    8   9   10  11  12  13   14  15   16   17  18
                                     12Z  AVG MX 2MIN
DY MAX MIN AVG DEP HDD CDD  WTR  SNW DPTH SPD SPD DIR MIN PSBL S-S WX    SPD DR
================================================================================

 1  83  58  71   1   0   6 0.00  0.0    0  7.4 16 190   M    M   4        20 200
 2  84  64  74   4   0   9 0.00  0.0    0  6.2 17 180   M    M   6 1      22 180
 3  83  62  73   3   0   8 0.02  0.0    0  3.3 13 190   M    M   5 1      16 180
 4  84  66  75   5   0  10 0.08  0.0    0  3.3  8  80   M    M   6 1      10 330
 5  83  65  74   4   0   9 0.13  0.0    0  5.3 20 320   M    M   6 3      24 320
 6  77  62  70   0   0   5 0.03  0.0    0  6.1 17 330   M    M   5        21 320
 7  76  59  68  -2   0   3 0.04  0.0    0  4.7 17 320   M    M   7 1      23 320
 8  80  55  68  -2   0   3 0.00  0.0    0  4.6 15 340   M    M   2 1      22 360
 9  83  57  70   0   0   5 0.00  0.0    0  3.6 14 330   M    M   2        17 360
10  85  57  71   1   0   6 0.00  0.0    0  2.3 10  10   M    M   3        14  20
11  87  59  73   3   0   8 0.00  0.0    0  4.1 10 190   M    M   1        14 200
12  83  66  75   5   0  10 0.01  0.0    0  8.8 20 190   M    M   7        25 200
13  73  62  68  -1   0   3 1.19  0.0    0  7.1 16 140   M    M  10 1      23 170
14  68  58  63  -6   2   0 0.06  0.0    0  6.6 15 260   M    M   8 1      22 260
15  66  56  61  -8   4   0 0.06  0.0    0  7.6 13 190   M    M  10         M  M
16  67  58  63  -6   2   0 0.10  0.0    0 10.5 17 180   M    M   8        22 180
17  73  60  67  -2   0   2 0.02  0.0    0  8.6 17 320   M    M   8 1      23 190
18  72  53  63  -6   2   0 0.02  0.0    0  8.1 17 320   M    M   6 1      22  20
19  76  49  63  -6   2   0 0.00  0.0    0  3.2  8 260   M    M   2        14 300
20  83  53  68   0   0   3 0.00  0.0    0  4.8 12 110   M    M   4        16 220
21  73  63  68   0   0   3 0.14  0.0    0  7.3 18 120   M    M   8 1      24 120
22  67  62  65  -3   0   0 0.07  0.0    0  3.5  9 130   M    M  10 1      12 140
23  79  61  70   2   0   5 0.00  0.0    0  3.2 12 340   M    M   6        16 340
24  82  58  70   2   0   5 0.00  0.0    0  3.7 13 310   M    M   2        17 320
25  86  57  72   4   0   7 0.00  0.0    0  2.5  8 190   M    M   2 1      10 170
26  86  59  73   6   0   8 0.00  0.0    0  7.2 17 190   M    M   1        22 190
27  84  67  76   9   0  11    T  0.0    0  7.2 16 350   M    M   6        23 180
28  73  60  67   0   0   2 0.00  0.0    0  9.2 22 330   M    M   7        26 320
29  75  54  65  -2   0   0 0.00  0.0    0  3.4  8 250   M    M   5        12 310
================================================================================
SM 2271 1720        12 131  1.97     0.0 163.4          M      157
================================================================================
AV 78.3 59.3                               5.6 FASTST   M    M   5    MAX(MPH)
                                 MISC ---->  # 22 330               # 26  320
================================================================================
NOTES:
# LAST OF SEVERAL OCCURRENCES

COLUMN 17 PEAK WIND IN M.P.H.

PRELIMINARY LOCAL CLIMATOLOGICAL DATA (WS FORM: F-6) , PAGE 2

                                          STATION:  BURLINGTON VT
                                          MONTH:    AUGUST
                                          YEAR:     2014
                                          LATITUDE:   44 28 N
                                          LONGITUDE:  73  9 W

[TEMPERATURE DATA]      [PRECIPITATION DATA]       SYMBOLS USED IN COLUMN 16

AVERAGE MONTHLY: 68.8   TOTAL FOR MONTH:   1.97    1 = FOG OR MIST
DPTR FM NORMAL:  -0.1   DPTR FM NORMAL:   -1.72    2 = FOG REDUCING VISIBILITY
HIGHEST:    87 ON 11    GRTST 24HR  1.25 ON 13-14      TO 1/4 MILE OR LESS
LOWEST:     49 ON 19                               3 = THUNDER
                        SNOW, ICE PELLETS, HAIL    4 = ICE PELLETS
                        TOTAL MONTH:   0.0 INCH    5 = HAIL
                        GRTST 24HR     0.0         6 = FREEZING RAIN OR DRIZZLE
                        GRTST DEPTH:   0           7 = DUSTSTORM OR SANDSTORM:
                                                       VSBY 1/2 MILE OR LESS
                                                   8 = SMOKE OR HAZE
[NO. OF DAYS WITH]      [WEATHER - DAYS WITH]      9 = BLOWING SNOW
                                                   X = TORNADO
MAX 32 OR BELOW:   0    0.01 INCH OR MORE:  14
MAX 90 OR ABOVE:   0    0.10 INCH OR MORE:   4
MIN 32 OR BELOW:   0    0.50 INCH OR MORE:   1
MIN  0 OR BELOW:   0    1.00 INCH OR MORE:   1

[HDD (BASE 65) ]
TOTAL THIS MO.    12    CLEAR  (SCALE 0-3)   8
DPTR FM NORMAL   -16    PTCLDY (SCALE 4-7)  16
TOTAL FM JUL 1    13    CLOUDY (SCALE 8-10)  5
DPTR FM NORMAL   -28

[CDD (BASE 65) ]
TOTAL THIS MO.   131
DPTR FM NORMAL    -8    [PRESSURE DATA]
TOTAL FM JAN 1   481    HIGHEST SLP M ON M
DPTR FM NORMAL    39    LOWEST  SLP 29.70 ON 13

[REMARKS]




U.S. Dept. of Commerce
NOAA National Weather Service
1325 East West Highway
Silver Spring, MD 20910
E-mail: w-nws.webmaster@noaa.gov
Page last modified: May 16, 2007
NATIONAL WEATHER SERVICE: for Safety, for Work, for Fun - FOR LIFE