869
CXUS55 KLIX 010830
CF6BTR
PRELIMINARY LOCAL CLIMATOLOGICAL DATA (WS FORM: F-6)

                                          STATION:   BATON ROUGE  ASOS
                                          MONTH:     JULY
                                          YEAR:      2014
                                          LATITUDE:   30 31 N
                                          LONGITUDE:  91  9 W

  TEMPERATURE IN F:       :PCPN:    SNOW:  WIND      :SUNSHINE: SKY     :PK WND
================================================================================
1   2   3   4   5  6A  6B    7    8   9   10  11  12  13   14  15   16   17  18
                                     12Z  AVG MX 2MIN
DY MAX MIN AVG DEP HDD CDD  WTR  SNW DPTH SPD SPD DIR MIN PSBL S-S WX    SPD DR
================================================================================

 1  94  75  85   2   0  20 0.00  0.0    0  6.3 13 220   M    M   3 1      23 320
 2  93  73  83   0   0  18    T  0.0    0  5.6 16 290   M    M   2        22 320
 3  93  70  82  -1   0  17 0.00  0.0    0  3.8 12  40   M    M   1        14  20
 4  90  71  81  -2   0  16 0.00  0.0    0  4.9 10  20   M    M   1        15  40
 5  90  66  78  -5   0  13 0.00  0.0    0  3.0  8 350   M    M   0        12 340
 6  92  65  79  -4   0  14 0.00  0.0    0  1.4  9 260   M    M   0        12 270
 7  93  70  82  -1   0  17 0.00  0.0    0  4.5 13 210   M    M   2        18 210
 8  89  71  80  -3   0  15 0.38  0.0    0  3.5 21 220   M    M   4 138    31 340
 9  88  70  79  -4   0  14 0.01  0.0    0  3.6 13 180   M    M   2 3      16  50
10  93  71  82  -1   0  17 0.01  0.0    0  3.7 17 180   M    M   3        22 250
11  94  72  83   0   0  18 0.89  0.0    0  3.5 29  90   M    M   2 13     43  60
12  94  71  83   0   0  18 0.19  0.0    0  2.9  9  20   M    M   2 13     13  30
13  91  73  82  -1   0  17 0.01  0.0    0  3.2 28 220   M    M   2 13     34 220
14  91  74  83   0   0  18 0.05  0.0    0  4.4 16 170   M    M   3 138    20 190
15  89  75  82  -1   0  17 0.06  0.0    0  6.9 16 300   M    M   3 1      25 300
16  87  69  78  -5   0  13 0.00  0.0    0  4.0 10 330   M    M   3        14 340
17  88  62  75  -8   0  10    T  0.0    0  5.7  9 110   M    M   1        12  50
18  79  73  76  -7   0  11 3.57  0.0    0  6.1 15 240   M    M   8 12     22 240
19  87  72  80  -3   0  15 0.39  0.0    0  4.6 21 240   M    M   7 12     28 220
20  89  73  81  -2   0  16 0.15  0.0    0  2.5  9  20   M    M   7 18     13  30
21  91  71  81  -2   0  16 0.00  0.0    0  2.8 10 290   M    M   3 12     14 280
22  92  71  82  -1   0  17 0.03  0.0    0  3.5 17  60   M    M   2 13     21  60
23  91  70  81  -2   0  16 0.00  0.0    0  4.4 14 210   M    M   3 1      17 220
24  90  72  81  -2   0  16 0.03  0.0    0  1.8 15  40   M    M   3 1      23  50
25  94  74  84   1   0  19 0.00  0.0    0  4.6 14 220   M    M   2 1      18 220
26  95  77  86   3   0  21 0.01  0.0    0  7.1 17 220   M    M   3        22 200
27  94  77  86   3   0  21 0.00  0.0    0  7.9 14 220   M    M   4        18 220
28  94  76  85   2   0  20 0.00  0.0    0  7.8 14 280   M    M   2        19 250
29  91  73  82  -1   0  17 0.00  0.0    0  2.3  9  30   M    M   3        13  40
30  88  66  77  -6   0  12 0.00  0.0    0  4.6 10  50   M    M   1        13  10
31  90  69  80  -3   0  15 0.00  0.0    0  4.8  9 150   M    M   2        13 160
================================================================================
SM 2814 2212         0 504  5.78     0.0 135.7          M       84
================================================================================
AV 90.8 71.4                               4.4 FASTST   M    M   3    MAX(MPH)
                                 MISC ---->  # 29  90               # 43   60
================================================================================
NOTES:
# LAST OF SEVERAL OCCURRENCES

COLUMN 17 PEAK WIND IN M.P.H.

PRELIMINARY LOCAL CLIMATOLOGICAL DATA (WS FORM: F-6) , PAGE 2

                                          STATION:  BATON ROUGE  ASOS
                                          MONTH:    JULY
                                          YEAR:     2014
                                          LATITUDE:   30 31 N
                                          LONGITUDE:  91  9 W

[TEMPERATURE DATA]      [PRECIPITATION DATA]       SYMBOLS USED IN COLUMN 16

AVERAGE MONTHLY: 81.1   TOTAL FOR MONTH:   5.78    1 = FOG OR MIST
DPTR FM NORMAL:  -1.9   DPTR FM NORMAL:    0.82    2 = FOG REDUCING VISIBILITY
HIGHEST:    95 ON 26    GRTST 24HR  3.57 ON 18-18      TO 1/4 MILE OR LESS
LOWEST:     62 ON 17                               3 = THUNDER
                        SNOW, ICE PELLETS, HAIL    4 = ICE PELLETS
                        TOTAL MONTH:   0.0 INCH    5 = HAIL
                        GRTST 24HR     0.0         6 = FREEZING RAIN OR DRIZZLE
                        GRTST DEPTH:   0           7 = DUSTSTORM OR SANDSTORM:
                                                       VSBY 1/2 MILE OR LESS
                                                   8 = SMOKE OR HAZE
[NO. OF DAYS WITH]      [WEATHER - DAYS WITH]      9 = BLOWING SNOW
                                                   X = TORNADO
MAX 32 OR BELOW:   0    0.01 INCH OR MORE:  14
MAX 90 OR ABOVE:  22    0.10 INCH OR MORE:   6
MIN 32 OR BELOW:   0    0.50 INCH OR MORE:   2
MIN  0 OR BELOW:   0    1.00 INCH OR MORE:   1

[HDD (BASE 65) ]
TOTAL THIS MO.     0    CLEAR  (SCALE 0-3)  23
DPTR FM NORMAL     0    PTCLDY (SCALE 4-7)   8
TOTAL FM JUL 1     0    CLOUDY (SCALE 8-10)  0
DPTR FM NORMAL     0

[CDD (BASE 65) ]
TOTAL THIS MO.   504
DPTR FM NORMAL   -52    [PRESSURE DATA]
TOTAL FM JAN 1  1479    HIGHEST SLP 30.20 ON  5
DPTR FM NORMAL  -126    LOWEST  SLP 29.89 ON 18

[REMARKS]
#FINAL-07-14#




U.S. Dept. of Commerce
NOAA National Weather Service
1325 East West Highway
Silver Spring, MD 20910
E-mail: w-nws.webmaster@noaa.gov
Page last modified: May 16, 2007
NATIONAL WEATHER SERVICE: for Safety, for Work, for Fun - FOR LIFE