614
CXUS55 KLIX 300830
CF6BTR
PRELIMINARY LOCAL CLIMATOLOGICAL DATA (WS FORM: F-6)

                                          STATION:   BATON ROUGE  ASOS
                                          MONTH:     AUGUST
                                          YEAR:      2014
                                          LATITUDE:   30 31 N
                                          LONGITUDE:  91  9 W

  TEMPERATURE IN F:       :PCPN:    SNOW:  WIND      :SUNSHINE: SKY     :PK WND
================================================================================
1   2   3   4   5  6A  6B    7    8   9   10  11  12  13   14  15   16   17  18
                                     12Z  AVG MX 2MIN
DY MAX MIN AVG DEP HDD CDD  WTR  SNW DPTH SPD SPD DIR MIN PSBL S-S WX    SPD DR
================================================================================

 1  86  72  79  -4   0  14 0.31  0.0    0  6.0 21 190   M    M   8 1      27 180
 2  88  74  81  -2   0  16 0.03  0.0    0  6.6 12 150   M    M   7 13     17 150
 3  90  72  81  -2   0  16 0.68  0.0    0  4.5 21  50   M    M   7 138    27  50
 4  91  71  81  -2   0  16    T  0.0    0  3.2 14 190   M    M   3 13     17 150
 5  94  73  84   1   0  19    T  0.0    0  2.9 15 150   M    M   2 18     18 150
 6  94  75  85   2   0  20    T  0.0    0  3.6  9 130   M    M   2 1      13 150
 7  95  76  86   3   0  21    T  0.0    0  5.2 15 250   M    M   3        18 260
 8  95  76  86   3   0  21    T  0.0    0  5.5 25 270   M    M   2 138    33 270
 9  94  75  85   2   0  20    T  0.0    0  5.8 23 270   M    M   2        29 270
10  92  74  83   0   0  18 0.30  0.0    0  4.2 18 180   M    M   3 13     23 180
11  92  72  82  -1   0  17 0.35  0.0    0  3.4 24 310   M    M   3 13     32 330
12  92  71  82  -1   0  17 0.00  0.0    0  3.1 12 290   M    M   3        16 270
13  89  70  80  -3   0  15 0.00  0.0    0  2.9  9 330   M    M   1        13 340
14  89  65  77  -6   0  12 0.00  0.0    0  4.0 10  30   M    M   1        13  50
15  91  65  78  -5   0  13    T  0.0    0  2.3 12 270   M    M   1        16 270
16  93  72  83   0   0  18    T  0.0    0  6.0 17 240   M    M   3        23 240
17  92  73  83   0   0  18 0.01  0.0    0  5.8 20 250   M    M   3 3      26 250
18  93  72  83   0   0  18 0.09  0.0    0  7.6 21 210   M    M   2 3      29 220
19  95  74  85   2   0  20 0.00  0.0    0  5.8 21 260   M    M   3        25 250
20  95  72  84   1   0  19 0.10  0.0    0  3.4 21 210   M    M   2 38     25 210
21  95  74  85   2   0  20 0.17  0.0    0  2.8 28 320   M    M   2 13     44 310
22  95  74  85   2   0  20    T  0.0    0  1.8  8 280   M    M   2 1      10 240
23  96  76  86   3   0  21 0.00  0.0    0  1.8  9 330   M    M   2        12 340
24  96  76  86   3   0  21    T  0.0    0  2.7  9 330   M    M   1 1      17 150
25  93  74  84   1   0  19 2.02  0.0    0  3.9 21  30   M    M   3 138    27  30
26  90  73  82  -1   0  17 0.00  0.0    0  4.4 13  50   M    M   2        17  50
27  93  72  83   0   0  18 0.00  0.0    0  4.8 13  80   M    M   2        16 110
28  91  75  83   1   0  18    T  0.0    0  4.6 13 150   M    M   2        16  10
29  87  73  80  -2   0  15 0.03  0.0    0  5.7 14 100   M    M   3 1      16 100
================================================================================
SM 2676 2111         0 517  4.09     0.0 124.3          M       80
================================================================================
AV 92.3 72.8                               4.3 FASTST   M    M   3    MAX(MPH)
                                 MISC ---->  # 28 320               # 44  310
================================================================================
NOTES:
# LAST OF SEVERAL OCCURRENCES

COLUMN 17 PEAK WIND IN M.P.H.

PRELIMINARY LOCAL CLIMATOLOGICAL DATA (WS FORM: F-6) , PAGE 2

                                          STATION:  BATON ROUGE  ASOS
                                          MONTH:    AUGUST
                                          YEAR:     2014
                                          LATITUDE:   30 31 N
                                          LONGITUDE:  91  9 W

[TEMPERATURE DATA]      [PRECIPITATION DATA]       SYMBOLS USED IN COLUMN 16

AVERAGE MONTHLY: 82.5   TOTAL FOR MONTH:   4.09    1 = FOG OR MIST
DPTR FM NORMAL:  -0.4   DPTR FM NORMAL:   -1.38    2 = FOG REDUCING VISIBILITY
HIGHEST:    96 ON 24,23 GRTST 24HR  2.02 ON 25-25      TO 1/4 MILE OR LESS
LOWEST:     65 ON 15,14                            3 = THUNDER
                        SNOW, ICE PELLETS, HAIL    4 = ICE PELLETS
                        TOTAL MONTH:   0.0 INCH    5 = HAIL
                        GRTST 24HR     0.0         6 = FREEZING RAIN OR DRIZZLE
                        GRTST DEPTH:   0           7 = DUSTSTORM OR SANDSTORM:
                                                       VSBY 1/2 MILE OR LESS
                                                   8 = SMOKE OR HAZE
[NO. OF DAYS WITH]      [WEATHER - DAYS WITH]      9 = BLOWING SNOW
                                                   X = TORNADO
MAX 32 OR BELOW:   0    0.01 INCH OR MORE:  11
MAX 90 OR ABOVE:  24    0.10 INCH OR MORE:   7
MIN 32 OR BELOW:   0    0.50 INCH OR MORE:   2
MIN  0 OR BELOW:   0    1.00 INCH OR MORE:   1

[HDD (BASE 65) ]
TOTAL THIS MO.     0    CLEAR  (SCALE 0-3)  22
DPTR FM NORMAL     0    PTCLDY (SCALE 4-7)   7
TOTAL FM JUL 1     0    CLOUDY (SCALE 8-10)  0
DPTR FM NORMAL     0

[CDD (BASE 65) ]
TOTAL THIS MO.   517
DPTR FM NORMAL    -3    [PRESSURE DATA]
TOTAL FM JAN 1  1996    HIGHEST SLP M ON M
DPTR FM NORMAL  -129    LOWEST  SLP 29.86 ON M

[REMARKS]




U.S. Dept. of Commerce
NOAA National Weather Service
1325 East West Highway
Silver Spring, MD 20910
E-mail: w-nws.webmaster@noaa.gov
Page last modified: May 16, 2007
NATIONAL WEATHER SERVICE: for Safety, for Work, for Fun - FOR LIFE