571
CXUS55 KLIX 260902
CF6BTR
PRELIMINARY LOCAL CLIMATOLOGICAL DATA (WS FORM: F-6)

                                          STATION:   BATON ROUGE  ASOS
                                          MONTH:     NOVEMBER
                                          YEAR:      2014
                                          LATITUDE:   30 31 N
                                          LONGITUDE:  91  9 W

  TEMPERATURE IN F:       :PCPN:    SNOW:  WIND      :SUNSHINE: SKY     :PK WND
================================================================================
1   2   3   4   5  6A  6B    7    8   9   10  11  12  13   14  15   16   17  18
                                     12Z  AVG MX 2MIN
DY MAX MIN AVG DEP HDD CDD  WTR  SNW DPTH SPD SPD DIR MIN PSBL S-S WX    SPD DR
================================================================================

 1  60  36  48 -17  17   0 0.00  0.0    0  5.5 15  40   M    M   0        22  30
 2  66  34  50 -14  15   0 0.00  0.0    0  4.0 12 100   M    M   0        14  90
 3  74  38  56  -8   9   0 0.00  0.0    0  5.6 13 100   M    M   0        17 100
 4  80  55  68   4   0   3 0.00  0.0    0  7.0 17 120   M    M   3        32 100
 5  76  59  68   4   0   3    T  0.0    0  4.3  9 230   M    M   6 1      25 150
 6  72  54  63   0   2   0 0.10  0.0    0  3.4 13 330   M    M   6 1      31 330
 7  65  46  56  -7   9   0 0.00  0.0    0  5.1 17  30   M    M   0        22  40
 8  72  43  58  -5   7   0 0.00  0.0    0  3.4  9  20   M    M   2        13  60
 9  71  43  57  -5   8   0 0.00  0.0    0  3.3 13  40   M    M   0        18  40
10  77  39  58  -4   7   0 0.00  0.0    0  6.3 18 190   M    M   0 1      22 190
11  82  58  70   8   0   5 0.00  0.0    0  7.1 17 200   M    M   6        21 220
12  60  42  51 -10  14   0    T  0.0    0  6.4 13 350   M    M  10 18     19 340
13  49  33  41 -20  24   0 0.01  0.0    0  7.1 15 350   M    M   6        24 360
14  51  29  40 -21  25   0 0.00  0.0    0  4.0 15  60   M    M   0        20  30
15  58  29  44 -16  21   0 0.00  0.0    0  6.6 15 100   M    M   5        19 110
16  76  50  63   3   2   0 2.64  0.0    0 11.5 25 180   M    M   9 13     38 190
17  51  35  43 -17  22   0 0.35  0.0    0  9.0 17 340   M    M   5 1      28 320
18  51  29  40 -20  25   0 0.00  0.0    0  4.3 14  40   M    M   1        18  30
19  61  27  44 -15  21   0 0.00  0.0    0  3.7 15 160   M    M   1        20 180
20  71  37  54  -5  11   0 0.00  0.0    0  5.3 12 180   M    M   3        15 160
21  72  43  58  -1   7   0 0.00  0.0    0  9.2 23 100   M    M   4        30 100
22  70  50  60   2   5   0 0.00  0.0    0 11.4 23 110   M    M   6        30 100
23  75  63  69  11   0   4 0.40  0.0    0 15.5 28 220   M    M   7 1      35 220
24  67  46  57  -1   8   0 0.00  0.0    0  6.1 14 210   M    M   1 1      19 330
25  57  36  47 -11  18   0 0.00  0.0    0  2.9 12 330   M    M   2        20 320
================================================================================
SM 1664 1054       277  15  3.50     0.0 158.0          M       83
================================================================================
AV 66.6 42.2                               6.3 FASTST   M    M   3    MAX(MPH)
                                 MISC ---->  # 28 220               # 38  190
================================================================================
NOTES:
# LAST OF SEVERAL OCCURRENCES

COLUMN 17 PEAK WIND IN M.P.H.

PRELIMINARY LOCAL CLIMATOLOGICAL DATA (WS FORM: F-6) , PAGE 2

                                          STATION:  BATON ROUGE  ASOS
                                          MONTH:    NOVEMBER
                                          YEAR:     2014
                                          LATITUDE:   30 31 N
                                          LONGITUDE:  91  9 W

[TEMPERATURE DATA]      [PRECIPITATION DATA]       SYMBOLS USED IN COLUMN 16

AVERAGE MONTHLY: 54.4   TOTAL FOR MONTH:   3.50    1 = FOG OR MIST
DPTR FM NORMAL:  -6.8   DPTR FM NORMAL:    0.13    2 = FOG REDUCING VISIBILITY
HIGHEST:    82 ON 11    GRTST 24HR  2.99 ON 16-17      TO 1/4 MILE OR LESS
LOWEST:     27 ON 19                               3 = THUNDER
                        SNOW, ICE PELLETS, HAIL    4 = ICE PELLETS
                        TOTAL MONTH:   0.0 INCH    5 = HAIL
                        GRTST 24HR     0.0         6 = FREEZING RAIN OR DRIZZLE
                        GRTST DEPTH:   0           7 = DUSTSTORM OR SANDSTORM:
                                                       VSBY 1/2 MILE OR LESS
                                                   8 = SMOKE OR HAZE
[NO. OF DAYS WITH]      [WEATHER - DAYS WITH]      9 = BLOWING SNOW
                                                   X = TORNADO
MAX 32 OR BELOW:   0    0.01 INCH OR MORE:   5
MAX 90 OR ABOVE:   0    0.10 INCH OR MORE:   4
MIN 32 OR BELOW:   4    0.50 INCH OR MORE:   1
MIN  0 OR BELOW:   0    1.00 INCH OR MORE:   1

[HDD (BASE 65) ]
TOTAL THIS MO.   277    CLEAR  (SCALE 0-3)  14
DPTR FM NORMAL   133    PTCLDY (SCALE 4-7)   9
TOTAL FM JUL 1   292    CLOUDY (SCALE 8-10)  2
DPTR FM NORMAL   102

[CDD (BASE 65) ]
TOTAL THIS MO.    15
DPTR FM NORMAL   -29    [PRESSURE DATA]
TOTAL FM JAN 1  2676    HIGHEST SLP M ON M
DPTR FM NORMAL  -118    LOWEST  SLP 29.54 ON 23

[REMARKS]




U.S. Dept. of Commerce
NOAA National Weather Service
1325 East West Highway
Silver Spring, MD 20910
E-mail: w-nws.webmaster@noaa.gov
Page last modified: May 16, 2007
NATIONAL WEATHER SERVICE: for Safety, for Work, for Fun - FOR LIFE