238
CXUS55 KLIX 200830
CF6BTR
PRELIMINARY LOCAL CLIMATOLOGICAL DATA (WS FORM: F-6)

                                          STATION:   BATON ROUGE  ASOS
                                          MONTH:     APRIL
                                          YEAR:      2014
                                          LATITUDE:   30 31 N
                                          LONGITUDE:  91  9 W

  TEMPERATURE IN F:       :PCPN:    SNOW:  WIND      :SUNSHINE: SKY     :PK WND
================================================================================
1   2   3   4   5  6A  6B    7    8   9   10  11  12  13   14  15   16   17  18
                                     12Z  AVG MX 2MIN
DY MAX MIN AVG DEP HDD CDD  WTR  SNW DPTH SPD SPD DIR MIN PSBL S-S WX    SPD DR
================================================================================

 1  84  56  70   5   0   5 0.00  0.0    0  8.3 16 160   M    M   3 1      22 170
 2  85  64  75  10   0  10 0.00  0.0    0 10.0 20 170   M    M   6 18     25 160
 3  85  69  77  12   0  12 0.00  0.0    0 12.2 26 160   M    M   8 8      33 160
 4  78  66  72   7   0   7 0.19  0.0    0  6.5 25 290   M    M   8 18     34 280
 5  67  59  63  -3   2   0    T  0.0    0  7.7 17  60   M    M  10        20  60
 6  75  56  66   0   0   1 2.13  0.0    0 10.5 31 210   M    M  10 13     39 210
 7  71  54  63  -3   2   0 0.54  0.0    0  9.2 20 280   M    M   5 1      25 180
 8  69  50  60  -6   5   0 0.04  0.0    0  9.5 24 310   M    M   5 3      35 340
 9  72  45  59  -7   6   0 0.00  0.0    0  5.3 14 270   M    M   0        19 290
10  77  46  62  -5   3   0 0.00  0.0    0  7.3 18 190   M    M   0        23 190
11  80  52  66  -1   0   1 0.00  0.0    0  6.4 15 180   M    M   5        20 190
12  84  57  71   4   0   6 0.00  0.0    0  8.5 18 160   M    M   6 12     27 190
13  85  69  77  10   0  12 0.01  0.0    0 12.1 23 170   M    M   5 18     29 180
14  86  51  69   1   0   4 0.59  0.0    0 10.2 20 300   M    M   8 13     32 300
15  62  44  53 -15  12   0 0.00  0.0    0  9.1 21 320   M    M   4        30 330
16  67  37  52 -16  13   0 0.00    M    0  5.7 15  70   M    M   0        18 120
17  67  47  57 -11   8   0 0.00  0.0    0  6.5 15  70   M    M   7        18  60
18  80  58  69   0   0   4 0.01  0.0    0  5.2 15  50   M    M   6 3      22  30
19  82  52  67  -2   0   2 0.00  0.0    0  2.4 12 300   M    M   0 1      15 290
================================================================================
SM 1456 1032        51  64  3.51     0.0 152.6          M       96
================================================================================
AV 76.6 54.3                               8.0 FASTST   M    M   5    MAX(MPH)
                                 MISC ---->  # 31 210               # 39  210
================================================================================
NOTES:
# LAST OF SEVERAL OCCURRENCES

COLUMN 17 PEAK WIND IN M.P.H.

PRELIMINARY LOCAL CLIMATOLOGICAL DATA (WS FORM: F-6) , PAGE 2

                                          STATION:  BATON ROUGE  ASOS
                                          MONTH:    APRIL
                                          YEAR:     2014
                                          LATITUDE:   30 31 N
                                          LONGITUDE:  91  9 W

[TEMPERATURE DATA]      [PRECIPITATION DATA]       SYMBOLS USED IN COLUMN 16

AVERAGE MONTHLY: 65.5   TOTAL FOR MONTH:   3.51    1 = FOG OR MIST
DPTR FM NORMAL:  -1.3   DPTR FM NORMAL:    0.59    2 = FOG REDUCING VISIBILITY
HIGHEST:    86 ON 14    GRTST 24HR  2.20 ON  6- 7      TO 1/4 MILE OR LESS
LOWEST:     37 ON 16                               3 = THUNDER
                        SNOW, ICE PELLETS, HAIL    4 = ICE PELLETS
                        TOTAL MONTH:   0.0 INCH    5 = HAIL
                        GRTST 24HR     0.0         6 = FREEZING RAIN OR DRIZZLE
                        GRTST DEPTH:   0           7 = DUSTSTORM OR SANDSTORM:
                                                       VSBY 1/2 MILE OR LESS
                                                   8 = SMOKE OR HAZE
[NO. OF DAYS WITH]      [WEATHER - DAYS WITH]      9 = BLOWING SNOW
                                                   X = TORNADO
MAX 32 OR BELOW:   0    0.01 INCH OR MORE:   7
MAX 90 OR ABOVE:   0    0.10 INCH OR MORE:   4
MIN 32 OR BELOW:   0    0.50 INCH OR MORE:   3
MIN  0 OR BELOW:   0    1.00 INCH OR MORE:   1

[HDD (BASE 65) ]
TOTAL THIS MO.    51    CLEAR  (SCALE 0-3)   4
DPTR FM NORMAL     8    PTCLDY (SCALE 4-7)  13
TOTAL FM JUL 1  1978    CLOUDY (SCALE 8-10)  2
DPTR FM NORMAL   433

[CDD (BASE 65) ]
TOTAL THIS MO.    64
DPTR FM NORMAL   -11    [PRESSURE DATA]
TOTAL FM JAN 1   110    HIGHEST SLP M ON M
DPTR FM NORMAL   -54    LOWEST  SLP 29.62 ON  6

[REMARKS]




U.S. Dept. of Commerce
NOAA National Weather Service
1325 East West Highway
Silver Spring, MD 20910
E-mail: w-nws.webmaster@noaa.gov
Page last modified: May 16, 2007
NATIONAL WEATHER SERVICE: for Safety, for Work, for Fun - FOR LIFE