597
CXUS55 KMSO 270800
CF6BTM
PRELIMINARY LOCAL CLIMATOLOGICAL DATA (WS FORM: F-6)

                                          STATION:   BUTTE MT
                                          MONTH:     JANUARY
                                          YEAR:      2015
                                          LATITUDE:   45 57 N
                                          LONGITUDE: 112 30 W

  TEMPERATURE IN F:       :PCPN:    SNOW:  WIND      :SUNSHINE: SKY     :PK WND
================================================================================
1   2   3   4   5  6A  6B    7    8   9   10  11  12  13   14  15   16   17  18
                                     12Z  AVG MX 2MIN
DY MAX MIN AVG DEP HDD CDD  WTR  SNW DPTH SPD SPD DIR MIN PSBL S-S WX    SPD DR
================================================================================

 1  15 -12   2 -16  63   0 0.00    M    M  1.7  7 160   M    M   0 18      7 180
 2  30  -8  11  -7  54   0 0.01    M    M  2.1  9 320   M    M   7 18     11 320
 3  26   4  15  -3  50   0 0.03    M    M  3.0 13 330   M    M   7 1      15  10
 4  25  10  18   0  47   0 0.01    M    M  1.2  6 300   M    M  10 18      8 160
 5  44  24  34  15  31   0    T    M    M  9.1 20 270   M    M  10        31 250
 6  47  26  37  18  28   0 0.00    M    M  4.8 16 280   M    M   3        24 280
 7  32  16  24   5  41   0 0.00    M    M  2.9 14 150   M    M   1        16 140
 8  28   9  19   0  46   0 0.00    M    M  3.6 18  20   M    M   7 12     23  20
 9  20   2  11  -8  54   0 0.00    M    M  0.7  6 150   M    M   0         7 150
10  33  13  23   4  42   0 0.00    M    M  0.8  7 190   M    M   6        10 180
11  34  23  29   9  36   0 0.05    M    M  2.3  7  40   M    M  10 18      8  40
12  32  22  27   7  38   0    T    M    M  2.8 12 310   M    M  10 1      13 300
13  31   3  17  -3  48   0 0.00    M    M  3.1 12 290   M    M   3 1      14 280
14  26   0  13  -7  52   0 0.00    M    M  1.5  6 180   M    M   3 12      7 130
15  28   0  14  -6  51   0 0.00    M    M  2.5  9 180   M    M   1 1      10 170
16  40  18  29   9  36   0    T    M    M  6.7 24 320   M    M   8        33 280
17  35   7  21   1  44   0 0.00    M    M  3.9 14 360   M    M   3        17  10
18  46  27  37  17  28   0 0.06    M    M  5.9 29 270   M    M   7 1      37 290
19  36  18  27   7  38   0 0.01    M    M  5.8 17 320   M    M   4 18     23 250
20  32  16  24   4  41   0 0.00    M    M  4.5 13 290   M    M   7        16 300
21  28   5  17  -3  48   0 0.00    M    M  3.6 10 340   M    M   2 8      12 330
22  32   5  19  -1  46   0 0.00    M    M  2.4  9  10   M    M   3        11 340
23  42  22  32  12  33   0 0.00    M    M  4.4  9 140   M    M   4        12 340
24  45  25  35  15  30   0 0.00    M    M  4.3 13 300   M    M   9        19 280
25  54  28  41  21  24   0 0.00    M    M  3.7 10 260   M    M   1        15 240
26  54  23  39  19  26   0 0.00    M    M  1.8 10 150   M    M   0        11 150
================================================================================
SM  895  326      1075   0  0.17    M     89.1          M      126
================================================================================
AV 34.4 12.5                               3.4 FASTST   M    M   5    MAX(MPH)
                                 MISC ---->  # 29 270               # 37  290
================================================================================
NOTES:
# LAST OF SEVERAL OCCURRENCES

COLUMN 17 PEAK WIND IN M.P.H.

PRELIMINARY LOCAL CLIMATOLOGICAL DATA (WS FORM: F-6) , PAGE 2

                                          STATION:  BUTTE MT
                                          MONTH:    JANUARY
                                          YEAR:     2015
                                          LATITUDE:   45 57 N
                                          LONGITUDE: 112 30 W

[TEMPERATURE DATA]      [PRECIPITATION DATA]       SYMBOLS USED IN COLUMN 16

AVERAGE MONTHLY: 23.5   TOTAL FOR MONTH:   0.17    1 = FOG OR MIST
DPTR FM NORMAL:   4.0   DPTR FM NORMAL:   -0.23    2 = FOG REDUCING VISIBILITY
HIGHEST:    54 ON 26,25 GRTST 24HR  0.06 ON 18-18      TO 1/4 MILE OR LESS
LOWEST:    -12 ON  1                               3 = THUNDER
                        SNOW, ICE PELLETS, HAIL    4 = ICE PELLETS
                        TOTAL MONTH:    M          5 = HAIL
                        GRTST 24HR    M  ON   M    6 = FREEZING RAIN OR DRIZZLE
                        GRTST DEPTH:  M  ON   M    7 = DUSTSTORM OR SANDSTORM:
                                                       VSBY 1/2 MILE OR LESS
                                                   8 = SMOKE OR HAZE
[NO. OF DAYS WITH]      [WEATHER - DAYS WITH]      9 = BLOWING SNOW
                                                   X = TORNADO
MAX 32 OR BELOW:  14    0.01 INCH OR MORE:   6
MAX 90 OR ABOVE:   0    0.10 INCH OR MORE:   0
MIN 32 OR BELOW:  26    0.50 INCH OR MORE:   0
MIN  0 OR BELOW:   4    1.00 INCH OR MORE:   0

[HDD (BASE 65) ]
TOTAL THIS MO.  1075    CLEAR  (SCALE 0-3)   9
DPTR FM NORMAL  -109    PTCLDY (SCALE 4-7)  12
TOTAL FM JUL 1  4720    CLOUDY (SCALE 8-10)  5
DPTR FM NORMAL  -428

[CDD (BASE 65) ]
TOTAL THIS MO.     0
DPTR FM NORMAL     0    [PRESSURE DATA]
TOTAL FM JAN 1     0    HIGHEST SLP M ON M
DPTR FM NORMAL     0    LOWEST  SLP 29.96 ON 18

[REMARKS]




U.S. Dept. of Commerce
NOAA National Weather Service
1325 East West Highway
Silver Spring, MD 20910
E-mail: w-nws.webmaster@noaa.gov
Page last modified: May 16, 2007
NATIONAL WEATHER SERVICE: for Safety, for Work, for Fun - FOR LIFE