655
CXUS55 KMSO 011534
CF6BTM
PRELIMINARY LOCAL CLIMATOLOGICAL DATA (WS FORM: F-6)

                                          STATION:   BUTTE MT
                                          MONTH:     AUGUST
                                          YEAR:      2014
                                          LATITUDE:   45 57 N
                                          LONGITUDE: 112 30 W

  TEMPERATURE IN F:       :PCPN:    SNOW:  WIND      :SUNSHINE: SKY     :PK WND
================================================================================
1   2   3   4   5  6A  6B    7    8   9   10  11  12  13   14  15   16   17  18
                                     12Z  AVG MX 2MIN
DY MAX MIN AVG DEP HDD CDD  WTR  SNW DPTH SPD SPD DIR MIN PSBL S-S WX    SPD DR
================================================================================

 1  86  48  67   3   0   2 0.00    M    M  6.3 18 140   M    M   1 8      24 130
 2  82  49  66   2   0   1 0.24    M    M  3.5 23 280   M    M   1 3      30 280
 3  83  50  67   3   0   2 0.00    M    M  5.4 14 200   M    M   1        15 190
 4  74  50  62  -2   3   0    T    M    M  6.0 20 190   M    M   2        23 130
 5  81  46  64   0   1   0 0.00    M    M  3.6 14  60   M    M   0        17  50
 6  82  48  65   1   0   0 0.00    M    M  5.8 21 170   M    M   1        24 170
 7  85  47  66   2   0   1 0.00    M    M  3.6 17 150   M    M   2        20 150
 8  79  48  64   0   1   0 0.01    M    M  6.0 23 270   M    M   3 3      32 270
 9  80  43  62  -2   3   0 0.00    M    M  4.3 12  20   M    M   2        15  30
10  86  46  66   3   0   1 0.00    M    M  4.7 17 320   M    M   0        24 310
11  89  46  68   5   0   3 0.00    M    M  6.9 22 100   M    M   0        25 110
12  87  51  69   6   0   4 0.26    M    M  5.5 31 270   M    M   2 13     44 290
13  82  52  67   4   0   2 0.59    M    M  7.0 28 150   M    M   4 13     33 160
14  76  54  65   3   0   0 0.01    M    M  3.8 20 150   M    M   4 13     22 150
15  72  49  61  -1   4   0 0.36    M    M  4.3 26 290   M    M   3 13     36 290
16  72  51  62   0   3   0 0.06    M    M  4.4 18 290   M    M   7 1      26 280
17  77  43  60  -2   5   0 0.00    M    M  5.2 16 320   M    M   1        22 320
18  81  44  63   1   2   0 0.00    M    M  5.0 13 310   M    M   0        18 300
19  80  45  63   2   2   0 0.01    M    M  4.6 29 240   M    M   2 3      44 230
20  73  46  60  -1   5   0 0.02    M    M  3.2 20 130   M    M   5 3      23 140
21  68  49  59  -2   6   0 0.17    M    M  4.5 23 160   M    M   6 13     28 160
22  64  47  56  -5   9   0 0.42    M    M  4.6 17 150   M    M   9 13     23 250
23  50  43  47 -13  18   0 0.77    M    M  8.2 15  10   M    M  10 1      22  10
24  55  43  49 -11  16   0 0.01    M    M  2.6 14 160   M    M  10        17 150
25  65  43  54  -6  11   0 0.00    M    M  3.5 12 160   M    M   6        15 170
26  73  41  57  -2   8   0 0.00    M    M  3.5 10  30   M    M   1        14  40
27  78  41  60   1   5   0 0.00    M    M  5.3 16 330   M    M   0        19 330
28  81  43  62   3   3   0 0.00    M    M  6.3 20 330   M    M   1        26 300
29  80  43  62   4   3   0    T    M    M  5.6 17 200   M    M   2 3      23 200
30  64  47  56  -2   9   0 0.12    M    M  4.4 26 290   M    M   3 13     34 300
31  64  43  54  -4  11   0 0.02    M    M  6.8 17 320   M    M   4        24 320
================================================================================
SM 2349 1439       128  16  3.07    M    154.4          M       93
================================================================================
AV 75.8 46.4                               5.0 FASTST   M    M   3    MAX(MPH)
                                 MISC ---->  # 31 270               # 44  290
================================================================================
NOTES:
# LAST OF SEVERAL OCCURRENCES

COLUMN 17 PEAK WIND IN M.P.H.

PRELIMINARY LOCAL CLIMATOLOGICAL DATA (WS FORM: F-6) , PAGE 2

                                          STATION:  BUTTE MT
                                          MONTH:    AUGUST
                                          YEAR:     2014
                                          LATITUDE:   45 57 N
                                          LONGITUDE: 112 30 W

[TEMPERATURE DATA]      [PRECIPITATION DATA]       SYMBOLS USED IN COLUMN 16

AVERAGE MONTHLY: 61.1   TOTAL FOR MONTH:   3.07    1 = FOG OR MIST
DPTR FM NORMAL:  -0.6   DPTR FM NORMAL:    1.71    2 = FOG REDUCING VISIBILITY
HIGHEST:    89 ON 11    GRTST 24HR  1.05 ON 22-23      TO 1/4 MILE OR LESS
LOWEST:     41 ON 27,26                            3 = THUNDER
                        SNOW, ICE PELLETS, HAIL    4 = ICE PELLETS
                        TOTAL MONTH:    M          5 = HAIL
                        GRTST 24HR    M  ON   M    6 = FREEZING RAIN OR DRIZZLE
                        GRTST DEPTH:  M  ON   M    7 = DUSTSTORM OR SANDSTORM:
                                                       VSBY 1/2 MILE OR LESS
                                                   8 = SMOKE OR HAZE
[NO. OF DAYS WITH]      [WEATHER - DAYS WITH]      9 = BLOWING SNOW
                                                   X = TORNADO
MAX 32 OR BELOW:   0    0.01 INCH OR MORE:  15
MAX 90 OR ABOVE:   0    0.10 INCH OR MORE:   8
MIN 32 OR BELOW:   0    0.50 INCH OR MORE:   2
MIN  0 OR BELOW:   0    1.00 INCH OR MORE:   0

[HDD (BASE 65) ]
TOTAL THIS MO.   128    CLEAR  (SCALE 0-3)  18
DPTR FM NORMAL     0    PTCLDY (SCALE 4-7)  10
TOTAL FM JUL 1   163    CLOUDY (SCALE 8-10)  3
DPTR FM NORMAL   -65

[CDD (BASE 65) ]
TOTAL THIS MO.    16
DPTR FM NORMAL   -12    [PRESSURE DATA]
TOTAL FM JAN 1    77    HIGHEST SLP 30.20 ON 11
DPTR FM NORMAL    -2    LOWEST  SLP 29.71 ON 19

[REMARKS]
#FINAL-08-14#




U.S. Dept. of Commerce
NOAA National Weather Service
1325 East West Highway
Silver Spring, MD 20910
E-mail: w-nws.webmaster@noaa.gov
Page last modified: May 16, 2007
NATIONAL WEATHER SERVICE: for Safety, for Work, for Fun - FOR LIFE