234
CXUS55 KMSO 020714
CF6BTM
PRELIMINARY LOCAL CLIMATOLOGICAL DATA (WS FORM: F-6)

                                          STATION:   BUTTE MT
                                          MONTH:     NOVEMBER
                                          YEAR:      2014
                                          LATITUDE:   45 57 N
                                          LONGITUDE: 112 30 W

  TEMPERATURE IN F:       :PCPN:    SNOW:  WIND      :SUNSHINE: SKY     :PK WND
================================================================================
1   2   3   4   5  6A  6B    7    8   9   10  11  12  13   14  15   16   17  18
                                     12Z  AVG MX 2MIN
DY MAX MIN AVG DEP HDD CDD  WTR  SNW DPTH SPD SPD DIR MIN PSBL S-S WX    SPD DR
================================================================================

 1  62  31  47  12  18   0 0.02    M    M  7.1 38 190   M    M   5 3      50 190
 2  44  24  34  -1  31   0 0.10    M    M  7.2 18 310   M    M   7 1      26 240
 3  42  20  31  -3  34   0 0.00    M    M  3.4 12 300   M    M   5        15 300
 4  48  29  39   5  26   0 0.01    M    M  7.4 18 270   M    M   6        32 240
 5  51  31  41   8  24   0 0.00    M    M  6.2 20 260   M    M   4        28 250
 6  58  28  43  10  22   0 0.00    M    M  4.0 16 180   M    M   4        19 170
 7  53  25  39   7  26   0 0.02    M    M  8.3 26 270   M    M   3        38 270
 8  56  19  38   6  27   0 0.00    M    M  3.2  9 290   M    M   0        13 270
 9  59  25  42  11  23   0 0.04    M    M  9.9 31 250   M    M   5 1      45 230
10  24   3  14 -17  51   0 0.04    M    M  7.6 20  20   M    M  10 18     26  30
11   3 -14  -5 -35  70   0    T    M    M  5.5 21  30   M    M   9 18     29  30
12   6 -19  -6 -36  71   0    T    M    M  5.1 18 170   M    M   1 18     21 160
13  16 -18  -1 -30  66   0    T    M    M  2.8 12 170   M    M   2 8      13 160
14  13   2   8 -21  57   0    T    M    M  5.8 18  10   M    M  10 18     22  10
15  11 -18  -3 -31  68   0 0.00    M    M  3.0 12 350   M    M   1        16 360
16  21 -11   5 -23  60   0 0.00    M    M  1.7  9 150   M    M   5        10 150
17  25 -12   7 -20  58   0 0.00    M    M  2.5  7 160   M    M   0         8 330
18  28  -3  13 -13  52   0 0.00    M    M  1.3  6 170   M    M   3         6 140
19  35   2  19  -7  46   0 0.00    M    M  1.7  7 130   M    M   2 18      7 120
20  42  14  28   3  37   0 0.00    M    M  2.7 12 280   M    M   7 1      16 290
21  41  13  27   2  38   0 0.00    M    M  5.7 17 170   M    M   5        21 170
22  39  26  33   9  32   0 0.11    M    M  9.0 24 310   M    M   8 1      33 310
23  35  23  29   5  36   0 0.06    M    M  7.4 20 310   M    M   8 1      26 310
24  34  25  30   7  35   0    T    M    M 11.6 24 260   M    M   6 1      36 270
25  36  27  32   9  33   0 0.46    M    M  6.4 20 250   M    M  10 1      29 260
26  44  27  36  14  29   0 0.12    M    M  3.0 10 260   M    M   6 18     16 270
27  51  39  45  23  20   0    T    M    M  7.7 25 200   M    M   7        40 200
28  46  37  42  21  23   0    T    M    M 12.5 32 200   M    M   8        44 210
29  44   8  26   5  39   0 0.02    M    M 10.4 32 220   M    M   8 12     53 200
30  21  -5   8 -12  57   0    T    M    M  3.2 14 330   M    M   2 1      18 320
================================================================================
SM 1088  378      1209   0  1.00    M    173.3          M      157
================================================================================
AV 36.3 12.6                               5.8 FASTST   M    M   5    MAX(MPH)
                                 MISC ---->  # 38 190               # 53  200
================================================================================
NOTES:
# LAST OF SEVERAL OCCURRENCES

COLUMN 17 PEAK WIND IN M.P.H.

PRELIMINARY LOCAL CLIMATOLOGICAL DATA (WS FORM: F-6) , PAGE 2

                                          STATION:  BUTTE MT
                                          MONTH:    NOVEMBER
                                          YEAR:     2014
                                          LATITUDE:   45 57 N
                                          LONGITUDE: 112 30 W

[TEMPERATURE DATA]      [PRECIPITATION DATA]       SYMBOLS USED IN COLUMN 16

AVERAGE MONTHLY: 24.4   TOTAL FOR MONTH:   1.00    1 = FOG OR MIST
DPTR FM NORMAL:  -3.3   DPTR FM NORMAL:    0.40    2 = FOG REDUCING VISIBILITY
HIGHEST:    62 ON  1    GRTST 24HR  0.58 ON 25-26      TO 1/4 MILE OR LESS
LOWEST:    -19 ON 12                               3 = THUNDER
                        SNOW, ICE PELLETS, HAIL    4 = ICE PELLETS
                        TOTAL MONTH:    M          5 = HAIL
                        GRTST 24HR    M  ON   M    6 = FREEZING RAIN OR DRIZZLE
                        GRTST DEPTH:  M  ON   M    7 = DUSTSTORM OR SANDSTORM:
                                                       VSBY 1/2 MILE OR LESS
                                                   8 = SMOKE OR HAZE
[NO. OF DAYS WITH]      [WEATHER - DAYS WITH]      9 = BLOWING SNOW
                                                   X = TORNADO
MAX 32 OR BELOW:  10    0.01 INCH OR MORE:  11
MAX 90 OR ABOVE:   0    0.10 INCH OR MORE:   4
MIN 32 OR BELOW:  28    0.50 INCH OR MORE:   0
MIN  0 OR BELOW:   8    1.00 INCH OR MORE:   0

[HDD (BASE 65) ]
TOTAL THIS MO.  1209    CLEAR  (SCALE 0-3)   8
DPTR FM NORMAL    90    PTCLDY (SCALE 4-7)  17
TOTAL FM JUL 1  2330    CLOUDY (SCALE 8-10)  5
DPTR FM NORMAL  -160

[CDD (BASE 65) ]
TOTAL THIS MO.     0
DPTR FM NORMAL     0    [PRESSURE DATA]
TOTAL FM JAN 1    78    HIGHEST SLP 30.84 ON 12
DPTR FM NORMAL    -3    LOWEST  SLP 29.22 ON 29

[REMARKS]
#FINAL-11-14#




U.S. Dept. of Commerce
NOAA National Weather Service
1325 East West Highway
Silver Spring, MD 20910
E-mail: w-nws.webmaster@noaa.gov
Page last modified: May 16, 2007
NATIONAL WEATHER SERVICE: for Safety, for Work, for Fun - FOR LIFE