776
CXUS53 KGRR 221017
CF6BTL
PRELIMINARY LOCAL CLIMATOLOGICAL DATA (WS FORM: F-6)

                                          STATION:   BATTLE CREEK MI
                                          MONTH:     AUGUST
                                          YEAR:      2014
                                          LATITUDE:   42 17 N
                                          LONGITUDE:  85 14 W

  TEMPERATURE IN F:       :PCPN:    SNOW:  WIND      :SUNSHINE: SKY     :PK WND
================================================================================
1   2   3   4   5  6A  6B    7    8   9   10  11  12  13   14  15   16   17  18
                                     12Z  AVG MX 2MIN
DY MAX MIN AVG DEP HDD CDD  WTR  SNW DPTH SPD SPD DIR MIN PSBL S-S WX    SPD DR
================================================================================

 1  82  61  72   2   0   7    T    M    M  5.7 12 250   0    0   0 18     19 230
 2  83  57  70   0   0   5 0.00    M    M  3.5  8 320   M    M   0 1      14 310
 3  84  55  70   0   0   5 0.00    M    M  3.8 14 300   M    M   0 18     19 300
 4  85  62  74   4   0   9 0.00    M    M  4.3 17 340   M    M   1 138    20 310
 5  79  66  73   3   0   8 0.77    M    M  2.6 13 300   M    M   7 13     16 260
 6  80  61  71   1   0   6 0.00    M    M  4.3 15  10   M    M   5 128    19  30
 7  82  55  69  -1   0   4 0.00    M    M  3.5 10  50   M    M   1        14  50
 8  82  60  71   1   0   6 0.00    M    M  6.9 14  90   M    M   1        17  50
 9  80  58  69  -1   0   4 0.00    M    M  5.6 15  50   M    M   0        19  50
10  85  58  72   2   0   7 0.00    M    M  6.1 12  60   M    M   2        15  60
11  76  67  72   2   0   7 0.08    M    M  4.9 10  20   M    M   7 18     13 120
12  68  57  63  -7   2   0 0.04    M    M 10.2 18 270   M    M  10 18     22 320
13  78  52  65  -5   0   0 0.00    M    M  9.2 20 290   M    M   2        25 290
14  72  50  61  -9   4   0 0.00    M    M  7.8 18 300   M    M   2        27 330
15  75  45  60 -10   5   0 0.00    M    M  5.9 17 290   M    M   1        21 300
16  82  53  68  -2   0   3 0.00    M    M  8.7 18 230   M    M   3        22 240
17  73  69  71   2   0   6 0.03    M    M  4.6 12  50   M    M   9 1      14  70
18  81  62  72   3   0   7 0.00    M    M  5.7 13 160   M    M   5        16 160
19  84  64  74   5   0   9 0.64    M    M 10.3 33 270   M    M   5 13     41 280
20  82  65  74   5   0   9 0.00    M    M  6.1 20 290   M    M   5 12     24 280
21  82  66  74   5   0   9 0.08    M    M  4.2 16 220   M    M   4 13     19 220
================================================================================
SM 1675 1243        11 111  1.64    M    123.9            0     70
================================================================================
AV 79.8 59.2                               5.9 FASTST    0   0   3    MAX(MPH)
                                 MISC ---->  # 33 270               # 41  280
================================================================================
NOTES:
# LAST OF SEVERAL OCCURRENCES

COLUMN 17 PEAK WIND IN M.P.H.

PRELIMINARY LOCAL CLIMATOLOGICAL DATA (WS FORM: F-6) , PAGE 2

                                          STATION:  BATTLE CREEK MI
                                          MONTH:    AUGUST
                                          YEAR:     2014
                                          LATITUDE:   42 17 N
                                          LONGITUDE:  85 14 W

[TEMPERATURE DATA]      [PRECIPITATION DATA]       SYMBOLS USED IN COLUMN 16

AVERAGE MONTHLY: 69.5   TOTAL FOR MONTH:   1.64    1 = FOG OR MIST
DPTR FM NORMAL:  -0.3   DPTR FM NORMAL:   -0.73    2 = FOG REDUCING VISIBILITY
HIGHEST:    85 ON 10, 4 GRTST 24HR  0.77 ON  5- 5      TO 1/4 MILE OR LESS
LOWEST:     45 ON 15                               3 = THUNDER
                        SNOW, ICE PELLETS, HAIL    4 = ICE PELLETS
                        TOTAL MONTH:    M          5 = HAIL
                        GRTST 24HR    M  ON   M    6 = FREEZING RAIN OR DRIZZLE
                        GRTST DEPTH:  M  ON   M    7 = DUSTSTORM OR SANDSTORM:
                                                       VSBY 1/2 MILE OR LESS
                                                   8 = SMOKE OR HAZE
[NO. OF DAYS WITH]      [WEATHER - DAYS WITH]      9 = BLOWING SNOW
                                                   X = TORNADO
MAX 32 OR BELOW:   0    0.01 INCH OR MORE:   6
MAX 90 OR ABOVE:   0    0.10 INCH OR MORE:   2
MIN 32 OR BELOW:   0    0.50 INCH OR MORE:   2
MIN  0 OR BELOW:   0    1.00 INCH OR MORE:   0

[HDD (BASE 65) ]
TOTAL THIS MO.    11    CLEAR  (SCALE 0-3)  11
DPTR FM NORMAL   -10    PTCLDY (SCALE 4-7)   8
TOTAL FM JUL 1    29    CLOUDY (SCALE 8-10)  2
DPTR FM NORMAL    -7

[CDD (BASE 65) ]
TOTAL THIS MO.   111
DPTR FM NORMAL    -6    [PRESSURE DATA]
TOTAL FM JAN 1   444    HIGHEST SLP  0.00 ON  2
DPTR FM NORMAL   -34    LOWEST  SLP  0.00 ON  2

[REMARKS]




U.S. Dept. of Commerce
NOAA National Weather Service
1325 East West Highway
Silver Spring, MD 20910
E-mail: w-nws.webmaster@noaa.gov
Page last modified: May 16, 2007
NATIONAL WEATHER SERVICE: for Safety, for Work, for Fun - FOR LIFE