157
CXUS53 KGRR 311017
CF6BTL
PRELIMINARY LOCAL CLIMATOLOGICAL DATA (WS FORM: F-6)

                                          STATION:   BATTLE CREEK MI
                                          MONTH:     JANUARY
                                          YEAR:      2015
                                          LATITUDE:   42 17 N
                                          LONGITUDE:  85 14 W

  TEMPERATURE IN F:       :PCPN:    SNOW:  WIND      :SUNSHINE: SKY     :PK WND
================================================================================
1   2   3   4   5  6A  6B    7    8   9   10  11  12  13   14  15   16   17  18
                                     12Z  AVG MX 2MIN
DY MAX MIN AVG DEP HDD CDD  WTR  SNW DPTH SPD SPD DIR MIN PSBL S-S WX    SPD DR
================================================================================

 1  30  18  24   0  41   0 0.00    M    M 17.6 28 240   M    M  10        34 260
 2  36  28  32   8  33   0 0.00    M    M  5.7 14 300   M    M   6        18 250
 3  34  28  31   7  34   0 0.58    M    M  5.8 15 130   M    M   8 16     19 120
 4  34  16  25   1  40   0 0.04    M    M 11.5 26 300   M    M  10 18     35 280
 5  16   6  11 -13  54   0    T    M    M 14.7 24 300   M    M   9 8      31 290
 6  18   7  13 -11  52   0 0.01    M    M 12.0 24 260   M    M   9 8      28 260
 7  17   2  10 -14  55   0    T    M    M 14.1 24 340   M    M   4 189    34 340
 8  18  -4   7 -17  58   0    T    M    M 18.7 28 210   M    M   8 18     34 200
 9  20   3  12 -12  53   0    T    M    M 15.3 30 300   M    M   9 89     45 310
10  20   3  12 -12  53   0    T    M    M 14.2 21 200   M    M   8 8      27 200
11  32  20  26   2  39   0 0.03    M    M 11.3 18 200   M    M  10 18     22 200
12  30  11  21  -3  44   0 0.02    M    M  9.7 22  20   M    M   8 18     30  30
13  18  -1   9 -14  56   0 0.00    M    M  5.8 14  30   M    M   0        19  30
14  19  -8   6 -17  59   0    T    M    M  5.1 12 200   M    M   6 8      14 200
15  33   8  21  -2  44   0 0.00    M    M 11.0 20 230   M    M   5 8      25 240
16  33  23  28   5  37   0 0.00    M    M  8.3 16 270   M    M   8        20 260
17  46  22  34  11  31   0    T    M    M 16.2 26 210   M    M   2 8      35 220
18  39  34  37  14  28   0 0.02    M    M 11.6 18 290   M    M  10 18     24 230
19  38  33  36  13  29   0 0.00    M    M  4.1  9 230   M    M  10 18     11 230
20  35  31  33  10  32   0 0.04    M    M  6.2  9 110   M    M  10 18     12 110
21  32  27  30   7  35   0 0.04    M    M  5.2 12 100   M    M  10 168    15 100
22  32  26  29   6  36   0 0.00    M    M  5.2 13 250   M    M  10 8      15 250
23  32  28  30   7  35   0 0.00    M    M 12.7 18 230   M    M  10        23 230
24  40  28  34  10  31   0    T    M    M  9.5 16 260   M    M  10 8      20 270
25  37  18  28   4  37   0    T    M    M 11.3 21  50   M    M   9 18     26  50
26  27   9  18  -6  47   0 0.00    M    M  3.9 13  50   M    M   3        17  60
27  29  13  21  -3  44   0 0.00    M    M  5.6 13  10   M    M   4        16  60
28  31  10  21  -3  44   0 0.00    M    M  7.8 17 160   M    M   0        25 160
29  36  28  32   8  33   0 0.02    M    M 10.9 24 330   M    M   9 168    32 340
30  28  17  23  -1  42   0    T    M    M  9.5 31 350   M    M   7        40 360
================================================================================
SM  890  484      1256   0  0.80    M    300.5          M      222
================================================================================
AV 29.7 16.1                              10.0 FASTST   M    M   7    MAX(MPH)
                                 MISC ---->  # 31 350               # 45  310
================================================================================
NOTES:
# LAST OF SEVERAL OCCURRENCES

COLUMN 17 PEAK WIND IN M.P.H.

PRELIMINARY LOCAL CLIMATOLOGICAL DATA (WS FORM: F-6) , PAGE 2

                                          STATION:  BATTLE CREEK MI
                                          MONTH:    JANUARY
                                          YEAR:     2015
                                          LATITUDE:   42 17 N
                                          LONGITUDE:  85 14 W

[TEMPERATURE DATA]      [PRECIPITATION DATA]       SYMBOLS USED IN COLUMN 16

AVERAGE MONTHLY: 22.9   TOTAL FOR MONTH:   0.80    1 = FOG OR MIST
DPTR FM NORMAL:  -0.7   DPTR FM NORMAL:   -0.82    2 = FOG REDUCING VISIBILITY
HIGHEST:    46 ON 17    GRTST 24HR  0.59 ON  3- 4      TO 1/4 MILE OR LESS
LOWEST:     -8 ON 14                               3 = THUNDER
                        SNOW, ICE PELLETS, HAIL    4 = ICE PELLETS
                        TOTAL MONTH:    M          5 = HAIL
                        GRTST 24HR    M  ON   M    6 = FREEZING RAIN OR DRIZZLE
                        GRTST DEPTH:  M  ON   M    7 = DUSTSTORM OR SANDSTORM:
                                                       VSBY 1/2 MILE OR LESS
                                                   8 = SMOKE OR HAZE
[NO. OF DAYS WITH]      [WEATHER - DAYS WITH]      9 = BLOWING SNOW
                                                   X = TORNADO
MAX 32 OR BELOW:  18    0.01 INCH OR MORE:   9
MAX 90 OR ABOVE:   0    0.10 INCH OR MORE:   1
MIN 32 OR BELOW:  28    0.50 INCH OR MORE:   1
MIN  0 OR BELOW:   3    1.00 INCH OR MORE:   0

[HDD (BASE 65) ]
TOTAL THIS MO.  1256    CLEAR  (SCALE 0-3)   3
DPTR FM NORMAL    12    PTCLDY (SCALE 4-7)  10
TOTAL FM JUL 1  3738    CLOUDY (SCALE 8-10) 17
DPTR FM NORMAL  -106

[CDD (BASE 65) ]
TOTAL THIS MO.     0
DPTR FM NORMAL     0    [PRESSURE DATA]
TOTAL FM JAN 1     0    HIGHEST SLP M ON M
DPTR FM NORMAL     0    LOWEST  SLP 29.50 ON 30

[REMARKS]




U.S. Dept. of Commerce
NOAA National Weather Service
1325 East West Highway
Silver Spring, MD 20910
E-mail: w-nws.webmaster@noaa.gov
Page last modified: May 16, 2007
NATIONAL WEATHER SERVICE: for Safety, for Work, for Fun - FOR LIFE