603
CXAK56 PABR 020938
CF6BRW

PRELIMINARY LOCAL CLIMATOLOGICAL DATA (WS FORM: F-6)

                                          STATION:   BARROW
                                          MONTH:     08
                                          YEAR:      2014
                                          LATITUDE:   71 17 N
                                          LONGITUDE: 156 46 W

  TEMPERATURE IN F:       :PCPN:    SNOW:  WIND      :SUNSHINE: SKY     :PK WND
================================================================================
1   2   3   4   5  6A  6B    7     8   9   10  11  12  13   14  15   16  17  18
                                      12Z  AVG MX 2MIN
DY MAX MIN AVG DEP HDD CDD  WTR   SNW DPTH SPD SPD DIR MIN PSBL S-S WX   SPD DR
================================================================================

 1  44  33  39  -2  26   0  0.01  0.0   0 19.9 29  290   M    M   M 2    34 280
 2  35  30  33  -7  32   0     T  0.0   0 13.5 24  300   M    M   M 1    29 300
 3  39  30  35  -5  30   0     T  0.0   0 10.3 15   30   M    M   M 1    17  30
 4  36  29  33  -7  32   0  0.00  0.0   0 12.1 18   80   M    M   M 1    21  70
 5  41  29  35  -5  30   0  0.00  0.0   0 13.2 18   80   M    M   M 2    21  80
 6  43  33  38  -2  27   0     T  0.0   0 11.3 15  110   M    M   M 2    18 110
 7  39  33  36  -4  29   0     T  0.0   0 24.2 36   70   M    M   M 1    43  70
 8  36  31  34  -6  31   0     T  0.0   0 24.6 31   60   M    M   M 1    37  70
 9  39  31  35  -5  30   0     T  0.0   0  0.0 26   70   M    M   M 26   32  70
10  42  34  38  -2  27   0  0.00  0.0   0 17.3 23   80   M    M   M      27  80
11  44  35  40   0  25   0  0.00  0.0   0 20.4 28   60   M    M   M      33  60
12  39  32  36  -4  29   0     T  0.0   0 20.4 24   60   M    M   M 2    31  40
13  39  32  36  -4  29   0     T    T   0 22.2 30   80   M    M   M 1    37  70
14  37  34  36  -3  29   0     T    T   0 22.9 30   90   M    M   M 1    39 100
15  38  35  37  -2  28   0     T  0.0   0 25.3 31   80   M    M   M 1    40  80
16  39  35  37  -2  28   0     T  0.0   0 21.1 32   60   M    M   M 2    38  80
17  55  35  45   6  20   0  0.00  0.0   0 11.0 22  100   M    M   M 2    26 100
18  39  33  36  -3  29   0  0.00  0.0   0  5.4  9  300   M    M   M 2    12 310
19  43  34  39   0  26   0     T  0.0   0  5.7 12  100   M    M   M 1    13 100
20  52  36  44   5  21   0  0.01  0.0   0  9.1 14  130   M    M   M 1    16 130
21  53  41  47   8  18   0  0.00  0.0   0  7.5 14  130   M    M   M 1    16 130
22  57  38  48  10  17   0  0.01  0.0   0  8.1 16  170   M    M   M 1    21 170
23  50  33  42   4  23   0     T  0.0   0 14.9 24  290   M    M   M 18   27 290
24  36  31  34  -4  31   0     T    T   0 10.7 18  310   M    M   M 18   22 310
25  39  34  37  -1  28   0     T  0.0   0 14.8 20   70   M    M   M 1    24  90
26  42  33  38   0  27   0     T  0.0   0  6.7 14  110   M    M   M 2    17 120
27  54  35  45   7  20   0     T  0.0   0  7.4 15  180   M    M   M 1    19 190
28  46  33  40   3  25   0  0.09  0.0   0 12.8 23  320   M    M   M 1    30 320
29  38  27  33  -4  32   0  0.04  0.3   T 10.9 24  290   M    M   M 1248 27 290
30  38  32  35  -2  30   0  0.03  0.2   0 11.5 21  270   M    M   M 1    26 260
31  39  33  36  -1  29   0  0.25    T   0 17.7 26  210   M    M   M 1    33 220
================================================================================
SM 1311 1024       838   0  0.44  0.5    432.9           M        M
================================================================================
AV 42.3 33.0                             14.0 FASTST  PSBL  %   M    MAX(MPH)
                                 MISC ---->     36   70                 43  70
================================================================================
NOTES:
# LAST OF SEVERAL OCCURRENCES

COLUMN 17 PEAK WIND IN M.P.H.

PRELIMINARY LOCAL CLIMATOLOGICAL DATA (WS FORM: F-6) , PAGE 2

                                          STATION:   BARROW
                                          MONTH:     08
                                          YEAR:      2014
                                          LATITUDE:  71 17 N
                                          LONGITUDE: 156 46 W

[TEMPERATURE DATA]      [PRECIPITATION DATA]       SYMBOLS USED IN COLUMN 16

AVERAGE MONTHLY:37.7   TOTAL FOR MONTH: 0.44       1 = FOG
DPTR FM NORMAL: -1.3   DPTR FM NORMAL: -0.61       2 = FOG REDUCING VISIBILITY
HIGHEST:    57 ON 22    GRTST 24HR   0.25 ON 31        TO 1/4 MILE OR LESS
LOWEST:     27 ON 29                               3 = THUNDER
                        SNOW, ICE PELLETS, HAIL    4 = ICE PELLETS
                        TOTAL MONTH:  0.5   INCH  5 = HAIL
                        GRTST 24HR   0.3 ON 29     6 = GLAZE OR RIME
                        GRTST DEPTH:   T          7 = BLOWING DUST OR SAND:
                                                       VSBY 1/2 MILE OR LESS
                                                   8 = SMOKE OR HAZE
[NO. OF DAYS WITH]      [WEATHER - DAYS WITH]      9 = BLOWING SNOW
                                                   X = TORNADO
MAX 32 OR BELOW:   0    0.01 INCH OR MORE:   7
MAX 70 OR ABOVE:   0    0.10 INCH OR MORE:   1
MIN 32 OR BELOW:  11    0.50 INCH OR MORE:   0
MIN  0 OR BELOW:   0    1.00 INCH OR MORE:   0

[HDD (BASE 65) ]
TOTAL THIS MO.   838    CLEAR  (SCALE 0-3)   M
DPTR FM NORMAL    31    PTCLDY (SCALE 4-7)   M
SEASONAL TOTAL  1666    CLOUDY (SCALE 8-10)  M
DPTR FM NORMAL   112

[CDD (BASE 65) ]
TOTAL THIS MO.     0
DPTR FM NORMAL     0    [PRESSURE DATA]
SEASONAL TOTAL     0    HIGHEST SLP     M
DPTR FM NORMAL     0    LOWEST  SLP     M

[REMARKS]





U.S. Dept. of Commerce
NOAA National Weather Service
1325 East West Highway
Silver Spring, MD 20910
E-mail: w-nws.webmaster@noaa.gov
Page last modified: May 16, 2007
NATIONAL WEATHER SERVICE: for Safety, for Work, for Fun - FOR LIFE