546
CXUS54 KBRO 010900
CF6BRO
PRELIMINARY LOCAL CLIMATOLOGICAL DATA (WS FORM: F-6)

                                          STATION:   BROWNSVILLE
                                          MONTH:     NOVEMBER
                                          YEAR:      2014
                                          LATITUDE:   25 53 N
                                          LONGITUDE:  97 26 W

  TEMPERATURE IN F:       :PCPN:    SNOW:  WIND      :SUNSHINE: SKY     :PK WND
================================================================================
1   2   3   4   5  6A  6B    7    8   9   10  11  12  13   14  15   16   17  18
                                     12Z  AVG MX 2MIN
DY MAX MIN AVG DEP HDD CDD  WTR  SNW DPTH SPD SPD DIR MIN PSBL S-S WX    SPD DR
================================================================================

 1  82  58  70  -3   0   5 0.00  0.0    0  6.5 15  70   M    M   1        18  50
 2  79  62  71  -2   0   6 0.00  0.0    0 10.3 20 130   M    M   5        24 100
 3  82  70  76   3   0  11    T  0.0    0 12.7 25 150   M    M   8        30 160
 4  86  72  79   7   0  14    T  0.0    0 13.4 28 160   M    M   2        34 150
 5  84  70  77   5   0  12 0.17  0.0    0  9.5 24 170   M    M   8 1      30 170
 6  70  64  67  -5   0   2 1.00  0.0    0  9.5 17 300   M    M   9 1      24 310
 7  68  56  62 -10   3   0 1.69  0.0    0 11.4 22  10   M    M  10 1      31  10
 8  77  56  67  -4   0   2 0.03  0.0    0  6.9 14 350   M    M   4        20 320
 9  78  56  67  -4   0   2 0.00  0.0    0  5.5 12  50   M    M   0        16  30
10  82  55  69  -2   0   4 0.00  0.0    0  9.2 25 190   M    M   1 1      31 190
11  86  58  72   1   0   7    T  0.0    0  9.7 20 360   M    M   6 18     27 360
12  58  45  52 -18  13   0 0.26    M    0 15.7 24 330   M    M  10 1      32 330
13  49  39  44 -26  21   0 0.04    M    0 15.6 25 330   M    M  10 1      37 320
14  52  43  48 -22  17   0    T  0.0    0 11.9 17 330   M    M  10 1      24 330
15  67  45  56 -14   9   0 0.07    M    0  6.1 14 320   M    M  10 1      19 320
16  82  57  70   1   0   5    T  0.0    0  8.0 25 180   M    M   8 12     34 190
17  57  44  51 -18  14   0 0.00    M    0 14.8 26 330   M    M   6 1      38 330
18  61  45  53 -16  12   0 0.00  0.0    0  8.4 15 320   M    M  10        20 330
19  71  50  61  -7   4   0    T  0.0    0  4.7  9 330   M    M  10 1      12 310
20  76  63  70   2   0   5 0.05  0.0    0  9.3 24 150   M    M   9 1      30 150
21  81  68  75   7   0  10 0.09  0.0    0 12.0 29 150   M    M   6 1      37 130
22  82  66  74   6   0   9 0.03  0.0    0 16.1 32 140   M    M   7 13     41 140
23  86  56  71   4   0   6 0.01  0.0    0  5.6 17 310   M    M   4 12     24 310
24  69  57  63  -4   2   0 0.00  0.0    0  8.5 24 360   M    M   5 12     33 350
25  70  45  58  -9   7   0 0.00  0.0    0  7.7 17 350   M    M   5        24  20
26  74  42  58  -8   7   0 0.00  0.0    0  6.0 18 180   M    M   0 1      24 170
27  78  46  62  -4   3   0 0.00  0.0    0  2.8 14  80   M    M   1 12     18  80
28  78  49  64  -2   1   0 0.00  0.0    0  8.0 21 170   M    M   3 12     26 160
29  78  60  69   3   0   4    T  0.0    0 13.1 28 150   M    M   6 18     33 170
30  79  65  72   7   0   7 0.02  0.0    0 11.6 25 150   M    M   5 1      31 140
================================================================================
SM 2222 1662       113 111  3.46     0.0 290.5          M      179
================================================================================
AV 74.1 55.4                               9.7 FASTST   M    M   6    MAX(MPH)
                                 MISC ---->  # 32 140               # 41  140
================================================================================
NOTES:
# LAST OF SEVERAL OCCURRENCES

COLUMN 17 PEAK WIND IN M.P.H.

PRELIMINARY LOCAL CLIMATOLOGICAL DATA (WS FORM: F-6) , PAGE 2

                                          STATION:  BROWNSVILLE
                                          MONTH:    NOVEMBER
                                          YEAR:     2014
                                          LATITUDE:   25 53 N
                                          LONGITUDE:  97 26 W

[TEMPERATURE DATA]      [PRECIPITATION DATA]       SYMBOLS USED IN COLUMN 16

AVERAGE MONTHLY: 64.7   TOTAL FOR MONTH:   3.46    1 = FOG OR MIST
DPTR FM NORMAL:  -4.7   DPTR FM NORMAL:    1.64    2 = FOG REDUCING VISIBILITY
HIGHEST:    86 ON 23,11 GRTST 24HR  1.69 ON  7- 7      TO 1/4 MILE OR LESS
LOWEST:     39 ON 13                               3 = THUNDER
                        SNOW, ICE PELLETS, HAIL    4 = ICE PELLETS
                        TOTAL MONTH:   0.0 INCH    5 = HAIL
                        GRTST 24HR     0.0         6 = FREEZING RAIN OR DRIZZLE
                        GRTST DEPTH:   0           7 = DUSTSTORM OR SANDSTORM:
                                                       VSBY 1/2 MILE OR LESS
                                                   8 = SMOKE OR HAZE
[NO. OF DAYS WITH]      [WEATHER - DAYS WITH]      9 = BLOWING SNOW
                                                   X = TORNADO
MAX 32 OR BELOW:   0    0.01 INCH OR MORE:  12
MAX 90 OR ABOVE:   0    0.10 INCH OR MORE:   4
MIN 32 OR BELOW:   0    0.50 INCH OR MORE:   2
MIN  0 OR BELOW:   0    1.00 INCH OR MORE:   2

[HDD (BASE 65) ]
TOTAL THIS MO.   113    CLEAR  (SCALE 0-3)   7
DPTR FM NORMAL    63    PTCLDY (SCALE 4-7)  13
TOTAL FM JUL 1   113    CLOUDY (SCALE 8-10) 10
DPTR FM NORMAL    59

[CDD (BASE 65) ]
TOTAL THIS MO.   111
DPTR FM NORMAL   -69    [PRESSURE DATA]
TOTAL FM JAN 1  3900    HIGHEST SLP 30.46 ON 18
DPTR FM NORMAL   -45    LOWEST  SLP 29.64 ON 23

[REMARKS]
#FINAL-11-14#




U.S. Dept. of Commerce
NOAA National Weather Service
1325 East West Highway
Silver Spring, MD 20910
E-mail: w-nws.webmaster@noaa.gov
Page last modified: May 16, 2007
NATIONAL WEATHER SERVICE: for Safety, for Work, for Fun - FOR LIFE