002
CXUS54 KBRO 010900
CF6BRO
PRELIMINARY LOCAL CLIMATOLOGICAL DATA (WS FORM: F-6)

                                          STATION:   BROWNSVILLE
                                          MONTH:     SEPTEMBER
                                          YEAR:      2014
                                          LATITUDE:   25 53 N
                                          LONGITUDE:  97 26 W

  TEMPERATURE IN F:       :PCPN:    SNOW:  WIND      :SUNSHINE: SKY     :PK WND
================================================================================
1   2   3   4   5  6A  6B    7    8   9   10  11  12  13   14  15   16   17  18
                                     12Z  AVG MX 2MIN
DY MAX MIN AVG DEP HDD CDD  WTR  SNW DPTH SPD SPD DIR MIN PSBL S-S WX    SPD DR
================================================================================

 1  94  79  87   3   0  22    T  0.0    0  8.6 17 110   M    M   2        23 110
 2  93  78  86   2   0  21 0.15  0.0    0 10.7 28 120   M    M   3        35 120
 3  85  75  80  -4   0  15 2.17  0.0    0  5.0 24 100   M    M   4 13     35 100
 4  92  79  86   2   0  21 0.42  0.0    0  7.9 20 120   M    M   2 13     23 120
 5  90  76  83  -1   0  18 0.33  0.0    0  7.5 20 170   M    M   3 1      25 170
 6  92  77  85   1   0  20 0.00  0.0    0  7.6 18 130   M    M   1        24 150
 7  89  75  82  -1   0  17 0.01  0.0    0  4.7 20  60   M    M   2 3      24  60
 8  92  75  84   1   0  19 0.00  0.0    0  4.5 15  90   M    M   1        18 110
 9  93  76  85   2   0  20 0.00  0.0    0  8.3 17 160   M    M   1        24 130
10  93  77  85   2   0  20 0.00  0.0    0 10.8 21 150   M    M   1        30 330
11  93  77  85   2   0  20    T  0.0    0  8.2 17 140   M    M   2        22 110
12  87  75  81  -1   0  16 0.70  0.0    0  4.9 23  90   M    M   2 13     28  90
13  86  74  80  -2   0  15 2.63  0.0    0  8.4 26 140   M    M   4 123    32 140
14  89  74  82   0   0  17 0.78  0.0    0  6.3 16  40   M    M   6 13     22  30
15  80  73  77  -5   0  12 1.32  0.0    0  5.2 12 330   M    M   8 13     15 100
16  91  74  83   1   0  18 0.00  0.0    0  5.7 16 160   M    M   3 1      22 160
17  91  76  84   2   0  19    T  0.0    0  8.0 16 150   M    M   1        21 140
18  92  77  85   4   0  20 0.00  0.0    0  9.5 21 150   M    M   1        26 160
19  93  77  85   4   0  20 0.00  0.0    0  7.0 16 110   M    M   3 1      23 100
20  89  77  83   2   0  18 0.56  0.0    0  2.5 21 100   M    M   4 13     25 100
21  89  76  83   2   0  18 0.05  0.0    0  5.2 14  60   M    M   2 1      18  40
22  88  76  82   1   0  17 0.22  0.0    0  8.4 22  50   M    M   5 1      28  50
23  90  73  82   2   0  17    T  0.0    0  5.8 17  40   M    M   2 1      24  30
24  88  74  81   1   0  16 0.00  0.0    0  6.3 18  50   M    M   5        24  50
25  90  72  81   1   0  16 0.41  0.0    0  3.8 18  50   M    M   4 13     23  40
26  87  73  80   0   0  15 0.18  0.0    0  6.5 21  90   M    M   2 1      25  90
27  87  74  81   1   0  16 0.28  0.0    0  5.7 15 310   M    M   6 1      22  30
28  84  69  77  -3   0  12 0.13  0.0    0  9.6 16 320   M    M   9 1      22 320
29  89  75  82   3   0  17 0.02  0.0    0  5.9 12  40   M    M   6 1      15  30
30  89  73  81   2   0  16 0.00  0.0    0  3.5 14 130   M    M   4 12     16 130
================================================================================
SM 2685 2256         0 528 10.36     0.0 202.0          M       99
================================================================================
AV 89.5 75.2                               6.7 FASTST   M    M   3    MAX(MPH)
                                 MISC ---->  # 28 120               # 35  120
================================================================================
NOTES:
# LAST OF SEVERAL OCCURRENCES

COLUMN 17 PEAK WIND IN M.P.H.

PRELIMINARY LOCAL CLIMATOLOGICAL DATA (WS FORM: F-6) , PAGE 2

                                          STATION:  BROWNSVILLE
                                          MONTH:    SEPTEMBER
                                          YEAR:     2014
                                          LATITUDE:   25 53 N
                                          LONGITUDE:  97 26 W

[TEMPERATURE DATA]      [PRECIPITATION DATA]       SYMBOLS USED IN COLUMN 16

AVERAGE MONTHLY: 82.3   TOTAL FOR MONTH:  10.36    1 = FOG OR MIST
DPTR FM NORMAL:   0.5   DPTR FM NORMAL:    4.44    2 = FOG REDUCING VISIBILITY
HIGHEST:    94 ON  1    GRTST 24HR  3.31 ON 12-13      TO 1/4 MILE OR LESS
LOWEST:     69 ON 28                               3 = THUNDER
                        SNOW, ICE PELLETS, HAIL    4 = ICE PELLETS
                        TOTAL MONTH:   0.0 INCH    5 = HAIL
                        GRTST 24HR     0.0         6 = FREEZING RAIN OR DRIZZLE
                        GRTST DEPTH:   0           7 = DUSTSTORM OR SANDSTORM:
                                                       VSBY 1/2 MILE OR LESS
                                                   8 = SMOKE OR HAZE
[NO. OF DAYS WITH]      [WEATHER - DAYS WITH]      9 = BLOWING SNOW
                                                   X = TORNADO
MAX 32 OR BELOW:   0    0.01 INCH OR MORE:  17
MAX 90 OR ABOVE:  15    0.10 INCH OR MORE:  14
MIN 32 OR BELOW:   0    0.50 INCH OR MORE:   6
MIN  0 OR BELOW:   0    1.00 INCH OR MORE:   3

[HDD (BASE 65) ]
TOTAL THIS MO.     0    CLEAR  (SCALE 0-3)  18
DPTR FM NORMAL     0    PTCLDY (SCALE 4-7)  11
TOTAL FM JUL 1     0    CLOUDY (SCALE 8-10)  1
DPTR FM NORMAL     0

[CDD (BASE 65) ]
TOTAL THIS MO.   528
DPTR FM NORMAL    24    [PRESSURE DATA]
TOTAL FM JAN 1  3348    HIGHEST SLP 30.09 ON 14
DPTR FM NORMAL   -63    LOWEST  SLP 29.74 ON 30

[REMARKS]
#FINAL-09-14#




U.S. Dept. of Commerce
NOAA National Weather Service
1325 East West Highway
Silver Spring, MD 20910
E-mail: w-nws.webmaster@noaa.gov
Page last modified: May 16, 2007
NATIONAL WEATHER SERVICE: for Safety, for Work, for Fun - FOR LIFE