794
CXUS54 KBRO 010900
CF6BRO
PRELIMINARY LOCAL CLIMATOLOGICAL DATA (WS FORM: F-6)

                                          STATION:   BROWNSVILLE
                                          MONTH:     JULY
                                          YEAR:      2014
                                          LATITUDE:   25 53 N
                                          LONGITUDE:  97 26 W

  TEMPERATURE IN F:       :PCPN:    SNOW:  WIND      :SUNSHINE: SKY     :PK WND
================================================================================
1   2   3   4   5  6A  6B    7    8   9   10  11  12  13   14  15   16   17  18
                                     12Z  AVG MX 2MIN
DY MAX MIN AVG DEP HDD CDD  WTR  SNW DPTH SPD SPD DIR MIN PSBL S-S WX    SPD DR
================================================================================

 1  92  76  84   0   0  19 0.00  0.0    0 13.4 29 160   M    M   1        33 150
 2  95  74  85   1   0  20 0.00  0.0    0  8.9 33 170   M    M   1        40 160
 3  93  74  84  -1   0  19 0.00  0.0    0  6.0 17 100   M    M   2        22 100
 4  93  74  84  -1   0  19 0.00  0.0    0  6.0 20  70   M    M   1        28  60
 5  91  74  83  -2   0  18 1.03  0.0    0  5.7 17 130   M    M   3 3      26 130
 6  92  73  83  -2   0  18 0.00  0.0    0 10.3 23 140   M    M   0        31 140
 7  92  75  84  -1   0  19 0.00  0.0    0 10.4 24 150   M    M   1        35 150
 8  92  76  84  -1   0  19 0.00  0.0    0 12.3 26 160   M    M   1        31 150
 9  91  74  83  -2   0  18    T  0.0    0 10.0 25 180   M    M   2        31 180
10  80  71  76  -9   0  11 0.61  0.0    0  7.9 31 180   M    M   6 3      38 180
11  90  76  83  -2   0  18 0.00  0.0    0  9.9 22 130   M    M   3        28 120
12  91  74  83  -2   0  18 0.00  0.0    0  6.3 17 130   M    M   2        22 110
13  92  75  84  -1   0  19 0.00  0.0    0  5.5 17  90   M    M   1        22  90
14  94  75  85   0   0  20 0.00  0.0    0  8.5 18 130   M    M   1        23 130
15  95  76  86   1   0  21 0.00  0.0    0 12.5 23 170   M    M   1        28 170
16  93  75  84  -1   0  19 0.00  0.0    0 10.8 21 130   M    M   3        25 140
17  92  79  86   1   0  21 0.00  0.0    0 15.7 26 160   M    M   4        32 150
18  94  80  87   2   0  22 0.00  0.0    0  9.5 21 170   M    M   4        25 180
19  96  80  88   3   0  23 0.00  0.0    0  8.1 17 140   M    M   4        23 110
20  95  80  88   3   0  23 0.00  0.0    0 12.4 22 140   M    M   5        30 120
21  95  79  87   2   0  22 0.00  0.0    0 13.6 24 150   M    M   2        31 150
22  96  78  87   2   0  22 0.00  0.0    0 10.7 21 150   M    M   3        25 140
23  96  77  87   2   0  22 0.00  0.0    0  7.8 18 110   M    M   1        24 140
24  96  76  86   1   0  21 0.00  0.0    0  8.2 21 150   M    M   1        28 150
25  97  77  87   2   0  22 0.00  0.0    0 12.8 24 160   M    M   1        32 160
26  95  78  87   2   0  22 0.00  0.0    0 14.8 26 150   M    M   2        33 150
27  95  79  87   2   0  22 0.00  0.0    0 15.0 26 150   M    M   2        35 150
28  96  78  87   2   0  22 0.00  0.0    0 10.5 23 150   M    M   1        31 140
29  96  75  86   1   0  21 0.00  0.0    0  9.2 18 140   M    M   1        24 140
30  97  75  86   1   0  21 0.00  0.0    0 12.3 23 130   M    M   2        29 130
31  97  78  88   2   0  23 0.00  0.0    0 13.8 23 150   M    M   2        30 140
================================================================================
SM 2899 2361         0 624  1.64     0.0 318.8          M       64
================================================================================
AV 93.5 76.2                              10.3 FASTST   M    M   2    MAX(MPH)
                                 MISC ---->  # 33 170               # 40  160
================================================================================
NOTES:
# LAST OF SEVERAL OCCURRENCES

COLUMN 17 PEAK WIND IN M.P.H.

PRELIMINARY LOCAL CLIMATOLOGICAL DATA (WS FORM: F-6) , PAGE 2

                                          STATION:  BROWNSVILLE
                                          MONTH:    JULY
                                          YEAR:     2014
                                          LATITUDE:   25 53 N
                                          LONGITUDE:  97 26 W

[TEMPERATURE DATA]      [PRECIPITATION DATA]       SYMBOLS USED IN COLUMN 16

AVERAGE MONTHLY: 84.8   TOTAL FOR MONTH:   1.64    1 = FOG OR MIST
DPTR FM NORMAL:  -0.1   DPTR FM NORMAL:   -0.40    2 = FOG REDUCING VISIBILITY
HIGHEST:    97 ON 31,30 GRTST 24HR  1.03 ON  5- 5      TO 1/4 MILE OR LESS
LOWEST:     71 ON 10                               3 = THUNDER
                        SNOW, ICE PELLETS, HAIL    4 = ICE PELLETS
                        TOTAL MONTH:   0.0 INCH    5 = HAIL
                        GRTST 24HR     0.0         6 = FREEZING RAIN OR DRIZZLE
                        GRTST DEPTH:   0           7 = DUSTSTORM OR SANDSTORM:
                                                       VSBY 1/2 MILE OR LESS
                                                   8 = SMOKE OR HAZE
[NO. OF DAYS WITH]      [WEATHER - DAYS WITH]      9 = BLOWING SNOW
                                                   X = TORNADO
MAX 32 OR BELOW:   0    0.01 INCH OR MORE:   2
MAX 90 OR ABOVE:  30    0.10 INCH OR MORE:   2
MIN 32 OR BELOW:   0    0.50 INCH OR MORE:   2
MIN  0 OR BELOW:   0    1.00 INCH OR MORE:   1

[HDD (BASE 65) ]
TOTAL THIS MO.     0    CLEAR  (SCALE 0-3)  26
DPTR FM NORMAL     0    PTCLDY (SCALE 4-7)   5
TOTAL FM JUL 1     0    CLOUDY (SCALE 8-10)  0
DPTR FM NORMAL     0

[CDD (BASE 65) ]
TOTAL THIS MO.   624
DPTR FM NORMAL     6    [PRESSURE DATA]
TOTAL FM JAN 1  2143    HIGHEST SLP 30.17 ON  5
DPTR FM NORMAL  -135    LOWEST  SLP 29.78 ON 17

[REMARKS]
#FINAL-07-14#




U.S. Dept. of Commerce
NOAA National Weather Service
1325 East West Highway
Silver Spring, MD 20910
E-mail: w-nws.webmaster@noaa.gov
Page last modified: May 16, 2007
NATIONAL WEATHER SERVICE: for Safety, for Work, for Fun - FOR LIFE