035
CXUS55 KDVN 011506 CCA
CF6BRL

PRELIMINARY LOCAL CLIMATOLOGICAL DATA (WS FORM: F-6)

                                          STATION:   BURLINGTON IA
                                          MONTH:     SEPTEMBER
                                          YEAR:      2014
                                          LATITUDE:   40 46 N
                                          LONGITUDE:  91  7 W

  TEMPERATURE IN F:       :PCPN:    SNOW:  WIND      :SUNSHINE: SKY     :PK WND
================================================================================
1   2   3   4   5  6A  6B    7    8   9   10  11  12  13   14  15   16   17  18
                                     12Z  AVG MX 2MIN
DY MAX MIN AVG DEP HDD CDD  WTR  SNW DPTH SPD SPD DIR MIN PSBL S-S WX    SPD DR
================================================================================

 1  81  67  74   1   0   9 0.03    M    M  7.9 22 310   M    M   3 3      30 300
 2  82  62  72   0   0   7 0.00    M    M  4.5 13 270   M    M   2 12     17 310
 3  84  60  72   0   0   7 0.00    M    M  8.6 20 180   M    M   1 12     25 180
 4  91  72  82  10   0  17 0.05    M    M 11.2 20 180   M    M   2 3      26 170
 5  83  60  72   0   0   7    T    M    M  8.1 25 330   M    M   6 1      36 330
 6  75  55  65  -6   0   0 0.00    M    M  6.9 15  20   M    M   0 1      19  20
 7  77  51  64  -7   1   0 0.00    M    M  2.5  9  90   M    M   0 18     13 170
 8  79  51  65  -5   0   0 0.05    M    M  6.8 21 190   M    M   2 13     26 190
 9  72  63  68  -2   0   3 2.60    M    M 10.6 21 140   M    M   6 13     31 160
10  78  55  67  -3   0   2 1.47    M    M 12.3 23 180   M    M  10 13     32 190
11  58  50  54 -15  11   0    T    M    M  8.7 16  10   M    M   8 1      20 350
12  55  40  48 -21  17   0 0.03    M    M  8.1 18  10   M    M   6        28 340
13  61  38  50 -19  15   0 0.00    M    M  3.5 12  70   M    M   0        15  30
14  69  40  55 -13  10   0 0.00    M    M  3.1 13 170   M    M   1 1      17 170
15  68  47  58 -10   7   0 0.91    M    M  5.8 18 350   M    M   9 13     23 360
16  67  41  54 -13  11   0 0.00    M    M  2.5  8 210   M    M   0 1      11 180
17  69  47  58  -9   7   0 0.00    M    M  3.9 12 190   M    M   4 1      17 140
18  75  48  62  -5   3   0 0.00    M    M  5.4 13 150   M    M   0 18     17 150
19  77  50  64  -2   1   0 0.00    M    M  8.7 16 190   M    M   0        22 180
20  81  62  72   6   0   7 0.00    M    M  9.4 18 210   M    M   3 18     25 240
21  69  52  61  -4   4   0 0.00    M    M  9.5 22 350   M    M   2        35 320
22  72  44  58  -7   7   0 0.00    M    M  2.9  8  70   M    M   0 18     11  40
23  74  46  60  -4   5   0 0.00    M    M  4.1 12 170   M    M   0 1      14 150
24  76  52  64   0   1   0 0.00    M    M  5.3 13 150   M    M   0        16 150
25  78  59  69   5   0   4 0.00    M    M  1.9 10 190   M    M   2 1      12 190
26  82  59  71   8   0   6 0.00    M    M  3.8 10 160   M    M   2        14 150
27  82  56  69   6   0   4 0.00    M    M  3.5 13 130   M    M   0 8      15 150
28  84  55  70   8   0   5 0.00    M    M  1.3  7 140   M    M   0 18     10 180
29  84  55  70   8   0   5 0.00    M    M  2.8 10 270   M    M   0 18     15 320
30  71  56  64   3   1   0 0.00    M    M  8.9 16  40   M    M   5 1      21  30
================================================================================
SM 2254 1593       101  83  5.14    M    182.5          M       74
================================================================================
AV 75.1 53.1                               6.1 FASTST   M    M   2    MAX(MPH)
                                 MISC ---->  # 25 330               # 36  330
================================================================================
NOTES:
# LAST OF SEVERAL OCCURRENCES

COLUMN 17 PEAK WIND IN M.P.H.

PRELIMINARY LOCAL CLIMATOLOGICAL DATA (WS FORM: F-6) , PAGE 2

                                          STATION:  BURLINGTON IA
                                          MONTH:    SEPTEMBER
                                          YEAR:     2014
                                          LATITUDE:   40 46 N
                                          LONGITUDE:  91  7 W

[TEMPERATURE DATA]      [PRECIPITATION DATA]       SYMBOLS USED IN COLUMN 16

AVERAGE MONTHLY: 64.1   TOTAL FOR MONTH:   5.14    1 = FOG OR MIST
DPTR FM NORMAL:  -3.3   DPTR FM NORMAL:    1.62    2 = FOG REDUCING VISIBILITY
HIGHEST:    91 ON  4    GRTST 24HR  4.03 ON  9-10      TO 1/4 MILE OR LESS
LOWEST:     38 ON 13                               3 = THUNDER
                        SNOW, ICE PELLETS, HAIL    4 = ICE PELLETS
                        TOTAL MONTH:    M          5 = HAIL
                        GRTST 24HR    M  ON   M    6 = FREEZING RAIN OR DRIZZLE
                        GRTST DEPTH:  M  ON   M    7 = DUSTSTORM OR SANDSTORM:
                                                       VSBY 1/2 MILE OR LESS
                                                   8 = SMOKE OR HAZE
[NO. OF DAYS WITH]      [WEATHER - DAYS WITH]      9 = BLOWING SNOW
                                                   X = TORNADO
MAX 32 OR BELOW:   0    0.01 INCH OR MORE:   7
MAX 90 OR ABOVE:   1    0.10 INCH OR MORE:   3
MIN 32 OR BELOW:   0    0.50 INCH OR MORE:   3
MIN  0 OR BELOW:   0    1.00 INCH OR MORE:   2

[HDD (BASE 65) ]
TOTAL THIS MO.   101    CLEAR  (SCALE 0-3)  22
DPTR FM NORMAL    34    PTCLDY (SCALE 4-7)   6
TOTAL FM JUL 1   108    CLOUDY (SCALE 8-10)  2
DPTR FM NORMAL    37

[CDD (BASE 65) ]
TOTAL THIS MO.    83
DPTR FM NORMAL   -56    [PRESSURE DATA]
TOTAL FM JAN 1   937    HIGHEST SLP 30.42 ON 13
DPTR FM NORMAL  -245    LOWEST  SLP 29.50 ON 10

[REMARKS]
#FINAL-09-14#

===================================================================

NOTE: SUPPLEMENTAL CLIMATE DATA WAS USED FROM A NEARBY
CLIMATOLOGICALLY REPRESENTATIVE STATION.

===================================================================

PARAMETER   DATE
---------   ----
   WTR      09/04









U.S. Dept. of Commerce
NOAA National Weather Service
1325 East West Highway
Silver Spring, MD 20910
E-mail: w-nws.webmaster@noaa.gov
Page last modified: May 16, 2007
NATIONAL WEATHER SERVICE: for Safety, for Work, for Fun - FOR LIFE