334
CXUS55 KDVN 011100
CF6BRL
PRELIMINARY LOCAL CLIMATOLOGICAL DATA (WS FORM: F-6)

                                          STATION:   BURLINGTON IA
                                          MONTH:     NOVEMBER
                                          YEAR:      2014
                                          LATITUDE:   40 46 N
                                          LONGITUDE:  91  7 W

  TEMPERATURE IN F:       :PCPN:    SNOW:  WIND      :SUNSHINE: SKY     :PK WND
================================================================================
1   2   3   4   5  6A  6B    7    8   9   10  11  12  13   14  15   16   17  18
                                     12Z  AVG MX 2MIN
DY MAX MIN AVG DEP HDD CDD  WTR  SNW DPTH SPD SPD DIR MIN PSBL S-S WX    SPD DR
================================================================================

 1  46  21  34 -16  31   0 0.00    M    M  4.6 12  50   M    M   0        15  40
 2  50  32  41  -8  24   0 0.00    M    M 14.5 24 170   M    M   6        29 180
 3  69  44  57   8   8   0 0.06    M    M 14.5 25 190   M    M   4 1      31 210
 4  60  42  51   3  14   0 0.02    M    M  9.9 20 320   M    M   3 1      31 310
 5  63  35  49   1  16   0 0.01    M    M  9.0 20 200   M    M   4        26 200
 6  53  30  42  -5  23   0 0.01    M    M 14.1 29 330   M    M   5        44 330
 7  53  24  39  -8  26   0 0.00    M    M  8.5 22 180   M    M   0        26 180
 8  49  32  41  -5  24   0 0.00    M    M 12.5 26 330   M    M   4        38 320
 9  59  29  44  -2  21   0 0.00    M    M  8.1 21 220   M    M   4 8      25 210
10  69  44  57  12   8   0 0.00    M    M 12.5 24 180   M    M   2 8      32 330
11  44  27  36  -9  29   0 0.15    M    M 15.7 23 310   M    M  10 16     34 320
12  27  21  24 -20  41   0    T    M    M 11.1 18 320   M    M   8        24 320
13  28  21  25 -19  40   0    T    M    M  9.3 17 300   M    M  10 1      24 310
14  28  14  21 -22  44   0 0.00    M    M  4.9 13 320   M    M   1        17 330
15  31  16  24 -19  41   0 0.02    M    M  3.0  9 180   M    M   6 18     13 180
16  30  12  21 -21  44   0    T    M    M  6.4 12 250   M    M   8 18     15 310
17  21  12  17 -25  48   0 0.00    M    M 12.7 24 290   M    M   4 8      33 300
18  23   9  16 -25  49   0 0.00    M    M 10.5 20 250   M    M   4        26 320
19  30  21  26 -15  39   0    T    M    M 12.0 26 310   M    M   8        33 310
20  32  15  24 -16  41   0 0.00    M    M  8.1 17 300   M    M   2 8      24 310
21  38  12  25 -15  40   0    T    M    M  9.3 18 190   M    M   3        24 180
22  56  36  46   7  19   0    T    M    M 12.6 22 190   M    M   9        29 200
23  53  42  48  10  17   0 0.90    M    M  9.2 23 320   M    M  10 12     32 320
24  42  27  35  -3  30   0 0.11    M    M 15.8 24 290   M    M  10 1      36 310
25  31  22  27 -10  38   0 0.00    M    M  6.5 18 300   M    M   5        26 300
26  32  23  28  -9  37   0 0.11    M    M  9.5 17  20   M    M   7 12     23  90
27  27   4  16 -20  49   0 0.00    M    M  7.9 17 310   M    M   4 18     24 300
28  41  14  28  -8  37   0 0.00    M    M  9.7 18 180   M    M   1        23 150
29  57  36  47  12  18   0 0.00    M    M 10.7 21 210   M    M   0        26 210
30  47  19  33  -2  32   0 0.00    M    M 12.7 20 330   M    M   4 1      28 320
================================================================================
SM 1289  736       928   0  1.39    M    305.8          M      146
================================================================================
AV 43.0 24.5                              10.2 FASTST   M    M   5    MAX(MPH)
                                 MISC ---->  # 29 330               # 44  330
================================================================================
NOTES:
# LAST OF SEVERAL OCCURRENCES

COLUMN 17 PEAK WIND IN M.P.H.

PRELIMINARY LOCAL CLIMATOLOGICAL DATA (WS FORM: F-6) , PAGE 2

                                          STATION:  BURLINGTON IA
                                          MONTH:    NOVEMBER
                                          YEAR:     2014
                                          LATITUDE:   40 46 N
                                          LONGITUDE:  91  7 W

[TEMPERATURE DATA]      [PRECIPITATION DATA]       SYMBOLS USED IN COLUMN 16

AVERAGE MONTHLY: 33.8   TOTAL FOR MONTH:   1.39    1 = FOG OR MIST
DPTR FM NORMAL:  -8.7   DPTR FM NORMAL:   -1.11    2 = FOG REDUCING VISIBILITY
HIGHEST:    69 ON 10, 3 GRTST 24HR  1.01 ON 23-24      TO 1/4 MILE OR LESS
LOWEST:      4 ON 27                               3 = THUNDER
                        SNOW, ICE PELLETS, HAIL    4 = ICE PELLETS
                        TOTAL MONTH:    M          5 = HAIL
                        GRTST 24HR    M  ON   M    6 = FREEZING RAIN OR DRIZZLE
                        GRTST DEPTH:  M  ON   M    7 = DUSTSTORM OR SANDSTORM:
                                                       VSBY 1/2 MILE OR LESS
                                                   8 = SMOKE OR HAZE
[NO. OF DAYS WITH]      [WEATHER - DAYS WITH]      9 = BLOWING SNOW
                                                   X = TORNADO
MAX 32 OR BELOW:  12    0.01 INCH OR MORE:   9
MAX 90 OR ABOVE:   0    0.10 INCH OR MORE:   4
MIN 32 OR BELOW:  23    0.50 INCH OR MORE:   1
MIN  0 OR BELOW:   0    1.00 INCH OR MORE:   0

[HDD (BASE 65) ]
TOTAL THIS MO.   928    CLEAR  (SCALE 0-3)   7
DPTR FM NORMAL   249    PTCLDY (SCALE 4-7)  17
TOTAL FM JUL 1  1377    CLOUDY (SCALE 8-10)  6
DPTR FM NORMAL   304

[CDD (BASE 65) ]
TOTAL THIS MO.     0
DPTR FM NORMAL    -1    [PRESSURE DATA]
TOTAL FM JAN 1   940    HIGHEST SLP 30.52 ON  1
DPTR FM NORMAL  -267    LOWEST  SLP 29.19 ON 23

[REMARKS]
#FINAL-11-14#




U.S. Dept. of Commerce
NOAA National Weather Service
1325 East West Highway
Silver Spring, MD 20910
E-mail: w-nws.webmaster@noaa.gov
Page last modified: May 16, 2007
NATIONAL WEATHER SERVICE: for Safety, for Work, for Fun - FOR LIFE