959
CXUS55 KDVN 291100
CF6BRL
PRELIMINARY LOCAL CLIMATOLOGICAL DATA (WS FORM: F-6)

                                          STATION:   BURLINGTON IA
                                          MONTH:     JANUARY
                                          YEAR:      2015
                                          LATITUDE:   40 46 N
                                          LONGITUDE:  91  7 W

  TEMPERATURE IN F:       :PCPN:    SNOW:  WIND      :SUNSHINE: SKY     :PK WND
================================================================================
1   2   3   4   5  6A  6B    7    8   9   10  11  12  13   14  15   16   17  18
                                     12Z  AVG MX 2MIN
DY MAX MIN AVG DEP HDD CDD  WTR  SNW DPTH SPD SPD DIR MIN PSBL S-S WX    SPD DR
================================================================================

 1  33  16  25  -1  40   0 0.00    M    M 11.3 18 240   M    M   0        23 250
 2  38  17  28   2  37   0 0.03    M    M  3.5 12 160   M    M   3 146    14 150
 3  36  32  34   8  31   0 0.31    M    M  4.4 10 360   M    M  10 126    13  50
 4  33   4  19  -7  46   0 0.13    M    M 14.6 25 310   M    M   6 18     34 310
 5  11   0   6 -20  59   0 0.13    M    M  6.5 12 140   M    M   6 128    17 290
 6  15   2   9 -17  56   0 0.00    M    M  9.5 21 320   M    M   5 1      30 310
 7  12  -9   2 -24  63   0 0.00    M    M 13.5 28 330   M    M   4 8      39 350
 8  25 -10   8 -18  57   0    T    M    M 17.8 29 310   M    M   6 1      41 310
 9  12  -1   6 -20  59   0 0.00    M    M 12.0 28 310   M    M   4 8      40 320
10  29  -2  14 -12  51   0 0.00    M    M 11.8 24 200   M    M   3        30 200
11  34  21  28   2  37   0 0.12    M    M  5.7 13 200   M    M   6 18     14 190
12  29   1  15 -11  50   0 0.00    M    M 10.3 18 360   M    M   1 1      23 360
13  18  -1   9 -17  56   0 0.00    M    M  6.0 15  40   M    M   1 1      18  50
14  25  -2  12 -14  53   0 0.00    M    M  5.4 13 210   M    M   5 1      15 200
15  40  13  27   1  38   0 0.00    M    M  7.6 14 240   M    M   0        17 240
16  43  17  30   4  35   0 0.00    M    M  8.8 17 180   M    M   1 12     22 170
17  47  37  42  16  23   0 0.00    M    M 13.3 21 290   M    M   3        29 300
18  45  26  36  10  29   0 0.00    M    M  7.1 15 270   M    M   0        19 280
19  45  24  35   9  30   0 0.04    M    M  3.9 12 180   M    M   3 1      13 170
20  43  32  38  12  27   0 0.00    M    M  5.0 14 330   M    M   4        19 310
21  37  33  35   9  30   0 0.00    M    M  9.4 17 300   M    M   9        25 290
22  33  30  32   6  33   0 0.00    M    M  5.3 10 310   M    M  10 1      15 320
23  37  28  33   7  32   0 0.00    M    M  7.6 15 210   M    M   6        18 210
24  48  25  37  11  28   0 0.00    M    M  7.0 15 250   M    M   0 1      19 240
25  41  23  32   6  33   0 0.31    M    M 12.9 25  40   M    M   9 18     32  30
26  41  21  31   5  34   0 0.01    M    M  6.6 15 180   M    M   9 1      19 320
27  39  29  34   8  31   0 0.00    M    M  7.9 15  40   M    M   9 1      18  30
28  44  27  36  10  29   0 0.00    M    M 12.9 21 170   M    M   2 18     28 150
================================================================================
SM  933  433      1127   0  1.08    M    247.6          M      125
================================================================================
AV 33.3 15.5                               8.8 FASTST   M    M   4    MAX(MPH)
                                 MISC ---->  # 29 310               # 41  310
================================================================================
NOTES:
# LAST OF SEVERAL OCCURRENCES

COLUMN 17 PEAK WIND IN M.P.H.

PRELIMINARY LOCAL CLIMATOLOGICAL DATA (WS FORM: F-6) , PAGE 2

                                          STATION:  BURLINGTON IA
                                          MONTH:    JANUARY
                                          YEAR:     2015
                                          LATITUDE:   40 46 N
                                          LONGITUDE:  91  7 W

[TEMPERATURE DATA]      [PRECIPITATION DATA]       SYMBOLS USED IN COLUMN 16

AVERAGE MONTHLY: 24.4   TOTAL FOR MONTH:   1.08    1 = FOG OR MIST
DPTR FM NORMAL:  -1.6   DPTR FM NORMAL:   -0.04    2 = FOG REDUCING VISIBILITY
HIGHEST:    48 ON 24    GRTST 24HR  0.40 ON  3- 4      TO 1/4 MILE OR LESS
LOWEST:    -10 ON  8                               3 = THUNDER
                        SNOW, ICE PELLETS, HAIL    4 = ICE PELLETS
                        TOTAL MONTH:    M          5 = HAIL
                        GRTST 24HR    M  ON   M    6 = FREEZING RAIN OR DRIZZLE
                        GRTST DEPTH:  M  ON   M    7 = DUSTSTORM OR SANDSTORM:
                                                       VSBY 1/2 MILE OR LESS
                                                   8 = SMOKE OR HAZE
[NO. OF DAYS WITH]      [WEATHER - DAYS WITH]      9 = BLOWING SNOW
                                                   X = TORNADO
MAX 32 OR BELOW:   9    0.01 INCH OR MORE:   8
MAX 90 OR ABOVE:   0    0.10 INCH OR MORE:   5
MIN 32 OR BELOW:  26    0.50 INCH OR MORE:   0
MIN  0 OR BELOW:   7    1.00 INCH OR MORE:   0

[HDD (BASE 65) ]
TOTAL THIS MO.  1127    CLEAR  (SCALE 0-3)  11
DPTR FM NORMAL    35    PTCLDY (SCALE 4-7)  11
TOTAL FM JUL 1  3498    CLOUDY (SCALE 8-10)  6
DPTR FM NORMAL   220

[CDD (BASE 65) ]
TOTAL THIS MO.     0
DPTR FM NORMAL     0    [PRESSURE DATA]
TOTAL FM JAN 1     0    HIGHEST SLP M ON M
DPTR FM NORMAL     0    LOWEST  SLP 29.58 ON 25

[REMARKS]




U.S. Dept. of Commerce
NOAA National Weather Service
1325 East West Highway
Silver Spring, MD 20910
E-mail: w-nws.webmaster@noaa.gov
Page last modified: May 16, 2007
NATIONAL WEATHER SERVICE: for Safety, for Work, for Fun - FOR LIFE