857
CXUS54 KLCH 012010
CF6BPT
PRELIMINARY LOCAL CLIMATOLOGICAL DATA (WS FORM: F-6)

                                          STATION:   BEAUMONT PORT ARTHUR
                                          MONTH:     SEPTEMBER
                                          YEAR:      2014
                                          LATITUDE:   29 57 N
                                          LONGITUDE:  94  1 W

  TEMPERATURE IN F:       :PCPN:    SNOW:  WIND      :SUNSHINE: SKY     :PK WND
================================================================================
1   2   3   4   5  6A  6B    7    8   9   10  11  12  13   14  15   16   17  18
                                     12Z  AVG MX 2MIN
DY MAX MIN AVG DEP HDD CDD  WTR  SNW DPTH SPD SPD DIR MIN PSBL S-S WX    SPD DR
================================================================================

 1  91  77  84   2   0  19 0.22  0.0    0  7.9 16 180   M    M   4 18     21 180
 2  92  79  86   4   0  21 0.00  0.0    0  9.5 20 160   M    M   3        24 160
 3  92  77  85   3   0  20    T  0.0    0  6.9 15 150   M    M   2        19  90
 4  93  78  86   4   0  21    T  0.0    0  5.8 13 150   M    M   2        17 100
 5  90  75  83   2   0  18 1.83  0.0    0  3.9 18 220   M    M   4 1238   24 210
 6  92  74  83   2   0  18 1.68  0.0    0  2.3 20 320   M    M   1 123    26 330
 7  92  74  83   2   0  18 0.72  0.0    0  4.2 24 230   M    M   5 1238   30 320
 8  92  72  82   1   0  17    T  0.0    0  3.8 10 210   M    M   2 1      15  30
 9  92  75  84   3   0  19    T  0.0    0  3.2 14 190   M    M   2 1      17 200
10  93  75  84   4   0  19 0.00  0.0    0  7.4 16 170   M    M   3        21 190
11  95  76  86   6   0  21    T  0.0    0  3.9 13 160   M    M   1 13     17 190
12  90  76  83   3   0  18 0.76  0.0    0  4.9 20 350   M    M   4 138    24  10
13  80  66  73  -7   0   8 0.00  0.0    0 12.5 20  30   M    M   9 1      31 360
14  82  66  74  -6   0   9 0.00  0.0    0  8.9 15  20   M    M   7 1      22  80
15  93  70  82   3   0  17 0.00  0.0    0  7.2 14 100   M    M   2 1      22  60
16  86  78  82   3   0  17 0.16  0.0    0  4.3 12  50   M    M   4 13     15  50
17  88  75  82   3   0  17 0.82  0.0    0  2.5 13 200   M    M   4 13     17 210
18  80  74  77  -1   0  12 0.47  0.0    0  3.4 12  20   M    M   6 1      14  20
19  87  76  82   4   0  17 0.02  0.0    0  5.7 17 110   M    M   7 1      22 120
20  90  74  82   4   0  17 0.00  0.0    0  8.5 18 100   M    M   2        23 100
21  91  73  82   4   0  17 0.00  0.0    0  6.2 14  20   M    M   1        19  20
22  91  71  81   4   0  16 0.00  0.0    0  8.7 17  20   M    M   1 1      21  20
23  86  64  75  -2   0  10 0.00  0.0    0  8.6 14  50   M    M   0         M  M
24  86  63  75  -2   0  10 0.00  0.0    0  8.0 16  80   M    M   1        20  80
25  82  71  77   0   0  12    T  0.0    0  8.9 22  60   M    M   5        26  70
26  86  70  78   2   0  13 0.00  0.0    0  7.0 15 100   M    M   2        21 100
27  85  72  79   3   0  14 0.00    M    M  7.9 18  60   M    M   M        24  40
28  86  71  79   3   0  14 0.07  0.0    0  8.3 22  60   M    M   6 1      29 330
29  88  72  80   5   0  15 0.00  0.0    0  7.1 13  40   M    M   5 1      18 220
30  89  73  81   6   0  16    T  0.0    0  6.3 13 140   M    M   3 18     16 130
================================================================================
SM 2660 2187         0 480  6.75     0.0 193.7          M       98
================================================================================
AV 88.7 72.9                               6.5 FASTST   M    M   3    MAX(MPH)
                                 MISC ---->  # 24 230               # 31  360
================================================================================
NOTES:
# LAST OF SEVERAL OCCURRENCES

COLUMN 17 PEAK WIND IN M.P.H.

PRELIMINARY LOCAL CLIMATOLOGICAL DATA (WS FORM: F-6) , PAGE 2

                                          STATION:  BEAUMONT PORT ARTHUR
                                          MONTH:    SEPTEMBER
                                          YEAR:     2014
                                          LATITUDE:   29 57 N
                                          LONGITUDE:  94  1 W

[TEMPERATURE DATA]      [PRECIPITATION DATA]       SYMBOLS USED IN COLUMN 16

AVERAGE MONTHLY: 80.8   TOTAL FOR MONTH:   6.75    1 = FOG OR MIST
DPTR FM NORMAL:   1.8   DPTR FM NORMAL:    0.78    2 = FOG REDUCING VISIBILITY
HIGHEST:    95 ON 11    GRTST 24HR  3.50 ON  5- 6      TO 1/4 MILE OR LESS
LOWEST:     63 ON 24                               3 = THUNDER
                        SNOW, ICE PELLETS, HAIL    4 = ICE PELLETS
                        TOTAL MONTH:   0.0 INCH    5 = HAIL
                        GRTST 24HR     0.0         6 = FREEZING RAIN OR DRIZZLE
                        GRTST DEPTH:   0           7 = DUSTSTORM OR SANDSTORM:
                                                       VSBY 1/2 MILE OR LESS
                                                   8 = SMOKE OR HAZE
[NO. OF DAYS WITH]      [WEATHER - DAYS WITH]      9 = BLOWING SNOW
                                                   X = TORNADO
MAX 32 OR BELOW:   0    0.01 INCH OR MORE:  10
MAX 90 OR ABOVE:  16    0.10 INCH OR MORE:   8
MIN 32 OR BELOW:   0    0.50 INCH OR MORE:   5
MIN  0 OR BELOW:   0    1.00 INCH OR MORE:   2

[HDD (BASE 65) ]
TOTAL THIS MO.     0    CLEAR  (SCALE 0-3)  16
DPTR FM NORMAL    -1    PTCLDY (SCALE 4-7)  12
TOTAL FM JUL 1     0    CLOUDY (SCALE 8-10)  1
DPTR FM NORMAL    -1

[CDD (BASE 65) ]
TOTAL THIS MO.   480
DPTR FM NORMAL    61    [PRESSURE DATA]
TOTAL FM JAN 1  2623    HIGHEST SLP 30.17 ON 14
DPTR FM NORMAL    37    LOWEST  SLP 29.79 ON 30

[REMARKS]
#FINAL-09-14#




U.S. Dept. of Commerce
NOAA National Weather Service
1325 East West Highway
Silver Spring, MD 20910
E-mail: w-nws.webmaster@noaa.gov
Page last modified: May 16, 2007
NATIONAL WEATHER SERVICE: for Safety, for Work, for Fun - FOR LIFE