988
CXUS54 KLCH 020510
CF6BPT
PRELIMINARY LOCAL CLIMATOLOGICAL DATA (WS FORM: F-6)

                                          STATION:   BEAUMONT PORT ARTHUR
                                          MONTH:     NOVEMBER
                                          YEAR:      2014
                                          LATITUDE:   29 57 N
                                          LONGITUDE:  94  1 W

  TEMPERATURE IN F:       :PCPN:    SNOW:  WIND      :SUNSHINE: SKY     :PK WND
================================================================================
1   2   3   4   5  6A  6B    7    8   9   10  11  12  13   14  15   16   17  18
                                     12Z  AVG MX 2MIN
DY MAX MIN AVG DEP HDD CDD  WTR  SNW DPTH SPD SPD DIR MIN PSBL S-S WX    SPD DR
================================================================================

 1  64  44  54 -12  11   0 0.00  0.0    0  8.5 20  60   M    M   0        23  60
 2  70  41  56 -10   9   0 0.00  0.0    0  8.6 15 100   M    M   0        21  90
 3  77  56  67   1   0   2 0.00  0.0    0 13.0 23 120   M    M   5        29 100
 4  84  65  75  10   0  10    T  0.0    0  8.9 17 180   M    M   2        32 340
 5  81  68  75  10   0  10 0.07  0.0    0  7.9 15 360   M    M   5 1      18 360
 6  68  58  63  -2   2   0 0.26  0.0    0  9.2 16  10   M    M   8 1      20 360
 7  65  48  57  -7   8   0 0.00  0.0    0  7.3 16  60   M    M   0        20  50
 8  71  48  60  -4   5   0 0.00  0.0    0  4.4 10 340   M    M   2        13 350
 9  72  49  61  -3   4   0 0.00  0.0    0  5.3 13 180   M    M   0 12     15 190
10  79  47  63   0   2   0 0.00    M    0  7.7 21 180   M    M   4 12     31 180
11  80  50  65   2   0   0 0.06  0.0    0 10.2 21 360   M    M   7 1      25 360
12  53  47  50 -13  15   0 0.04    M    0 14.3 22  20   M    M  10 1      27  10
13  49  37  43 -19  22   0 0.30    M    0 14.6 22 340   M    M   7 1      27 350
14  50  34  42 -20  23   0 0.00  0.0    0  8.7 16 360   M    M   8        21 360
15  57  42  50 -12  15   0 0.01    M    0 11.6 20 100   M    M  10 1      23 100
16  69  45  57  -5   8   0 1.50    M    0 11.6 25 340   M    M  10 13     36 340
17  51  38  45 -16  20   0 0.00  0.0    0 16.2 29 350   M    M   4        38 330
18  54  32  43 -18  22   0 0.00  0.0    0  5.5 15 350   M    M   0 1      20 350
19  68  31  50 -11  15   0 0.00  0.0    0  6.8 18 160   M    M   2 18     26 330
20  75  47  61   1   4   0 0.01    M    0  9.0 21 140   M    M   4 18     27 140
21  68  60  64   4   1   0    T  0.0    0 13.4 22 100   M    M   9 1      28 110
22  70  57  64   4   1   0 0.92  0.0    0 13.2 24 110   M    M   5 13     31 120
23  77  58  68   8   0   3 1.20  0.0    0  9.9 22  70   M    M   3 13     31 310
24  66  45  56  -3   9   0 0.00    M    0 11.9 22 360   M    M   1        31 290
25  64  40  52  -7  13   0 0.00  0.0    0  5.6 13  20   M    M   1        17  10
26  72  44  58  -1   7   0 0.00    M    0  8.9 22 230   M    M   0        30 250
27  67  41  54  -4  11   0 0.00  0.0    0  5.2 16  20   M    M   0        19  20
28  70  39  55  -3  10   0 0.00  0.0    0  7.7 16 160   M    M   3 1      20 170
29  77  59  68  10   0   3 0.00  0.0    0 11.4 23 180   M    M   2        32 170
30  79  62  71  14   0   6 0.00  0.0    0 10.3 22 170   M    M   2 1      28 150
================================================================================
SM 2047 1432       237  34  4.37     0.0 286.8          M      114
================================================================================
AV 68.2 47.7                               9.6 FASTST   M    M   4    MAX(MPH)
                                 MISC ---->  # 29 350               # 38  330
================================================================================
NOTES:
# LAST OF SEVERAL OCCURRENCES

COLUMN 17 PEAK WIND IN M.P.H.

PRELIMINARY LOCAL CLIMATOLOGICAL DATA (WS FORM: F-6) , PAGE 2

                                          STATION:  BEAUMONT PORT ARTHUR
                                          MONTH:    NOVEMBER
                                          YEAR:     2014
                                          LATITUDE:   29 57 N
                                          LONGITUDE:  94  1 W

[TEMPERATURE DATA]      [PRECIPITATION DATA]       SYMBOLS USED IN COLUMN 16

AVERAGE MONTHLY: 58.0   TOTAL FOR MONTH:   4.37    1 = FOG OR MIST
DPTR FM NORMAL:  -3.7   DPTR FM NORMAL:   -0.03    2 = FOG REDUCING VISIBILITY
HIGHEST:    84 ON  4    GRTST 24HR  2.12 ON 22-23      TO 1/4 MILE OR LESS
LOWEST:     31 ON 19                               3 = THUNDER
                        SNOW, ICE PELLETS, HAIL    4 = ICE PELLETS
                        TOTAL MONTH:   0.0 INCH    5 = HAIL
                        GRTST 24HR     0.0         6 = FREEZING RAIN OR DRIZZLE
                        GRTST DEPTH:   0           7 = DUSTSTORM OR SANDSTORM:
                                                       VSBY 1/2 MILE OR LESS
                                                   8 = SMOKE OR HAZE
[NO. OF DAYS WITH]      [WEATHER - DAYS WITH]      9 = BLOWING SNOW
                                                   X = TORNADO
MAX 32 OR BELOW:   0    0.01 INCH OR MORE:  10
MAX 90 OR ABOVE:   0    0.10 INCH OR MORE:   5
MIN 32 OR BELOW:   2    0.50 INCH OR MORE:   3
MIN  0 OR BELOW:   0    1.00 INCH OR MORE:   2

[HDD (BASE 65) ]
TOTAL THIS MO.   237    CLEAR  (SCALE 0-3)  16
DPTR FM NORMAL    76    PTCLDY (SCALE 4-7)  10
TOTAL FM JUL 1   237    CLOUDY (SCALE 8-10)  4
DPTR FM NORMAL    42

[CDD (BASE 65) ]
TOTAL THIS MO.    34
DPTR FM NORMAL   -30    [PRESSURE DATA]
TOTAL FM JAN 1  2911    HIGHEST SLP 30.56 ON 18
DPTR FM NORMAL    56    LOWEST  SLP 29.54 ON 23

[REMARKS]
#FINAL-11-14#




U.S. Dept. of Commerce
NOAA National Weather Service
1325 East West Highway
Silver Spring, MD 20910
E-mail: w-nws.webmaster@noaa.gov
Page last modified: May 16, 2007
NATIONAL WEATHER SERVICE: for Safety, for Work, for Fun - FOR LIFE