087
CXUS54 KLCH 291610
CF6BPT
PRELIMINARY LOCAL CLIMATOLOGICAL DATA (WS FORM: F-6)

                                          STATION:   BEAUMONT PORT ARTHUR
                                          MONTH:     JULY
                                          YEAR:      2014
                                          LATITUDE:   29 57 N
                                          LONGITUDE:  94  1 W

  TEMPERATURE IN F:       :PCPN:    SNOW:  WIND      :SUNSHINE: SKY     :PK WND
================================================================================
1   2   3   4   5  6A  6B    7    8   9   10  11  12  13   14  15   16   17  18
                                     12Z  AVG MX 2MIN
DY MAX MIN AVG DEP HDD CDD  WTR  SNW DPTH SPD SPD DIR MIN PSBL S-S WX    SPD DR
================================================================================

 1  92  76  84   2   0  19 0.00  0.0    0  6.0 14 160   M    M   2 1      17 180
 2  95  72  84   1   0  19    T  0.0    0  4.2 17 150   M    M   4 123    20 150
 3  95  69  82  -1   0  17 1.89  0.0    0  5.8 51 320   M    M   3 138    66 320
 4  90  71  81  -2   0  16 0.00  0.0    0  6.4 14  40   M    M   1 13     17  50
 5  92  73  83   0   0  18 0.00  0.0    0  6.2 12 200   M    M   0 1      14 200
 6  91  72  82  -1   0  17 0.00  0.0    0  3.9 12 190   M    M   1 18     15 170
 7  91  72  82  -1   0  17 0.01  0.0    0  5.6 16 170   M    M   3 13     20 170
 8  94  74  84   1   0  19    T  0.0    0  5.6 17 240   M    M   3 3      21 230
 9  94  73  84   1   0  19 0.00  0.0    0  5.3 15 200   M    M   1 13     19 210
10  92  73  83   0   0  18 0.34  0.0    0  3.4 23  10   M    M   2 13     29  10
11  93  73  83   0   0  18 0.00  0.0    0  3.7 16 130   M    M   2 13     21 130
12  95  74  85   2   0  20 0.02  0.0    0  4.4 30  50   M    M   2 13     38  50
13  93  71  82  -1   0  17 0.40  0.0    M  3.6 28  50   M    M   7 1238   34  50
14  93  70  82  -1   0  17 0.00  0.0    0  5.3 18 180   M    M   4 138    23 190
15  87  73  80  -3   0  15    T  0.0    0  5.5 21 350   M    M   3 3      26 360
16  91  72  82  -1   0  17 0.00  0.0    0  4.8 13 180   M    M   4        17  90
17  83  73  78  -5   0  13 1.39  0.0    0  8.2 29 150   M    M   7 138    37 160
18  82  74  78  -5   0  13 6.53  0.0    0  7.4 28 160   M    M   6 13     34 150
19  86  71  79  -4   0  14 1.18  0.0    0  7.3 14  20   M    M   8 1      17  20
20  93  75  84   1   0  19    T  0.0    0  4.8 14  90   M    M   6 138    17 110
21  94  76  85   2   0  20    T  0.0    0  3.0 12 180   M    M   5 1      15 180
22  91  76  84   1   0  19 0.01  0.0    0  4.0 13  20   M    M   5 13     15  30
23  95  73  84   1   0  19 0.62  0.0    0  5.8 21  50   M    M   2 13     27  50
24  93  73  83   0   0  18 0.00  0.0    0  5.3 14 360   M    M   1 1      17 360
25  93  76  85   2   0  20    T  0.0    0  5.1 17 160   M    M   1 1      23 160
26  93  75  84   1   0  19 1.24  0.0    0  4.9 26 230   M    M   1 123    32 230
27  93  75  84   1   0  19 0.00  0.0    0  6.3 14 190   M    M   1 1      17 190
28  95  77  86   3   0  21 0.00  0.0    0  5.4 13 260   M    M   1 1      16 260
================================================================================
SM 2569 2052         0 497 13.63     0.0 147.2          M       86
================================================================================
AV 91.8 73.3                               5.3 FASTST   M    M   3    MAX(MPH)
                                 MISC ---->  # 51 320               # 66  320
================================================================================
NOTES:
# LAST OF SEVERAL OCCURRENCES

COLUMN 17 PEAK WIND IN M.P.H.

PRELIMINARY LOCAL CLIMATOLOGICAL DATA (WS FORM: F-6) , PAGE 2

                                          STATION:  BEAUMONT PORT ARTHUR
                                          MONTH:    JULY
                                          YEAR:     2014
                                          LATITUDE:   29 57 N
                                          LONGITUDE:  94  1 W

[TEMPERATURE DATA]      [PRECIPITATION DATA]       SYMBOLS USED IN COLUMN 16

AVERAGE MONTHLY: 82.5   TOTAL FOR MONTH:  13.63    1 = FOG OR MIST
DPTR FM NORMAL:  -0.4   DPTR FM NORMAL:    8.20    2 = FOG REDUCING VISIBILITY
HIGHEST:    95 ON 28,23 GRTST 24HR  7.48 ON 17-18      TO 1/4 MILE OR LESS
LOWEST:     69 ON  3                               3 = THUNDER
                        SNOW, ICE PELLETS, HAIL    4 = ICE PELLETS
                        TOTAL MONTH:   0.0 INCH    5 = HAIL
                        GRTST 24HR     0.0         6 = FREEZING RAIN OR DRIZZLE
                        GRTST DEPTH:   0           7 = DUSTSTORM OR SANDSTORM:
                                                       VSBY 1/2 MILE OR LESS
                                                   8 = SMOKE OR HAZE
[NO. OF DAYS WITH]      [WEATHER - DAYS WITH]      9 = BLOWING SNOW
                                                   X = TORNADO
MAX 32 OR BELOW:   0    0.01 INCH OR MORE:  11
MAX 90 OR ABOVE:  24    0.10 INCH OR MORE:   8
MIN 32 OR BELOW:   0    0.50 INCH OR MORE:   6
MIN  0 OR BELOW:   0    1.00 INCH OR MORE:   5

[HDD (BASE 65) ]
TOTAL THIS MO.     0    CLEAR  (SCALE 0-3)  17
DPTR FM NORMAL     0    PTCLDY (SCALE 4-7)  11
TOTAL FM JUL 1     0    CLOUDY (SCALE 8-10)  0
DPTR FM NORMAL     0

[CDD (BASE 65) ]
TOTAL THIS MO.   497
DPTR FM NORMAL    -7    [PRESSURE DATA]
TOTAL FM JAN 1  1501    HIGHEST SLP M ON M
DPTR FM NORMAL   -53    LOWEST  SLP 29.86 ON 18

[REMARKS]




U.S. Dept. of Commerce
NOAA National Weather Service
1325 East West Highway
Silver Spring, MD 20910
E-mail: w-nws.webmaster@noaa.gov
Page last modified: May 16, 2007
NATIONAL WEATHER SERVICE: for Safety, for Work, for Fun - FOR LIFE