285
CXUS54 KLZK 041931
CF6BPK
PRELIMINARY LOCAL CLIMATOLOGICAL DATA (WS FORM: F-6)

                                          STATION:   Mountain Home Airport
                                          MONTH:     NOVEMBER
                                          YEAR:      2014
                                          LATITUDE:   36 22 N
                                          LONGITUDE:  92 28 W

  TEMPERATURE IN F:       :PCPN:    SNOW:  WIND      :SUNSHINE: SKY     :PK WND
================================================================================
1   2   3   4   5  6A  6B    7    8   9   10  11  12  13   14  15   16   17  18
                                     12Z  AVG MX 2MIN
DY MAX MIN AVG DEP HDD CDD  WTR  SNW DPTH SPD SPD DIR MIN PSBL S-S WX    SPD DR
================================================================================

 1  52  25  39 -16  26   0 0.00    M    M  2.3  8  60   M    M   0        11  70
 2  58  34  46  -9  19   0 0.00    M    M  6.5 15 140   M    M   5        19 140
 3  71  40  56   2   9   0 0.00    M    M  8.1 16 180   M    M   1        22 170
 4  61  46  54   0  11   0 0.84    M    M  3.6 18 200   M    M  10 1      25 190
 5  53  44  49  -5  16   0 0.00    M    M  0.9  7 190   M    M   0 1       9 190
 6  61  36  49  -4  16   0 0.00    M    M  5.5 14 350   M    M   0 1      26 330
 7  59  31  45  -8  20   0 0.00    M    M  4.8 10 170   M    M   0 1      15 160
 8  60  37  49  -3  16   0 0.00    M    M  4.0 13 340   M    M   1        23 350
 9  65  30  48  -4  17   0 0.00    M    M  4.5 10 190   M    M   1 12     14 170
10  73  48  61   9   4   0    T    M    M 10.2 24 200   M    M   0        34 190
11  59  26  43  -8  22   0 0.00    M    M  5.9 14 330   M    M   5        24 310
12  39  26  33 -18  32   0 0.00    M    M  5.8 12 340   M    M   6        22 330
13  35  22  29 -21  36   0 0.00    M    M  5.5 13 340   M    M   2        20 320
14  37  17  27 -23  38   0 0.00    M    M  1.9  8  60   M    M   0        11  90
15  39  22  31 -19  34   0 0.01    M    M  5.0 14 140   M    M   4 1368   19 160
16  37  25  31 -18  34   0 0.07    M    M  3.3 10 330   M    M  10 18     17 310
17  31  20  26 -23  39   0 0.00    M    M  7.2 15 310   M    M   2        28 290
18  40  14  27 -21  38   0 0.00    M    M  4.4  9 200   M    M   0        13 220
19  55  32  44  -4  21   0 0.00    M    M  6.0 13 240   M    M   0        20 290
20  52  25  39  -8  26   0 0.00    M    M  3.0  9 100   M    M   0        12 130
21  44  36  40  -7  25   0    T    M    M  8.0 16 110   M    M  10 18     23 120
22  56  41  49   3  16   0 0.49    M    M  7.2 15 190   M    M   8 1      21 190
23  58  47  53   7  12   0 0.31    M    M  5.6 16 300   M    M   8 123    30 290
24  54  38  46   0  19   0 0.00    M    M  9.1 17 290   M    M   2        37 310
25  47  31  39  -6  26   0 0.00    M    M  4.1 10 310   M    M   0        21 310
26  49  27  38  -7  27   0 0.03    M    M  7.0 17 320   M    M   4 1      32 280
27  44  32  38  -6  27   0 0.00    M    M  4.3 14 320   M    M   4 8      23 320
28  57  30  44   0  21   0 0.00    M    M  7.7 18 190   M    M   0        26 200
29  73  45  59  16   6   0 0.00    M    M  9.6 18 210   M    M   0        29 210
30  77  41  59  16   6   0 0.00    M    M  9.0 20 230   M    M   4        31 220
================================================================================
SM 1596  968       659   0  1.75    M    170.0          M       87
================================================================================
AV 53.2 32.3                               5.7 FASTST   M    M   3    MAX(MPH)
                                 MISC ---->  # 24 200               # 37  310
================================================================================
NOTES:
# LAST OF SEVERAL OCCURRENCES

COLUMN 17 PEAK WIND IN M.P.H.

PRELIMINARY LOCAL CLIMATOLOGICAL DATA (WS FORM: F-6) , PAGE 2

                                          STATION:  Mountain Home Airport
                                          MONTH:    NOVEMBER
                                          YEAR:     2014
                                          LATITUDE:   36 22 N
                                          LONGITUDE:  92 28 W

[TEMPERATURE DATA]      [PRECIPITATION DATA]       SYMBOLS USED IN COLUMN 16

AVERAGE MONTHLY: 42.7   TOTAL FOR MONTH:   1.75    1 = FOG OR MIST
DPTR FM NORMAL:  -6.4   DPTR FM NORMAL:   -2.17    2 = FOG REDUCING VISIBILITY
HIGHEST:    77 ON 30    GRTST 24HR  0.84 ON  4- 4      TO 1/4 MILE OR LESS
LOWEST:     14 ON 18                               3 = THUNDER
                        SNOW, ICE PELLETS, HAIL    4 = ICE PELLETS
                        TOTAL MONTH:    M          5 = HAIL
                        GRTST 24HR    M  ON   M    6 = FREEZING RAIN OR DRIZZLE
                        GRTST DEPTH:  M  ON   M    7 = DUSTSTORM OR SANDSTORM:
                                                       VSBY 1/2 MILE OR LESS
                                                   8 = SMOKE OR HAZE
[NO. OF DAYS WITH]      [WEATHER - DAYS WITH]      9 = BLOWING SNOW
                                                   X = TORNADO
MAX 32 OR BELOW:   1    0.01 INCH OR MORE:   6
MAX 90 OR ABOVE:   0    0.10 INCH OR MORE:   3
MIN 32 OR BELOW:  17    0.50 INCH OR MORE:   1
MIN  0 OR BELOW:   0    1.00 INCH OR MORE:   0

[HDD (BASE 65) ]
TOTAL THIS MO.   659    CLEAR  (SCALE 0-3)  18
DPTR FM NORMAL   180    PTCLDY (SCALE 4-7)   7
TOTAL FM JUL 1   858    CLOUDY (SCALE 8-10)  5
DPTR FM NORMAL   143

[CDD (BASE 65) ]
TOTAL THIS MO.     0
DPTR FM NORMAL    -3    [PRESSURE DATA]
TOTAL FM JAN 1  1459    HIGHEST SLP 30.53 ON 27
DPTR FM NORMAL  -101    LOWEST  SLP 29.29 ON 23

[REMARKS]
#FINAL-11-14#




U.S. Dept. of Commerce
NOAA National Weather Service
1325 East West Highway
Silver Spring, MD 20910
E-mail: w-nws.webmaster@noaa.gov
Page last modified: May 16, 2007
NATIONAL WEATHER SERVICE: for Safety, for Work, for Fun - FOR LIFE