591
CXUS54 KLZK 281330
CF6BPK
PRELIMINARY LOCAL CLIMATOLOGICAL DATA (WS FORM: F-6)

                                          STATION:   Mountain Home Airport
                                          MONTH:     JULY
                                          YEAR:      2014
                                          LATITUDE:   36 22 N
                                          LONGITUDE:  92 28 W

  TEMPERATURE IN F:       :PCPN:    SNOW:  WIND      :SUNSHINE: SKY     :PK WND
================================================================================
1   2   3   4   5  6A  6B    7    8   9   10  11  12  13   14  15   16   17  18
                                     12Z  AVG MX 2MIN
DY MAX MIN AVG DEP HDD CDD  WTR  SNW DPTH SPD SPD DIR MIN PSBL S-S WX    SPD DR
================================================================================

 1  88  70  79   1   0  14 0.13  0.0    0  3.1 12 200   M    M   1 138    16 300
 2  82  61  72  -6   0   7 0.00  0.0    0  2.7  9 340   M    M   0 1      17 250
 3  80  56  68 -10   0   3 0.00  0.0    0  2.3  9  40   M    M   1        15  60
 4  80  58  69  -9   0   4 0.00  0.0    0  3.2  9  90   M    M   4 12     13 110
 5  82  58  70  -8   0   5 0.00  0.0    0  4.1 10 180   M    M   1        14 190
 6  84  63  74  -5   0   9 0.05  0.0    0  3.8 12 170   M    M   2 18     16 170
 7  89  68  79   0   0  14 0.33  0.0    0  5.9 15 240   M    M   3 13     22 200
 8  85  66  76  -3   0  11 0.52  0.0    0  2.9 14 340   M    M   4 13     29 350
 9  85  64  75  -4   0  10 0.00  0.0    0  0.8  6 330   M    M   3 12     10 320
10  83  62  73  -6   0   8 0.01  0.0    0  2.5 10  80   M    M   2 18     13 100
11  89  69  79   0   0  14    T  0.0    0  3.9 12 170   M    M   4 18     15 180
12  92  72  82   3   0  17 0.00  0.0    0  3.5  9 170   M    M   1 1      14  60
13  91  70  81   2   0  16 0.00  0.0    0  2.9 12 200   M    M   2 18     16 200
14  86  68  77  -2   0  12 0.01  0.0    0  1.6  9 340   M    M   4 1      15 340
15  77  59  68 -11   0   3 0.00  0.0    0  3.3  9 350   M    M   1        15 320
16  76  53  65 -14   0   0 0.00  0.0    0  0.7  6 160   M    M   3         9 260
17  73  59  66 -13   0   1    T  0.0    0  3.3  9 150   M    M   4        13 140
18  74  59  67 -12   0   2 0.00  0.0    0  3.2 10 100   M    M   6 1      15  70
19  81  57  69 -10   0   4 0.00  0.0    0  1.7  9 100   M    M   2 12     12 130
20  82  60  71  -8   0   6 0.00  0.0    0  1.4  9 130   M    M   1 1      12 130
21  85  61  73  -6   0   8 0.00  0.0    0  3.0  9 170   M    M   0 1      15 150
22  89  65  77  -2   0  12 0.00  0.0    0  3.1  8 180   M    M   0 18     12 150
23  93  67  80   1   0  15 0.11  0.0    0  2.3 25 100   M    M   4 138    34 100
24  82  66  74  -5   0   9 0.00  0.0    0  3.3 12  90   M    M   3 1      15 100
25  87  62  75  -4   0  10 0.00  0.0    0  5.4 12 180   M    M   0        19 220
26  94  71  83   4   0  18 0.00  0.0    0  5.1 13 230   M    M   0 18     19 210
27  90  70  80   1   0  15    T  0.0    0  3.5  9 340   M    M   1 18     17 290
================================================================================
SM 2279 1714         0 247  1.16     0.0  82.5          M       57
================================================================================
AV 84.4 63.5                               3.1 FASTST   M    M   2    MAX(MPH)
                                 MISC ---->  # 25 100               # 34  100
================================================================================
NOTES:
# LAST OF SEVERAL OCCURRENCES

COLUMN 17 PEAK WIND IN M.P.H.

PRELIMINARY LOCAL CLIMATOLOGICAL DATA (WS FORM: F-6) , PAGE 2

                                          STATION:  Mountain Home Airport
                                          MONTH:    JULY
                                          YEAR:     2014
                                          LATITUDE:   36 22 N
                                          LONGITUDE:  92 28 W

[TEMPERATURE DATA]      [PRECIPITATION DATA]       SYMBOLS USED IN COLUMN 16

AVERAGE MONTHLY: 73.9   TOTAL FOR MONTH:   1.16    1 = FOG OR MIST
DPTR FM NORMAL:  -4.9   DPTR FM NORMAL:   -1.71    2 = FOG REDUCING VISIBILITY
HIGHEST:    94 ON 26    GRTST 24HR  0.52 ON  8- 8      TO 1/4 MILE OR LESS
LOWEST:     53 ON 16                               3 = THUNDER
                        SNOW, ICE PELLETS, HAIL    4 = ICE PELLETS
                        TOTAL MONTH:   0.0 INCH    5 = HAIL
                        GRTST 24HR     0.0         6 = FREEZING RAIN OR DRIZZLE
                        GRTST DEPTH:   0           7 = DUSTSTORM OR SANDSTORM:
                                                       VSBY 1/2 MILE OR LESS
                                                   8 = SMOKE OR HAZE
[NO. OF DAYS WITH]      [WEATHER - DAYS WITH]      9 = BLOWING SNOW
                                                   X = TORNADO
MAX 32 OR BELOW:   0    0.01 INCH OR MORE:   7
MAX 90 OR ABOVE:   5    0.10 INCH OR MORE:   4
MIN 32 OR BELOW:   0    0.50 INCH OR MORE:   1
MIN  0 OR BELOW:   0    1.00 INCH OR MORE:   0

[HDD (BASE 65) ]
TOTAL THIS MO.     0    CLEAR  (SCALE 0-3)  20
DPTR FM NORMAL     0    PTCLDY (SCALE 4-7)   7
TOTAL FM JUL 1     0    CLOUDY (SCALE 8-10)  0
DPTR FM NORMAL     0

[CDD (BASE 65) ]
TOTAL THIS MO.   247
DPTR FM NORMAL  -126    [PRESSURE DATA]
TOTAL FM JAN 1   741    HIGHEST SLP M ON M
DPTR FM NORMAL   -92    LOWEST  SLP 29.82 ON  1

[REMARKS]




U.S. Dept. of Commerce
NOAA National Weather Service
1325 East West Highway
Silver Spring, MD 20910
E-mail: w-nws.webmaster@noaa.gov
Page last modified: May 16, 2007
NATIONAL WEATHER SERVICE: for Safety, for Work, for Fun - FOR LIFE