009
CXUS54 KLZK 011330
CF6BPK
PRELIMINARY LOCAL CLIMATOLOGICAL DATA (WS FORM: F-6)

                                          STATION:   Mountain Home Airport
                                          MONTH:     AUGUST
                                          YEAR:      2014
                                          LATITUDE:   36 22 N
                                          LONGITUDE:  92 28 W

  TEMPERATURE IN F:       :PCPN:    SNOW:  WIND      :SUNSHINE: SKY     :PK WND
================================================================================
1   2   3   4   5  6A  6B    7    8   9   10  11  12  13   14  15   16   17  18
                                     12Z  AVG MX 2MIN
DY MAX MIN AVG DEP HDD CDD  WTR  SNW DPTH SPD SPD DIR MIN PSBL S-S WX    SPD DR
================================================================================

 1  80  62  71  -9   0   6 0.00  0.0    0  1.2  7 190   M    M   5 128    11 180
 2  85  63  74  -6   0   9 0.01  0.0    0  1.4 10 320   M    M   2 123    17 310
 3  87  63  75  -5   0  10 0.00  0.0    0  1.5  9 110   M    M   0 18     13  90
 4  88  62  75  -5   0  10 0.00  0.0    0  2.1  9 150   M    M   1 18     13 150
 5  91  66  79  -1   0  14 0.00  0.0    0  3.5  8 210   M    M   1 18     12 220
 6  92  69  81   1   0  16 0.00  0.0    0  2.3  9 170   M    M   0 18     13 190
 7  88  70  79  -1   0  14 0.17  0.0    0  3.5 10 190   M    M   4 13     15 190
 8  91  71  81   1   0  16 0.01  0.0    0  2.0  8 290   M    M   3 18     13 260
 9  92  69  81   1   0  16 0.14  0.0    0  2.1 17 220   M    M   2 13     31 220
10  90  67  79  -1   0  14 0.00  0.0    0  1.5  9 240   M    M   3 12     14 260
11  88  71  80   0   0  15 0.00  0.0    0  3.8 10 320   M    M   3        19 330
12  85  62  74  -6   0   9 0.00  0.0    0  3.1  9 340   M    M   1        16  30
13  84  56  70  -9   0   5 0.00  0.0    0  1.2  9 130   M    M   1        11 230
14  88  58  73  -6   0   8 0.00  0.0    0  2.1 10 200   M    M   1 1      13 150
15  89  63  76  -3   0  11 0.00  0.0    0  3.1 10 160   M    M   1 1      15 200
16  92  68  80   1   0  15 0.00  0.0    0  5.2 16 190   M    M   2        23 200
17  94  71  83   4   0  18 0.02  0.0    0  2.7 14 200   M    M   2 13     20 190
18  92  68  80   1   0  15    T  0.0    0  3.2  9 220   M    M   2 13     13 260
19  97  68  83   4   0  18 0.00  0.0    0  4.6 10 240   M    M   1        15 220
20  97  72  85   6   0  20 0.00  0.0    0  6.2 15 210   M    M   0        23 220
21  96  72  84   5   0  19 0.00  0.0    0  6.4 14 200   M    M   0        20 160
22  98  71  85   6   0  20 0.00  0.0    0  4.9 13 200   M    M   0 18     19 190
23 101  75  88  10   0  23 0.00  0.0    0  3.7 12 190   M    M   0 1      18 200
24  99  70  85   7   0  20 0.00  0.0    0  2.1 10 180   M    M   0 1      14 140
25  99  71  85   7   0  20    T  0.0    0  1.8 20 130   M    M   0 3      27 130
26  97  70  84   6   0  19 0.00  0.0    0  2.8  9 160   M    M   1 18     13 150
27  98  71  85   7   0  20 0.00  0.0    0  3.4 13 140   M    M   1 18     18 130
28  94  68  81   4   0  16 0.00  0.0    0  3.9 14 180   M    M   1 18     19 190
29  90  70  80   3   0  15 0.05  0.0    0  5.8 24 220   M    M   5 13     32 220
30  84  70  77   0   0  12 0.07  0.0    0  4.5 12 190   M    M   4 13     15 160
31  92  67  80   4   0  15 0.00  0.0    0  5.5 15 190   M    M   1 1      22 190
================================================================================
SM 2838 2094         0 458  0.47     0.0 101.1          M       48
================================================================================
AV 91.5 67.5                               3.3 FASTST   M    M   2    MAX(MPH)
                                 MISC ---->  # 24 220               # 32  220
================================================================================
NOTES:
# LAST OF SEVERAL OCCURRENCES

COLUMN 17 PEAK WIND IN M.P.H.

PRELIMINARY LOCAL CLIMATOLOGICAL DATA (WS FORM: F-6) , PAGE 2

                                          STATION:  Mountain Home Airport
                                          MONTH:    AUGUST
                                          YEAR:     2014
                                          LATITUDE:   36 22 N
                                          LONGITUDE:  92 28 W

[TEMPERATURE DATA]      [PRECIPITATION DATA]       SYMBOLS USED IN COLUMN 16

AVERAGE MONTHLY: 79.5   TOTAL FOR MONTH:   0.47    1 = FOG OR MIST
DPTR FM NORMAL:   0.7   DPTR FM NORMAL:   -2.62    2 = FOG REDUCING VISIBILITY
HIGHEST:   101 ON 23    GRTST 24HR  0.18 ON  7- 8      TO 1/4 MILE OR LESS
LOWEST:     56 ON 13                               3 = THUNDER
                        SNOW, ICE PELLETS, HAIL    4 = ICE PELLETS
                        TOTAL MONTH:   0.0 INCH    5 = HAIL
                        GRTST 24HR     0.0         6 = FREEZING RAIN OR DRIZZLE
                        GRTST DEPTH:   0           7 = DUSTSTORM OR SANDSTORM:
                                                       VSBY 1/2 MILE OR LESS
                                                   8 = SMOKE OR HAZE
[NO. OF DAYS WITH]      [WEATHER - DAYS WITH]      9 = BLOWING SNOW
                                                   X = TORNADO
MAX 32 OR BELOW:   0    0.01 INCH OR MORE:   7
MAX 90 OR ABOVE:  20    0.10 INCH OR MORE:   2
MIN 32 OR BELOW:   0    0.50 INCH OR MORE:   0
MIN  0 OR BELOW:   0    1.00 INCH OR MORE:   0

[HDD (BASE 65) ]
TOTAL THIS MO.     0    CLEAR  (SCALE 0-3)  24
DPTR FM NORMAL    -1    PTCLDY (SCALE 4-7)   7
TOTAL FM JUL 1     0    CLOUDY (SCALE 8-10)  0
DPTR FM NORMAL    -1

[CDD (BASE 65) ]
TOTAL THIS MO.   458
DPTR FM NORMAL    30    [PRESSURE DATA]
TOTAL FM JAN 1  1215    HIGHEST SLP 30.16 ON  3
DPTR FM NORMAL  -107    LOWEST  SLP 29.79 ON 19

[REMARKS]
#FINAL-08-14#




U.S. Dept. of Commerce
NOAA National Weather Service
1325 East West Highway
Silver Spring, MD 20910
E-mail: w-nws.webmaster@noaa.gov
Page last modified: May 16, 2007
NATIONAL WEATHER SERVICE: for Safety, for Work, for Fun - FOR LIFE