179
CXUS55 KRIW 290901
CF6BPI
PRELIMINARY LOCAL CLIMATOLOGICAL DATA (WS FORM: F-6)

                                          STATION:   BIG PINEY  WY
                                          MONTH:     JULY
                                          YEAR:      2014
                                          LATITUDE:   42 34 N
                                          LONGITUDE: 110  6 W

  TEMPERATURE IN F:       :PCPN:    SNOW:  WIND      :SUNSHINE: SKY     :PK WND
================================================================================
1   2   3   4   5  6A  6B    7    8   9   10  11  12  13   14  15   16   17  18
                                     12Z  AVG MX 2MIN
DY MAX MIN AVG DEP HDD CDD  WTR  SNW DPTH SPD SPD DIR MIN PSBL S-S WX    SPD DR
================================================================================

 1  75  31  53  -7  12   0 0.00  0.0    0  5.8 15 210   M    M   0        19 190
 2  81  41  61   1   4   0 0.00  0.0    0  5.1 12 350   M    M   0        16 280
 3  83  41  62   2   3   0 0.10  0.0    0  8.7 31  20   M    M   2 13     41  20
 4  83  43  63   3   2   0 0.01  0.0    0  4.2 25  20   M    M   1 3      35 340
 5  89  42  66   6   0   1 0.00  0.0    0  8.6 23 340   M    M   0        30 330
 6  89  42  66   5   0   1 0.00  0.0    0  8.1 22 310   M    M   0        30 330
 7  88  42  65   4   0   0 0.00  0.0    0  9.3 22 340   M    M   0        30 340
 8  87  49  68   7   0   3 0.00  0.0    0  7.3 14 190   M    M   0        20 160
 9  89  43  66   5   0   1    T  0.0    0  6.1 18 320   M    M   2        21 320
10  80  54  67   5   0   2    T  0.0    0  7.3 25  10   M    M   4        30  20
11  76  50  63   1   2   0    T  0.0    0  6.2 25 110   M    M   2        30 110
12  83  47  65   3   0   0 0.02  0.0    0  6.0 15  40   M    M   3 3      25 300
13  87  47  67   5   0   2 0.00  0.0    M  6.8 22  20   M    M   0        26 360
14  86  47  67   5   0   2 0.03  0.0    0  6.9 32  20   M    M   2 3      44  30
15  86  47  67   5   0   2 0.00  0.0    0 10.4 28  20   M    M   0        35  30
16  79  50  65   3   0   0    T  0.0    0  9.1 23 330   M    M   4        30 330
17  84  42  63   0   2   0 0.09  0.0    0  6.8 38 320   M    M   2 3      48 320
18  84  47  66   3   0   1 0.00  0.0    0  8.2 23 340   M    M   0 8      31 340
19  86  44  65   2   0   0 0.00  0.0    0  7.5 23 320   M    M   0 8      29 320
20  84  39  62  -1   3   0    T  0.0    0  8.4 35 220   M    M   2        45 210
21  85  49  67   4   0   2 0.00  0.0    0 10.7 23  40   M    M   1        39 270
22  88  44  66   3   0   1 0.00  0.0    0  6.0 18 280   M    M   0        23 290
23  92  42  67   4   0   2 0.03  0.0    0  8.0 35 230   M    M   1 3      46 240
24  87  48  68   5   0   3 0.00  0.0    0 10.2 30 290   M    M   0        37 290
25  86  40  63   0   2   0 0.00  0.0    0  9.7 24 260   M    M   0        31 270
26  86  41  64   1   1   0 0.00  0.0    0  7.1 22 310   M    M   0        27 320
27  88  35  62  -1   3   0 0.00  0.0    0  6.2 14  60   M    M   0        20  10
28  90  46  68   5   0   3 0.00  0.0    0  7.4 22  10   M    M   3        26  10
================================================================================
SM 2381 1233        34  26  0.28     0.0 212.1          M       29
================================================================================
AV 85.0 44.0                               7.6 FASTST   M    M   1    MAX(MPH)
                                 MISC ---->  # 38 320               # 48  320
================================================================================
NOTES:
# LAST OF SEVERAL OCCURRENCES

COLUMN 17 PEAK WIND IN M.P.H.

PRELIMINARY LOCAL CLIMATOLOGICAL DATA (WS FORM: F-6) , PAGE 2

                                          STATION:  BIG PINEY  WY
                                          MONTH:    JULY
                                          YEAR:     2014
                                          LATITUDE:   42 34 N
                                          LONGITUDE: 110  6 W

[TEMPERATURE DATA]      [PRECIPITATION DATA]       SYMBOLS USED IN COLUMN 16

AVERAGE MONTHLY: 64.5   TOTAL FOR MONTH:   0.28    1 = FOG OR MIST
DPTR FM NORMAL:   2.6   DPTR FM NORMAL:   -0.35    2 = FOG REDUCING VISIBILITY
HIGHEST:    92 ON 23    GRTST 24HR  0.11 ON  3- 4      TO 1/4 MILE OR LESS
LOWEST:     31 ON  1                               3 = THUNDER
                        SNOW, ICE PELLETS, HAIL    4 = ICE PELLETS
                        TOTAL MONTH:   0.0 INCH    5 = HAIL
                        GRTST 24HR     0.0         6 = FREEZING RAIN OR DRIZZLE
                        GRTST DEPTH:   0           7 = DUSTSTORM OR SANDSTORM:
                                                       VSBY 1/2 MILE OR LESS
                                                   8 = SMOKE OR HAZE
[NO. OF DAYS WITH]      [WEATHER - DAYS WITH]      9 = BLOWING SNOW
                                                   X = TORNADO
MAX 32 OR BELOW:   0    0.01 INCH OR MORE:   6
MAX 90 OR ABOVE:   2    0.10 INCH OR MORE:   1
MIN 32 OR BELOW:   1    0.50 INCH OR MORE:   0
MIN  0 OR BELOW:   0    1.00 INCH OR MORE:   0

[HDD (BASE 65) ]
TOTAL THIS MO.    34    CLEAR  (SCALE 0-3)  26
DPTR FM NORMAL   -72    PTCLDY (SCALE 4-7)   2
TOTAL FM JUL 1    34    CLOUDY (SCALE 8-10)  0
DPTR FM NORMAL   -72

[CDD (BASE 65) ]
TOTAL THIS MO.    26
DPTR FM NORMAL     6    [PRESSURE DATA]
TOTAL FM JAN 1    26    HIGHEST SLP M ON M
DPTR FM NORMAL     4    LOWEST  SLP 29.78 ON  9

[REMARKS]




U.S. Dept. of Commerce
NOAA National Weather Service
1325 East West Highway
Silver Spring, MD 20910
E-mail: w-nws.webmaster@noaa.gov
Page last modified: May 16, 2007
NATIONAL WEATHER SERVICE: for Safety, for Work, for Fun - FOR LIFE