480
CXUS55 KRIW 010901
CF6BPI
PRELIMINARY LOCAL CLIMATOLOGICAL DATA (WS FORM: F-6)

                                          STATION:   BIG PINEY  WY
                                          MONTH:     NOVEMBER
                                          YEAR:      2014
                                          LATITUDE:   42 34 N
                                          LONGITUDE: 110  6 W

  TEMPERATURE IN F:       :PCPN:    SNOW:  WIND      :SUNSHINE: SKY     :PK WND
================================================================================
1   2   3   4   5  6A  6B    7    8   9   10  11  12  13   14  15   16   17  18
                                     12Z  AVG MX 2MIN
DY MAX MIN AVG DEP HDD CDD  WTR  SNW DPTH SPD SPD DIR MIN PSBL S-S WX    SPD DR
================================================================================

 1  63  30  47  15  18   0    T  0.0    0  9.3 43 240   M    M   4        49 230
 2  47  29  38   7  27   0 0.00  0.0    0  8.7 18 250   M    M   7        22 250
 3  46  21  34   4  31   0    T    M    M 13.4 23 360   M    M   2        30 350
 4  48  10  29  -1  36   0    T    M    M  5.6 17 310   M    M   2        20 310
 5  53  22  38   8  27   0    T    M    M  7.2 21 350   M    M   1        26 340
 6  57  19  38   9  27   0    T    M    M  5.1 15 270   M    M   0        19 280
 7  57  23  40  12  25   0    T    M    0 10.0 25 350   M    M   2        33 360
 8  55  14  35   7  30   0 0.00    M    M  5.1 14 340   M    M   0        17 340
 9  60  18  39  12  26   0    T    M    M 10.3 39 290   M    M   0        49 290
10  44  13  29   2  36   0 0.02    M    M 15.7 37 260   M    M   6 1      45 250
11  15   0   8 -18  57   0    T    M    M 11.0 17 160   M    M  10 8      20 150
12  11 -15  -2 -28  67   0    T    M    M  6.0 14 200   M    M   7 8      16 200
13  10 -18  -4 -29  69   0    T    M    M  2.7  8  50   M    M   6 18      8 270
14  32   7  20  -5  45   0 0.03    M    M  4.3 25 300   M    M   8 18     35 300
15  25 -10   8 -16  57   0 0.00  0.0    M 10.2 28 290   M    M   2        31 290
16  25 -15   5 -19  60   0 0.00  0.0    M 13.4 31 340   M    M   0        37 340
17  31   2  17  -6  48   0 0.00  0.0    M 11.8 26 340   M    M   0        30 350
18  39  -1  19  -3  46   0 0.00  0.0    M  5.7 22 350   M    M   0        25 350
19  39   5  22   0  43   0 0.00  0.0    M  3.7 10 320   M    M   3        11  20
20  39   9  24   3  41   0 0.00  0.0    M  2.2 10  20   M    M   5        11  20
21  42   7  25   4  40   0 0.00  0.0    M  4.5 12  40   M    M   0        12  30
22  56  15  36  16  29   0    T    M    M  9.0 29 350   M    M   5 18     37 360
23  42  19  31  11  34   0    T    M    M 11.4 30 330   M    M   3 8      38 340
24  41  16  29  10  36   0    T    M    M 13.1 28 340   M    M   3 8      36 330
25   M   M   M   M   M   M    T    M    M  4.3 23  80   M    M   9        18  80
26   M   M   M   M   M   M 0.00  0.0    M 10.4 22 350   M    M   1        30 320
27   M   M   M   M   M   M 0.00  0.0    M  4.5 10 120   M    M   1         M  M
28  55   M   M   M   M   M 0.00  0.0    M 10.7 24 280   M    M   0        35 280
29  48  27  38  21  27   0    T    M    M 25.0 39 260   M    M   2        50 280
30  37  14  26  10  39   0    T    M    M  8.2 25 280   M    M   5 1      31 270
================================================================================
SM 1117  261      1021   0  0.05     0.0 262.5          M       94
================================================================================
AV 41.4 10.0                               8.8 FASTST   M    M   3    MAX(MPH)
                                 MISC ---->  # 43 240               # 50  280
================================================================================
NOTES:
# LAST OF SEVERAL OCCURRENCES

COLUMN 17 PEAK WIND IN M.P.H.

PRELIMINARY LOCAL CLIMATOLOGICAL DATA (WS FORM: F-6) , PAGE 2

                                          STATION:  BIG PINEY  WY
                                          MONTH:    NOVEMBER
                                          YEAR:     2014
                                          LATITUDE:   42 34 N
                                          LONGITUDE: 110  6 W

[TEMPERATURE DATA]      [PRECIPITATION DATA]       SYMBOLS USED IN COLUMN 16

AVERAGE MONTHLY: 25.7   TOTAL FOR MONTH:   0.05    1 = FOG OR MIST
DPTR FM NORMAL:   1.9   DPTR FM NORMAL:   -0.16    2 = FOG REDUCING VISIBILITY
HIGHEST:    63 ON  1    GRTST 24HR  0.03 ON 14-14      TO 1/4 MILE OR LESS
LOWEST:    -18 ON 13                               3 = THUNDER
                        SNOW, ICE PELLETS, HAIL    4 = ICE PELLETS
                        TOTAL MONTH:   0.0 INCH    5 = HAIL
                        GRTST 24HR     0.0         6 = FREEZING RAIN OR DRIZZLE
                        GRTST DEPTH:   0           7 = DUSTSTORM OR SANDSTORM:
                                                       VSBY 1/2 MILE OR LESS
                                                   8 = SMOKE OR HAZE
[NO. OF DAYS WITH]      [WEATHER - DAYS WITH]      9 = BLOWING SNOW
                                                   X = TORNADO
MAX 32 OR BELOW:   7    0.01 INCH OR MORE:   2
MAX 90 OR ABOVE:   0    0.10 INCH OR MORE:   0
MIN 32 OR BELOW:  26    0.50 INCH OR MORE:   0
MIN  0 OR BELOW:   6    1.00 INCH OR MORE:   0

[HDD (BASE 65) ]
TOTAL THIS MO.  1021    CLEAR  (SCALE 0-3)  19
DPTR FM NORMAL  -214    PTCLDY (SCALE 4-7)   9
TOTAL FM JUL 1  2298    CLOUDY (SCALE 8-10)  2
DPTR FM NORMAL  -517

[CDD (BASE 65) ]
TOTAL THIS MO.     0
DPTR FM NORMAL     0    [PRESSURE DATA]
TOTAL FM JAN 1    26    HIGHEST SLP 30.10 ON 25
DPTR FM NORMAL    -9    LOWEST  SLP 29.36 ON 10

[REMARKS]
#FINAL-11-14#




U.S. Dept. of Commerce
NOAA National Weather Service
1325 East West Highway
Silver Spring, MD 20910
E-mail: w-nws.webmaster@noaa.gov
Page last modified: May 16, 2007
NATIONAL WEATHER SERVICE: for Safety, for Work, for Fun - FOR LIFE