496
CXUS55 KRIW 260901
CF6BPI
PRELIMINARY LOCAL CLIMATOLOGICAL DATA (WS FORM: F-6)

                                          STATION:   BIG PINEY  WY
                                          MONTH:     JANUARY
                                          YEAR:      2015
                                          LATITUDE:   42 34 N
                                          LONGITUDE: 110  6 W

  TEMPERATURE IN F:       :PCPN:    SNOW:  WIND      :SUNSHINE: SKY     :PK WND
================================================================================
1   2   3   4   5  6A  6B    7    8   9   10  11  12  13   14  15   16   17  18
                                     12Z  AVG MX 2MIN
DY MAX MIN AVG DEP HDD CDD  WTR  SNW DPTH SPD SPD DIR MIN PSBL S-S WX    SPD DR
================================================================================

 1  10 -24  -7 -18  72   0 0.00  0.0    M  2.9  9  90   M    M   2         9  90
 2  18  -8   5  -6  60   0 0.00  0.0    M  1.9 10  70   M    M   4        12  70
 3  24  -2  11   0  54   0 0.01    M    M  8.2 25 340   M    M   3        30 340
 4  24  -3  11   0  54   0 0.00  0.0    M  3.2 12 330   M    M   4        12 320
 5  40  16  28  17  37   0    T    M    M  8.0 21 340   M    M   5 1      27 330
 6  36   9  23  12  42   0 0.00  0.0    M  4.5 13  90   M    M   2 1      15  70
 7  35   5  20   9  45   0 0.00  0.0    M  3.3  9  10   M    M   2 12     10  10
 8  41   5  23  12  42   0 0.00  0.0    M  3.5 13  70   M    M   0        14  80
 9  20   8  14   3  51   0 0.00  0.0    M  2.5  9  70   M    M   9 1      10 170
10  26   7  17   6  48   0 0.00  0.0    M  3.1  8  60   M    M   6 12      9  60
11  36  14  25  14  40   0 0.00  0.0    M  1.7  8  60   M    M   9         9  70
12  30  19  25  14  40   0 0.00  0.0    M  5.8 13 360   M    M  10 1      15 360
13  31   0  16   5  49   0 0.00  0.0    M  3.9  8  90   M    M   1 1      11 100
14  29  -6  12   1  53   0 0.00  0.0    M  2.2  9  70   M    M   0         9  70
15  27  -6  11   0  54   0 0.00  0.0    M  3.3  9  50   M    M   0        10  50
16  37   5  21  10  44   0    T    M    M  9.0 29 280   M    M   5 1      34 290
17  29   8  19   8  46   0    T    M    M  6.9 18 340   M    M   2 1      22 330
18  39   7  23  12  42   0 0.00  0.0    M  4.3 22 290   M    M   8        28 290
19  36   9  23  12  42   0 0.00  0.0    M  9.0 20 350   M    M   1        29 310
20  29  -2  14   3  51   0 0.00  0.0    M  5.8 15 350   M    M   0        17 350
21  24 -11   7  -4  58   0 0.00  0.0    M  4.6 14 340   M    M   0        14 340
22  30 -13   9  -2  56   0 0.00  0.0    M  3.1 12  30   M    M   0        13  30
23  36   2  19   8  46   0    T    M    M  8.1 16 340   M    M   4 18     19  20
24  43   2  23  12  42   0 0.00  0.0    M  8.8 23 350   M    M   0        29 350
25  46  17  32  21  33   0 0.00  0.0    M  7.3 15 340   M    M   0        17 340
================================================================================
SM  776   58      1201   0  0.01     0.0 124.9          M       77
================================================================================
AV 31.0  2.3                               5.0 FASTST   M    M   3    MAX(MPH)
                                 MISC ---->  # 29 280               # 34  290
================================================================================
NOTES:
# LAST OF SEVERAL OCCURRENCES

COLUMN 17 PEAK WIND IN M.P.H.

PRELIMINARY LOCAL CLIMATOLOGICAL DATA (WS FORM: F-6) , PAGE 2

                                          STATION:  BIG PINEY  WY
                                          MONTH:    JANUARY
                                          YEAR:     2015
                                          LATITUDE:   42 34 N
                                          LONGITUDE: 110  6 W

[TEMPERATURE DATA]      [PRECIPITATION DATA]       SYMBOLS USED IN COLUMN 16

AVERAGE MONTHLY: 16.7   TOTAL FOR MONTH:   0.01    1 = FOG OR MIST
DPTR FM NORMAL:   5.7   DPTR FM NORMAL:   -0.25    2 = FOG REDUCING VISIBILITY
HIGHEST:    46 ON 25    GRTST 24HR  0.01 ON  3- 3      TO 1/4 MILE OR LESS
LOWEST:    -24 ON  1                               3 = THUNDER
                        SNOW, ICE PELLETS, HAIL    4 = ICE PELLETS
                        TOTAL MONTH:   0.0 INCH    5 = HAIL
                        GRTST 24HR     0.0         6 = FREEZING RAIN OR DRIZZLE
                        GRTST DEPTH:  M  ON   M    7 = DUSTSTORM OR SANDSTORM:
                                                       VSBY 1/2 MILE OR LESS
                                                   8 = SMOKE OR HAZE
[NO. OF DAYS WITH]      [WEATHER - DAYS WITH]      9 = BLOWING SNOW
                                                   X = TORNADO
MAX 32 OR BELOW:  14    0.01 INCH OR MORE:   1
MAX 90 OR ABOVE:   0    0.10 INCH OR MORE:   0
MIN 32 OR BELOW:  25    0.50 INCH OR MORE:   0
MIN  0 OR BELOW:  10    1.00 INCH OR MORE:   0

[HDD (BASE 65) ]
TOTAL THIS MO.  1201    CLEAR  (SCALE 0-3)  14
DPTR FM NORMAL  -149    PTCLDY (SCALE 4-7)   7
TOTAL FM JUL 1  4813    CLOUDY (SCALE 8-10)  4
DPTR FM NORMAL  -976

[CDD (BASE 65) ]
TOTAL THIS MO.     0
DPTR FM NORMAL     0    [PRESSURE DATA]
TOTAL FM JAN 1     0    HIGHEST SLP M ON M
DPTR FM NORMAL     0    LOWEST  SLP 30.00 ON  3

[REMARKS]




U.S. Dept. of Commerce
NOAA National Weather Service
1325 East West Highway
Silver Spring, MD 20910
E-mail: w-nws.webmaster@noaa.gov
Page last modified: May 16, 2007
NATIONAL WEATHER SERVICE: for Safety, for Work, for Fun - FOR LIFE