849
CXUS54 KMAF 011100
CF6BPG
PRELIMINARY LOCAL CLIMATOLOGICAL DATA (WS FORM: F-6)

                                          STATION:   Big Spring McMahon-Wrinkle Fi
                                          MONTH:     JULY
                                          YEAR:      2014
                                          LATITUDE:   32 12 N
                                          LONGITUDE: 101 31 W

  TEMPERATURE IN F:       :PCPN:    SNOW:  WIND      :SUNSHINE: SKY     :PK WND
================================================================================
1   2   3   4   5  6A  6B    7    8   9   10  11  12  13   14  15   16   17  18
                                     12Z  AVG MX 2MIN
DY MAX MIN AVG DEP HDD CDD  WTR  SNW DPTH SPD SPD DIR MIN PSBL S-S WX    SPD DR
================================================================================

 1  96  77  87   M   0  22 0.00  0.0    0 12.6 24 130   M    M   2        29 160
 2  90  76  83   M   0  18 0.00  0.0    0 11.6 23  30   M    M   1        32  30
 3  90  72  81   M   0  16 0.01  0.0    0  8.5 15  50   M    M   1 3      18  70
 4  97  72  85   M   0  20 0.00  0.0    0 10.8 17 170   M    M   0        23 130
 5  96  74  85   M   0  20 0.00  0.0    0 11.9 18 160   M    M   0        24 160
 6  94  74  84   M   0  19 0.00  0.0    0 10.1 16 150   M    M   0        20 120
 7  99  72  86   M   0  21 0.00  0.0    0 10.6 17 140   M    M   0        23 160
 8 100  74  87   M   0  22 0.04  0.0    0  8.9 16 170   M    M   1        18 140
 9  98  74  86   M   0  21 0.00  0.0    0  9.9 17 120   M    M   0        21 110
10  95  74  85   M   0  20 0.00  0.0    0 12.1 18 130   M    M   0        25 160
11  88  72  80   M   0  15 0.03  0.0    0 12.8 21 140   M    M   2        29 140
12  94  74  84   M   0  19 0.00  0.0    0 15.0 25 160   M    M   3        29 160
13 100  74  87   M   0  22 0.00  0.0    0  8.7 15 180   M    M   1        20 200
14 101  74  88   M   0  23 0.00  0.0    0  8.1 21  50   M    M   0 3      33  50
15  87  74  81   M   0  16 0.03  0.0    0  8.8 15  10   M    M   1 3      18  20
16  94  71  83   M   0  18 0.00  0.0    0  9.3 24 180   M    M   0 3      18 180
17  82  72  77   M   0  12 0.00  0.0    0 13.0 16  40   M    M   0 3      21  40
18  87  69  78   M   0  13 0.00  0.0    0  8.2 15  30   M    M   0        18 120
19  97  67  82   M   0  17 0.00  0.0    0 10.5 20 160   M    M   0        22 100
20 100  74  87   M   0  22 0.00  0.0    0 10.6 20 160   M    M   0        25 160
21 101  79  90   M   0  25 0.00  0.0    0 11.9 16 140   M    M   0        22 120
22 100  79  90   M   0  25 0.00  0.0    0  7.4 14 120   M    M   1         M  M
23 102  74  88   M   0  23 0.00  0.0    0  6.8 16  40   M    M   0        25  40
24 102  74  88   M   0  23 0.00  0.0    0  7.5 14  40   M    M   0        18  40
25 100  74  87   M   0  22 0.00  0.0    0  8.2 13 170   M    M   0        21 160
26 102  76  89   M   0  24 0.00  0.0    0 11.8 17 150   M    M   0        24 150
27 102  79  91   M   0  26 0.00  0.0    0 10.5 18  90   M    M   1        24  90
28  96  79  88   M   0  23 0.00  0.0    0 11.5 23  40   M    M   4        30  40
29 100  74  87   M   0  22 0.00  0.0    0 11.7 22  50   M    M   2        30  60
30 102  77  90   M   0  25 0.00  0.0    0 11.8 21 180   M    M   2 3      24 110
31  85  72  79   M   0  14 0.00  0.0    0 12.1 18  10   M    M   5        24  10
================================================================================
SM 2977 2297         0 628  0.11     0.0 323.2          M       27
================================================================================
AV 96.0 74.1                              10.4 FASTST   M    M   1    MAX(MPH)
                                 MISC ---->    25   M                 33    M
================================================================================
NOTES:
# LAST OF SEVERAL OCCURRENCES

COLUMN 17 PEAK WIND IN M.P.H.

PRELIMINARY LOCAL CLIMATOLOGICAL DATA (WS FORM: F-6) , PAGE 2

                                          STATION:  Big Spring McMahon-Wrinkle Fi
                                          MONTH:    JULY
                                          YEAR:     2014
                                          LATITUDE:   32 12 N
                                          LONGITUDE: 101 31 W

[TEMPERATURE DATA]      [PRECIPITATION DATA]       SYMBOLS USED IN COLUMN 16

AVERAGE MONTHLY: 85.1   TOTAL FOR MONTH:   0.11    1 = FOG OR MIST
DPTR FM NORMAL:     M   DPTR FM NORMAL:       M    2 = FOG REDUCING VISIBILITY
HIGHEST:   102 ON 30,27 GRTST 24HR  0.04 ON  8- 8      TO 1/4 MILE OR LESS
LOWEST:     67 ON 19                               3 = THUNDER
                        SNOW, ICE PELLETS, HAIL    4 = ICE PELLETS
                        TOTAL MONTH:   0.0 INCH    5 = HAIL
                        GRTST 24HR     0.0         6 = FREEZING RAIN OR DRIZZLE
                        GRTST DEPTH:   0           7 = DUSTSTORM OR SANDSTORM:
                                                       VSBY 1/2 MILE OR LESS
                                                   8 = SMOKE OR HAZE
[NO. OF DAYS WITH]      [WEATHER - DAYS WITH]      9 = BLOWING SNOW
                                                   X = TORNADO
MAX 32 OR BELOW:   0    0.01 INCH OR MORE:   4
MAX 90 OR ABOVE:  26    0.10 INCH OR MORE:   0
MIN 32 OR BELOW:   0    0.50 INCH OR MORE:   0
MIN  0 OR BELOW:   0    1.00 INCH OR MORE:   0

[HDD (BASE 65) ]
TOTAL THIS MO.     0    CLEAR  (SCALE 0-3)  29
DPTR FM NORMAL     M    PTCLDY (SCALE 4-7)   2
TOTAL FM JUL 1     0    CLOUDY (SCALE 8-10)  0
DPTR FM NORMAL     M

[CDD (BASE 65) ]
TOTAL THIS MO.   628
DPTR FM NORMAL     M    [PRESSURE DATA]
TOTAL FM JAN 1  1663    HIGHEST SLP M ON M
DPTR FM NORMAL     M    LOWEST  SLP M ON M

[REMARKS]
#FINAL-07-14#




U.S. Dept. of Commerce
NOAA National Weather Service
1325 East West Highway
Silver Spring, MD 20910
E-mail: w-nws.webmaster@noaa.gov
Page last modified: May 16, 2007
NATIONAL WEATHER SERVICE: for Safety, for Work, for Fun - FOR LIFE