946
CXUS54 KMAF 231100
CF6BPG
PRELIMINARY LOCAL CLIMATOLOGICAL DATA (WS FORM: F-6)

                                          STATION:   Big Spring McMahon-Wrinkle Fi
                                          MONTH:     SEPTEMBER
                                          YEAR:      2014
                                          LATITUDE:   32 12 N
                                          LONGITUDE: 101 31 W

  TEMPERATURE IN F:       :PCPN:    SNOW:  WIND      :SUNSHINE: SKY     :PK WND
================================================================================
1   2   3   4   5  6A  6B    7    8   9   10  11  12  13   14  15   16   17  18
                                     12Z  AVG MX 2MIN
DY MAX MIN AVG DEP HDD CDD  WTR  SNW DPTH SPD SPD DIR MIN PSBL S-S WX    SPD DR
================================================================================

 1 102  79  91   M   0  26 0.00  0.0    0 15.6 23 170   M    M   0        28 170
 2 101  76  89   M   0  24 0.00  0.0    0 14.1 22 160   M    M   0        27 160
 3  94  74  84   M   0  19 0.00  0.0    0 16.5 25 150   M    M   1        29 140
 4  94  72  83   M   0  18 0.00  0.0    0 17.1 24 150   M    M   2        32 170
 5  92  74  83   M   0  18 0.00  0.0    0 11.6 21 150   M    M   4        25 180
 6  79  64  72   M   0   7 0.68  0.0    0 12.2 20  30   M    M  10        23  30
 7  79  64  72   M   0   7 0.00  0.0    0  6.7 14  40   M    M   7        16  20
 8  89  67  78   M   0  13 0.00  0.0    0  8.2 16 180   M    M   1        21 180
 9  99  74  87   M   0  22 0.00  0.0    0 13.8 21 180   M    M   0        24 180
10 100  76  88   M   0  23 0.00  0.0    0 14.2 25  30   M    M   0        32  30
11  84  69  77   M   0  12 0.00  0.0    0 14.9 22  40   M    M   3 3      29  40
12  74  54  64   M   1   0 0.70  0.0    0 17.3 25  30   M    M  10 3      35  20
13  64  53  59   M   6   0 0.00  0.0    0  9.0 17  20   M    M  10        24  20
14  74  60  67   M   0   2 0.01  0.0    0  2.4  9 210   M    M   8         M  M
15  82  66  74   M   0   9 0.00  0.0    0  4.8 12 170   M    M   8        16 170
16  83  74  79   M   0  14 0.00  0.0    0  3.7  9  40   M    M   8         M  M
17  88  74  81   M   0  16 0.42  0.0    0  6.2 18  60   M    M   5 3      27  60
18  79  72  76   M   0  11 0.16  0.0    0  7.7 20  50   M    M   6 3      23  50
19  79  71  75   M   0  10 0.13  0.0    0  7.5 10 100   M    M   7         M  M
20  84  74  79   M   0  14 0.16  0.0    0  8.9 14  50   M    M   8 3       M  M
21  79  72  76   M   0  11 0.71  0.0    0  4.0  7 360   M    M   8 3       M  M
22  84  69  77   M   0  12 0.03  0.0    0  9.2 12  50   M    M   3        16 100
================================================================================
SM 1883 1528         7 288  3.00     0.0 225.6          M      109
================================================================================
AV 85.6 69.5                              10.3 FASTST   M    M   5    MAX(MPH)
                                 MISC ---->    25   M               # 35   20
================================================================================
NOTES:
# LAST OF SEVERAL OCCURRENCES

COLUMN 17 PEAK WIND IN M.P.H.

PRELIMINARY LOCAL CLIMATOLOGICAL DATA (WS FORM: F-6) , PAGE 2

                                          STATION:  Big Spring McMahon-Wrinkle Fi
                                          MONTH:    SEPTEMBER
                                          YEAR:     2014
                                          LATITUDE:   32 12 N
                                          LONGITUDE: 101 31 W

[TEMPERATURE DATA]      [PRECIPITATION DATA]       SYMBOLS USED IN COLUMN 16

AVERAGE MONTHLY: 77.5   TOTAL FOR MONTH:   3.00    1 = FOG OR MIST
DPTR FM NORMAL:     M   DPTR FM NORMAL:       M    2 = FOG REDUCING VISIBILITY
HIGHEST:   102 ON  1    GRTST 24HR  0.71 ON 21-21      TO 1/4 MILE OR LESS
LOWEST:     53 ON 13                               3 = THUNDER
                        SNOW, ICE PELLETS, HAIL    4 = ICE PELLETS
                        TOTAL MONTH:   0.0 INCH    5 = HAIL
                        GRTST 24HR     0.0         6 = FREEZING RAIN OR DRIZZLE
                        GRTST DEPTH:   0           7 = DUSTSTORM OR SANDSTORM:
                                                       VSBY 1/2 MILE OR LESS
                                                   8 = SMOKE OR HAZE
[NO. OF DAYS WITH]      [WEATHER - DAYS WITH]      9 = BLOWING SNOW
                                                   X = TORNADO
MAX 32 OR BELOW:   0    0.01 INCH OR MORE:   9
MAX 90 OR ABOVE:   7    0.10 INCH OR MORE:   7
MIN 32 OR BELOW:   0    0.50 INCH OR MORE:   3
MIN  0 OR BELOW:   0    1.00 INCH OR MORE:   0

[HDD (BASE 65) ]
TOTAL THIS MO.     7    CLEAR  (SCALE 0-3)   9
DPTR FM NORMAL     M    PTCLDY (SCALE 4-7)   8
TOTAL FM JUL 1     7    CLOUDY (SCALE 8-10)  5
DPTR FM NORMAL     M

[CDD (BASE 65) ]
TOTAL THIS MO.   288
DPTR FM NORMAL     M    [PRESSURE DATA]
TOTAL FM JAN 1  2590    HIGHEST SLP M ON M
DPTR FM NORMAL     M    LOWEST  SLP M ON M

[REMARKS]




U.S. Dept. of Commerce
NOAA National Weather Service
1325 East West Highway
Silver Spring, MD 20910
E-mail: w-nws.webmaster@noaa.gov
Page last modified: May 16, 2007
NATIONAL WEATHER SERVICE: for Safety, for Work, for Fun - FOR LIFE