455
CXUS51 KBOX 011927 CCA
CF6BOS

PRELIMINARY LOCAL CLIMATOLOGICAL DATA (WS FORM: F-6)

                                          STATION:   BOSTON MA
                                          MONTH:     SEPTEMBER
                                          YEAR:      2014
                                          LATITUDE:   42 22 N
                                          LONGITUDE:  71  2 W

  TEMPERATURE IN F:       :PCPN:    SNOW:  WIND      :SUNSHINE: SKY     :PK WND
================================================================================
1   2   3   4   5  6A  6B    7    8   9   10  11  12  13   14  15   16   17  18
                                     12Z  AVG MX 2MIN
DY MAX MIN AVG DEP HDD CDD  WTR  SNW DPTH SPD SPD DIR MIN PSBL S-S WX    SPD DR
================================================================================

 1  85  72  79   9   0  14 0.00  0.0    M  7.8 14 120   M    M   6        17 240
 2  93  71  82  13   0  17 0.01  0.0    M  8.7 21 280   M    M   4 3      26 260
 3  85  72  79  10   0  14 0.00  0.0    M 11.6 22 260   M    M   5        28 300
 4  83  66  75   6   0  10 0.00  0.0    M  8.4 18 220   M    M   2        25 250
 5  91  67  79  11   0  14 0.00  0.0    M 11.9 21 230   M    M   2        30 240
 6  92  69  81  13   0  16 0.22  0.0    M 14.6 31 320   M    M   6 3      45 310
 7  76  63  70   2   0   5 0.15  0.0    M  7.7 18 340   M    M   5        24 340
 8  71  59  65  -3   0   0 0.00  0.0    M 10.1 17  50   M    M   4        23  60
 9  69  61  65  -2   0   0 0.00  0.0    M  9.6 14  70   M    M   6        17  80
10  70  60  65  -2   0   0 0.00  0.0    M  7.9 14  60   M    M   8 1      23 360
11  80  62  71   4   0   6 0.00  0.0    M 13.1 26 230   M    M   8        32 230
12  68  56  62  -4   3   0 0.00  0.0    M  8.7 17 340   M    M   3        23 340
13  67  53  60  -6   5   0 0.13  0.0    M 10.7 17  80   M    M   7 1      22  80
14  66  52  59  -7   6   0 0.00  0.0    M  9.6 20 320   M    M   4        25 320
15  67  48  58  -7   7   0 0.00  0.0    M  6.7 13 110   M    M   4        17  90
16  65  55  60  -5   5   0    T  0.0    M  4.6 13 130   M    M   6        14 120
17  69  54  62  -3   3   0 0.00  0.0    M  6.8 15 110   M    M   2        17 100
18  75  55  65   1   0   0 0.00  0.0    M  7.1 20 360   M    M   4        24 360
19  56  46  51 -13  14   0 0.00  0.0    M 10.4 16  10   M    M   3        20  50
20  73  47  60  -4   5   0 0.00  0.0    M 11.5 22 200   M    M   4        26 200
21  82  63  73  10   0   8 0.01  0.0    M  7.5 17 180   M    M   9 1      21 180
22  74  53  64   1   1   0 0.00  0.0    M 15.3 26 290   M    M   2        33 250
23  72  50  61  -1   4   0 0.00  0.0    M  7.0 15 270   M    M   3        21 300
24  66  54  60  -2   5   0 0.00  0.0    M  9.6 15  60   M    M   4        20  50
25  62  53  58  -4   7   0 0.00  0.0    M  7.0 12  30   M    M   7        14  30
26  69  54  62   1   3   0 0.00  0.0    M  5.0 10 130   M    M   4        12 130
27  81  60  71  10   0   6 0.00  0.0    M  5.4 10 320   M    M   1        14 320
28  87  60  74  14   0   9 0.00  0.0    M  4.8 13 240   M    M   2        26 150
29  74  57  66   6   0   1    T  0.0    M  9.7 18  50   M    M   7 1      23  50
30  57  56  57  -3   8   0 0.18  0.0    M  9.4 17  20   M    M  10 1      21  10
================================================================================
SM 2225 1748        76 120 0.70  0.0     268.2          M      142
================================================================================
AV 74.2 58.3                               8.9 FASTST   M    M   5    MAX(MPH)
                                 MISC ---->  # 31 320               # 45  310
================================================================================
NOTES:
# LAST OF SEVERAL OCCURRENCES

COLUMN 17 PEAK WIND IN M.P.H.

PRELIMINARY LOCAL CLIMATOLOGICAL DATA (WS FORM: F-6) , PAGE 2

                                          STATION:  BOSTON MA
                                          MONTH:    SEPTEMBER
                                          YEAR:     2014
                                          LATITUDE:   42 22 N
                                          LONGITUDE:  71  2 W

[TEMPERATURE DATA]      [PRECIPITATION DATA]       SYMBOLS USED IN COLUMN 16

AVERAGE MONTHLY: 66.3   TOTAL FOR MONTH:   0.70    1 = FOG OR MIST
DPTR FM NORMAL:   1.2   DPTR FM NORMAL:   -2.74    2 = FOG REDUCING VISIBILITY
HIGHEST:    93 ON  2    GRTST 24HR  0.54 ON 31-1       TO 1/4 MILE OR LESS
LOWEST:     46 ON 19                               3 = THUNDER
                        SNOW, ICE PELLETS, HAIL    4 = ICE PELLETS
                        TOTAL MONTH:   0.0 INCH    5 = HAIL
                        GRTST 24HR     0.0         6 = FREEZING RAIN OR DRIZZLE
                        GRTST DEPTH:  M  ON   M    7 = DUSTSTORM OR SANDSTORM:
                                                       VSBY 1/2 MILE OR LESS
                                                   8 = SMOKE OR HAZE
[NO. OF DAYS WITH]      [WEATHER - DAYS WITH]      9 = BLOWING SNOW
                                                   X = TORNADO
MAX 32 OR BELOW:   0    0.01 INCH OR MORE:   6
MAX 90 OR ABOVE:   3    0.10 INCH OR MORE:   4
MIN 32 OR BELOW:   0    0.50 INCH OR MORE:   0
MIN  0 OR BELOW:   0    1.00 INCH OR MORE:   0

[HDD (BASE 65) ]
TOTAL THIS MO.    76    CLEAR  (SCALE 0-3)   9
DPTR FM NORMAL    -8    PTCLDY (SCALE 4-7)  17
TOTAL FM JUL 1    76    CLOUDY (SCALE 8-10)  4
DPTR FM NORMAL   -21

[CDD (BASE 65) ]
TOTAL THIS MO.   120
DPTR FM NORMAL    39    [PRESSURE DATA]
TOTAL FM JAN 1   759    HIGHEST SLP M ON M
DPTR FM NORMAL    19    LOWEST  SLP 29.53 ON M

[REMARKS]
#SIPPRELL-FINAL-09-14#




U.S. Dept. of Commerce
NOAA National Weather Service
1325 East West Highway
Silver Spring, MD 20910
E-mail: w-nws.webmaster@noaa.gov
Page last modified: May 16, 2007
NATIONAL WEATHER SERVICE: for Safety, for Work, for Fun - FOR LIFE