162
CXUS51 KBOX 271200
CF6BOS
PRELIMINARY LOCAL CLIMATOLOGICAL DATA (WS FORM: F-6)

                                          STATION:   BOSTON MA
                                          MONTH:     NOVEMBER
                                          YEAR:      2014
                                          LATITUDE:   42 22 N
                                          LONGITUDE:  71  2 W

  TEMPERATURE IN F:       :PCPN:    SNOW:  WIND      :SUNSHINE: SKY     :PK WND
================================================================================
1   2   3   4   5  6A  6B    7    8   9   10  11  12  13   14  15   16   17  18
                                     12Z  AVG MX 2MIN
DY MAX MIN AVG DEP HDD CDD  WTR  SNW DPTH SPD SPD DIR MIN PSBL S-S WX    SPD DR
================================================================================

 1  49  39  44  -5  21   0 0.59  0.0    M 17.1 29  20   M    M  10 1      36  20
 2  42  34  38 -11  27   0 0.31    T    M 20.9 35 320   M    M   8 1      44 330
 3  53  36  45  -3  20   0 0.00  0.0    M 14.6 28 290   M    M   2        37 280
 4  57  45  51   3  14   0 0.00  0.0    M  6.1 15 110   M    M   7        18 110
 5  66  47  57   9   8   0 0.00  0.0    M  9.2 20 260   M    M   8        25 260
 6  51  46  49   1  16   0 0.59  0.0    M  5.1 18  30   M    M   8 1      24  40
 7  49  39  44  -3  21   0    T  0.0    M 14.2 25 290   M    M   9 1      36 310
 8  48  35  42  -5  23   0 0.00  0.0    M 10.3 20 280   M    M   6        26 300
 9  56  40  48   1  17   0 0.00  0.0    M  7.9 16 210   M    M   8        21 210
10  58  37  48   1  17   0 0.00  0.0    M  5.1 12 120   M    M   4        15 250
11  63  42  53   7  12   0 0.00  0.0    M  5.4 15 210   M    M   5 1      21 210
12  60  46  53   7  12   0 0.00  0.0    M  4.8 17 310   M    M   8 12     22 310
13  50  38  44  -2  21   0 0.06  0.0    M  7.5 15 320   M    M   6 1      22 310
14  44  33  39  -6  26   0 0.23    T    M 11.1 20 350   M    M   6 1      25 310
15  40  30  35 -10  30   0 0.00  0.0    M  9.3 16 300   M    M   1        21 310
16  42  29  36  -9  29   0    T  0.0    M  8.1 20 250   M    M   7        24 260
17  48  37  43  -1  22   0 1.64  0.0    0  5.9 21 290   M    M   9 1      25 290
18  44  27  36  -8  29   0 0.00  0.0    M 15.7 25 280   M    M   3        33 260
19  37  24  31 -13  34   0 0.00  0.0    M 14.1 23 280   M    M   2        31 270
20  48  31  40  -4  25   0 0.00  0.0    M 13.8 29 240   M    M   4        37 250
21  36  27  32 -11  33   0 0.00  0.0    M 15.1 26 280   M    M   1        35 300
22  44  24  34  -9  31   0 0.00  0.0    M 16.1 28 230   M    M   5        33 230
23  59  42  51   8  14   0    T    M    M  9.4 18 230   M    M   7        22 230
24  65  42  54  12  11   0 0.28  0.0    M 14.5 26 220   M    M   7 1      36 200
25  62  48  55  13  10   0 0.00  0.0    0 11.7 20 240   M    M   7        26 260
26  50  33  42   0  23   0 1.44    T    M 14.8 31  30   M    M  10 145    38  40
================================================================================
SM 1321  951       546   0  5.14    T    287.8          M      158
================================================================================
AV 50.8 36.6                              11.1 FASTST   M    M   6    MAX(MPH)
                                 MISC ---->  # 35 320               # 44  330
================================================================================
NOTES:
# LAST OF SEVERAL OCCURRENCES

COLUMN 17 PEAK WIND IN M.P.H.

PRELIMINARY LOCAL CLIMATOLOGICAL DATA (WS FORM: F-6) , PAGE 2

                                          STATION:  BOSTON MA
                                          MONTH:    NOVEMBER
                                          YEAR:     2014
                                          LATITUDE:   42 22 N
                                          LONGITUDE:  71  2 W

[TEMPERATURE DATA]      [PRECIPITATION DATA]       SYMBOLS USED IN COLUMN 16

AVERAGE MONTHLY: 43.7   TOTAL FOR MONTH:   5.14    1 = FOG OR MIST
DPTR FM NORMAL:  -1.7   DPTR FM NORMAL:    1.70    2 = FOG REDUCING VISIBILITY
HIGHEST:    66 ON  5    GRTST 24HR  1.64 ON 16-17      TO 1/4 MILE OR LESS
LOWEST:     24 ON 22,19                            3 = THUNDER
                        SNOW, ICE PELLETS, HAIL    4 = ICE PELLETS
                        TOTAL MONTH:    T          5 = HAIL
                        GRTST 24HR    T  ON 26-26  6 = FREEZING RAIN OR DRIZZLE
                        GRTST DEPTH:   0           7 = DUSTSTORM OR SANDSTORM:
                                                       VSBY 1/2 MILE OR LESS
                                                   8 = SMOKE OR HAZE
[NO. OF DAYS WITH]      [WEATHER - DAYS WITH]      9 = BLOWING SNOW
                                                   X = TORNADO
MAX 32 OR BELOW:   0    0.01 INCH OR MORE:   8
MAX 90 OR ABOVE:   0    0.10 INCH OR MORE:   7
MIN 32 OR BELOW:   7    0.50 INCH OR MORE:   4
MIN  0 OR BELOW:   0    1.00 INCH OR MORE:   2

[HDD (BASE 65) ]
TOTAL THIS MO.   546    CLEAR  (SCALE 0-3)   4
DPTR FM NORMAL    34    PTCLDY (SCALE 4-7)  17
TOTAL FM JUL 1   893    CLOUDY (SCALE 8-10)  5
DPTR FM NORMAL   -66

[CDD (BASE 65) ]
TOTAL THIS MO.     0
DPTR FM NORMAL     0    [PRESSURE DATA]
TOTAL FM JAN 1   769    HIGHEST SLP M ON M
DPTR FM NORMAL    22    LOWEST  SLP 29.43 ON 17

[REMARKS]




U.S. Dept. of Commerce
NOAA National Weather Service
1325 East West Highway
Silver Spring, MD 20910
E-mail: w-nws.webmaster@noaa.gov
Page last modified: May 16, 2007
NATIONAL WEATHER SERVICE: for Safety, for Work, for Fun - FOR LIFE