979
CXUS51 KBOX 301200
CF6BOS
PRELIMINARY LOCAL CLIMATOLOGICAL DATA (WS FORM: F-6)

                                          STATION:   BOSTON MA
                                          MONTH:     JULY
                                          YEAR:      2014
                                          LATITUDE:   42 22 N
                                          LONGITUDE:  71  2 W

  TEMPERATURE IN F:       :PCPN:    SNOW:  WIND      :SUNSHINE: SKY     :PK WND
================================================================================
1   2   3   4   5  6A  6B    7    8   9   10  11  12  13   14  15   16   17  18
                                     12Z  AVG MX 2MIN
DY MAX MIN AVG DEP HDD CDD  WTR  SNW DPTH SPD SPD DIR MIN PSBL S-S WX    SPD DR
================================================================================

 1  89  69  79   7   0  14 0.00  0.0    M 13.8 24 220   M    M   6        30 230
 2  91  73  82  10   0  17    T  0.0    M 15.0 25 200   M    M   5        32 190
 3  92  69  81   9   0  16 0.28  0.0    M 10.1 28 270   M    M   8 138    43 270
 4  76  64  70  -3   0   5 1.88  0.0    M  8.1 21 350   M    M   8 1      26 350
 5  80  59  70  -3   0   5 0.35  0.0    0 17.1 30 310   M    M   6 1      40 330
 6  85  66  76   3   0  11 0.00  0.0    M 15.1 25 230   M    M   3        33 230
 7  88  69  79   6   0  14 0.08  0.0    M 14.5 26 220   M    M   5 3      33 240
 8  92  73  83  10   0  18    T  0.0    M 15.0 21 220   M    M   7        32 220
 9  88  73  81   8   0  16 0.00  0.0    0 13.8 21 200   M    M   6        26 220
10  82  66  74   1   0   9 0.00  0.0    M  7.9  9 280   M    M   6        13 280
11  73  63  68  -5   0   3 0.00  0.0    M  6.8 13  40   M    M   5        16  60
12  80  62  71  -3   0   6 0.00  0.0    M  8.3 17 200   M    M   2        22 200
13  85  68  77   3   0  12    T  0.0    M 15.5 25 190   M    M   6        30 190
14  86  71  79   5   0  14 0.67  0.0    M  9.8 18 220   M    M   9 18     23 320
15  85  71  78   4   0  13    T  0.0    0 10.8 21 200   M    M   8 1      25 200
16  76  69  73  -1   0   8 0.85  0.0    M  7.9 18 210   M    M   9 13     23 210
17  81  67  74   0   0   9 0.00  0.0    M  8.1 14 270   M    M   6        24 280
18  76  65  71  -3   0   6 0.00  0.0    0  7.9 14 110   M    M   4        17 150
19  72  63  68  -6   0   3 0.00  0.0    M  5.1 12  70   M    M   7        14  70
20  72  61  67  -7   0   2    T  0.0    M  6.9 13  60   M    M   8        17  60
21  73  61  67  -7   0   2 0.00  0.0    0  5.8 14 110   M    M   5 1      16 110
22  87  63  75   1   0  10 0.00  0.0    0  9.7 20 230   M    M   3        26 230
23  92  71  82   8   0  17 0.00  0.0    0 13.0 23 210   M    M   5        26 190
24  76  63  70  -4   0   5    T  0.0    0  7.7 16  30   M    M   8        20  40
25  83  62  73  -1   0   8 0.00  0.0    0  7.9 15 320   M    M   3        21 330
26  85  64  75   1   0  10 0.00  0.0    0 11.9 24 220   M    M   4        32 210
27  80  66  73  -1   0   8 0.35  0.0    0  9.3 23 200   M    M   7 1      30 190
28  84  65  75   1   0  10 0.11  0.0    M 10.5 23 220   M    M   7 13     29 240
29  79  64  72  -2   0   7 0.00  0.0    M  9.1 18 290   M    M   4        25 280
================================================================================
SM 2388 1920         0 278  4.57     0.0 302.4          M      170
================================================================================
AV 82.3 66.2                              10.4 FASTST   M    M   6    MAX(MPH)
                                 MISC ---->  # 30 310               # 43  270
================================================================================
NOTES:
# LAST OF SEVERAL OCCURRENCES

COLUMN 17 PEAK WIND IN M.P.H.

PRELIMINARY LOCAL CLIMATOLOGICAL DATA (WS FORM: F-6) , PAGE 2

                                          STATION:  BOSTON MA
                                          MONTH:    JULY
                                          YEAR:     2014
                                          LATITUDE:   42 22 N
                                          LONGITUDE:  71  2 W

[TEMPERATURE DATA]      [PRECIPITATION DATA]       SYMBOLS USED IN COLUMN 16

AVERAGE MONTHLY: 74.3   TOTAL FOR MONTH:   4.57    1 = FOG OR MIST
DPTR FM NORMAL:   0.8   DPTR FM NORMAL:    1.40    2 = FOG REDUCING VISIBILITY
HIGHEST:    92 ON 23, 8 GRTST 24HR  2.23 ON  4- 5      TO 1/4 MILE OR LESS
LOWEST:     59 ON  5                               3 = THUNDER
                        SNOW, ICE PELLETS, HAIL    4 = ICE PELLETS
                        TOTAL MONTH:   0.0 INCH    5 = HAIL
                        GRTST 24HR     0.0         6 = FREEZING RAIN OR DRIZZLE
                        GRTST DEPTH:   0           7 = DUSTSTORM OR SANDSTORM:
                                                       VSBY 1/2 MILE OR LESS
                                                   8 = SMOKE OR HAZE
[NO. OF DAYS WITH]      [WEATHER - DAYS WITH]      9 = BLOWING SNOW
                                                   X = TORNADO
MAX 32 OR BELOW:   0    0.01 INCH OR MORE:   8
MAX 90 OR ABOVE:   4    0.10 INCH OR MORE:   7
MIN 32 OR BELOW:   0    0.50 INCH OR MORE:   3
MIN  0 OR BELOW:   0    1.00 INCH OR MORE:   1

[HDD (BASE 65) ]
TOTAL THIS MO.     0    CLEAR  (SCALE 0-3)   4
DPTR FM NORMAL     0    PTCLDY (SCALE 4-7)  22
TOTAL FM JUL 1     0    CLOUDY (SCALE 8-10)  3
DPTR FM NORMAL     0

[CDD (BASE 65) ]
TOTAL THIS MO.   278
DPTR FM NORMAL    28    [PRESSURE DATA]
TOTAL FM JAN 1   438    HIGHEST SLP M ON M
DPTR FM NORMAL    22    LOWEST  SLP 29.44 ON 28

[REMARKS]




U.S. Dept. of Commerce
NOAA National Weather Service
1325 East West Highway
Silver Spring, MD 20910
E-mail: w-nws.webmaster@noaa.gov
Page last modified: May 16, 2007
NATIONAL WEATHER SERVICE: for Safety, for Work, for Fun - FOR LIFE