414
CXUS55 KBOI 301002
CF6BOI
PRELIMINARY LOCAL CLIMATOLOGICAL DATA (WS FORM: F-6)

                                          STATION:   BOISE ID
                                          MONTH:     JULY
                                          YEAR:      2014
                                          LATITUDE:   43 34 N
                                          LONGITUDE: 116 13 W

  TEMPERATURE IN F:       :PCPN:    SNOW:  WIND      :SUNSHINE: SKY     :PK WND
================================================================================
1   2   3   4   5  6A  6B    7    8   9   10  11  12  13   14  15   16   17  18
                                     12Z  AVG MX 2MIN
DY MAX MIN AVG DEP HDD CDD  WTR  SNW DPTH SPD SPD DIR MIN PSBL S-S WX    SPD DR
================================================================================

 1  96  60  78   6   0  13 0.00  0.0    0  6.6 14 140   M    M   0        20 130
 2 100  65  83  10   0  18 0.00  0.0    0  6.2 21 290   M    M   0        28 290
 3  98  63  81   8   0  16 0.00  0.0    0  5.6 14 330   M    M   0        21  10
 4  99  65  82   9   0  17 0.00  0.0    0  6.5 20 320   M    M   0        23 330
 5  98  64  81   7   0  16 0.00  0.0    0  5.9 16 350   M    M   0        23 360
 6 102  67  85  11   0  20 0.00  0.0    0  6.9 15 330   M    M   0        20 360
 7  97  64  81   7   0  16 0.00  0.0    0  7.3 18 280   M    M   0        25 300
 8  99  65  82   8   0  17 0.00  0.0    0  4.3 15 350   M    M   0        21 350
 9  92  69  81   6   0  16 0.00  0.0    0  8.2 29 320   M    M   1        35 310
10  98  66  82   7   0  17 0.00  0.0    0  3.9 15 220   M    M   0        21  20
11 100  69  85  10   0  20 0.00  0.0    0  7.4 18 280   M    M   0        22 270
12 100  75  88  12   0  23 0.00  0.0    0  7.3 12 340   M    M   0        17 290
13 104  70  87  11   0  22 0.00  0.0    0  5.3 12 330   M    M   0        16 330
14 103  73  88  12   0  23 0.00  0.0    0  8.7 18 330   M    M   0        26 340
15  96  69  83   7   0  18 0.00  0.0    0 11.8 23 310   M    M   0 8      29 320
16  97  65  81   5   0  16 0.00  0.0    0  5.4 17 280   M    M   1 8      23 280
17  98  71  85   9   0  20 0.00  0.0    0  4.8 13 330   M    M   2 8      18 320
18  94  64  79   2   0  14 0.00  0.0    0  6.4 17 310   M    M   3        24 320
19  93  62  78   1   0  13 0.00  0.0    0  6.9 20 330   M    M   0        25 320
20  98  64  81   4   0  16 0.06  0.0    0  5.9 25 190   M    M   1        30 190
21  83  71  77   0   0  12 0.00  0.0    0  5.1 15 140   M    M   2        23 210
22  93  66  80   3   0  15 0.02  0.0    0  7.6 21 320   M    M   1 3      26 330
23  96  62  79   2   0  14    T  0.0    0  5.9 22 340   M    M   1 3      26 340
24  77  58  68  -9   0   3 0.00  0.0    0  9.9 21 300   M    M   0        25 300
25  85  52  69  -8   0   4 0.00  0.0    0  5.9 15 330   M    M   0        25 290
26  94  58  76  -2   0  11 0.00  0.0    0  6.0 17 330   M    M   0        22 330
27  99  62  81   3   0  16 0.00  0.0    0  5.1 10 300   M    M   0        16 310
28 100  70  85   7   0  20 0.00  0.0    0  6.9 17  80   M    M   0        24 140
29  98  74  86   8   0  21    T  0.0    0  8.1 29 320   M    M   0 38     38 310
================================================================================
SM 2787 1903         0 467  0.08     0.0 191.8          M       12
================================================================================
AV 96.1 65.6                               6.6 FASTST   M    M   0    MAX(MPH)
                                 MISC ---->  # 29 320               # 38  310
================================================================================
NOTES:
# LAST OF SEVERAL OCCURRENCES

COLUMN 17 PEAK WIND IN M.P.H.

PRELIMINARY LOCAL CLIMATOLOGICAL DATA (WS FORM: F-6) , PAGE 2

                                          STATION:  BOISE ID
                                          MONTH:    JULY
                                          YEAR:     2014
                                          LATITUDE:   43 34 N
                                          LONGITUDE: 116 13 W

[TEMPERATURE DATA]      [PRECIPITATION DATA]       SYMBOLS USED IN COLUMN 16

AVERAGE MONTHLY: 80.9   TOTAL FOR MONTH:   0.08    1 = FOG OR MIST
DPTR FM NORMAL:   5.1   DPTR FM NORMAL:   -0.23    2 = FOG REDUCING VISIBILITY
HIGHEST:   104 ON 13    GRTST 24HR  0.06 ON 20-20      TO 1/4 MILE OR LESS
LOWEST:     52 ON 25                               3 = THUNDER
                        SNOW, ICE PELLETS, HAIL    4 = ICE PELLETS
                        TOTAL MONTH:   0.0 INCH    5 = HAIL
                        GRTST 24HR     0.0         6 = FREEZING RAIN OR DRIZZLE
                        GRTST DEPTH:   0           7 = DUSTSTORM OR SANDSTORM:
                                                       VSBY 1/2 MILE OR LESS
                                                   8 = SMOKE OR HAZE
[NO. OF DAYS WITH]      [WEATHER - DAYS WITH]      9 = BLOWING SNOW
                                                   X = TORNADO
MAX 32 OR BELOW:   0    0.01 INCH OR MORE:   2
MAX 90 OR ABOVE:  26    0.10 INCH OR MORE:   0
MIN 32 OR BELOW:   0    0.50 INCH OR MORE:   0
MIN  0 OR BELOW:   0    1.00 INCH OR MORE:   0

[HDD (BASE 65) ]
TOTAL THIS MO.     0    CLEAR  (SCALE 0-3)  29
DPTR FM NORMAL    -4    PTCLDY (SCALE 4-7)   0
TOTAL FM JUL 1     0    CLOUDY (SCALE 8-10)  0
DPTR FM NORMAL    -4

[CDD (BASE 65) ]
TOTAL THIS MO.   467
DPTR FM NORMAL   150    [PRESSURE DATA]
TOTAL FM JAN 1   603    HIGHEST SLP M ON M
DPTR FM NORMAL   103    LOWEST  SLP 29.62 ON 20

[REMARKS]




U.S. Dept. of Commerce
NOAA National Weather Service
1325 East West Highway
Silver Spring, MD 20910
E-mail: w-nws.webmaster@noaa.gov
Page last modified: May 16, 2007
NATIONAL WEATHER SERVICE: for Safety, for Work, for Fun - FOR LIFE