356
CXUS56 KBOI 201002
CF6BNO
PRELIMINARY LOCAL CLIMATOLOGICAL DATA (WS FORM: F-6)

                                          STATION:   BURNS OR
                                          MONTH:     APRIL
                                          YEAR:      2014
                                          LATITUDE:   43 34 N
                                          LONGITUDE: 118 57 W

  TEMPERATURE IN F:       :PCPN:    SNOW:  WIND      :SUNSHINE: SKY     :PK WND
================================================================================
1   2   3   4   5  6A  6B    7    8   9   10  11  12  13   14  15   16   17  18
                                     12Z  AVG MX 2MIN
DY MAX MIN AVG DEP HDD CDD  WTR  SNW DPTH SPD SPD DIR MIN PSBL S-S WX    SPD DR
================================================================================

 1  35  30  33  -8  32   0 0.45    M    M  6.6 18 210   M    M  10 1      22 210
 2  48  25  37  -4  28   0 0.00    M    M  9.6 20 220   M    M   4 1      25 290
 3  52  22  37  -4  28   0 0.02    M    M  3.8 29 140   M    M   3        36 150
 4  49  31  40  -1  25   0 0.01    M    M  5.5 22 220   M    M   7        27 220
 5  54  28  41   0  24   0    T    M    M  6.5 23 240   M    M   8        27 240
 6  62  36  49   8  16   0 0.00    M    M 10.0 22 260   M    M   4        27 280
 7  68  27  48   7  17   0 0.00    M    M  4.4 10  30   M    M   0        13 100
 8  72  31  52  10  13   0 0.00    M    M  5.4 17 210   M    M   0 18     20 200
 9  66  31  49   7  16   0 0.00    M    M  8.8 22 220   M    M   1        30 250
10  66  26  46   4  19   0 0.00    M    M  5.6 13 290   M    M   0        17 220
11  70  28  49   7  16   0 0.00    M    M  7.0 17 280   M    M   0        21 280
12  61  30  46   4  19   0 0.00    M    M 10.6 24 310   M    M   0        29 300
13  61  22  42   0  23   0 0.00    M    M  8.2 20 340   M    M   0        25 330
14  65  20  43   1  22   0 0.00    M    M  5.0 13 270   M    M   0        16 270
15  58  35  47   4  18   0 0.00    M    M 11.7 25 280   M    M   2        40 270
16  58  31  45   2  20   0 0.00    M    M  5.3 14 160   M    M   4        21 170
17  69  27  48   5  17   0    T    M    M  7.4 33 260   M    M   4        41 270
18  59  27  43   0  22   0 0.00    M    M  6.5 17 210   M    M   1        21 210
19  72  25  49   5  16   0 0.00    M    M 11.0 30 270   M    M   0        41 280
================================================================================
SM 1145  532       391   0  0.48    M    138.9          M       48
================================================================================
AV 60.3 28.0                               7.3 FASTST   M    M   3    MAX(MPH)
                                 MISC ---->  # 33 260               # 41  270
================================================================================
NOTES:
# LAST OF SEVERAL OCCURRENCES

COLUMN 17 PEAK WIND IN M.P.H.

PRELIMINARY LOCAL CLIMATOLOGICAL DATA (WS FORM: F-6) , PAGE 2

                                          STATION:  BURNS OR
                                          MONTH:    APRIL
                                          YEAR:     2014
                                          LATITUDE:   43 34 N
                                          LONGITUDE: 118 57 W

[TEMPERATURE DATA]      [PRECIPITATION DATA]       SYMBOLS USED IN COLUMN 16

AVERAGE MONTHLY: 44.1   TOTAL FOR MONTH:   0.48    1 = FOG OR MIST
DPTR FM NORMAL:   2.2   DPTR FM NORMAL:   -0.11    2 = FOG REDUCING VISIBILITY
HIGHEST:    72 ON 19, 8 GRTST 24HR  0.46 ON 31- 1      TO 1/4 MILE OR LESS
LOWEST:     20 ON 14                               3 = THUNDER
                        SNOW, ICE PELLETS, HAIL    4 = ICE PELLETS
                        TOTAL MONTH:    M          5 = HAIL
                        GRTST 24HR    M  ON   M    6 = FREEZING RAIN OR DRIZZLE
                        GRTST DEPTH:  M  ON   M    7 = DUSTSTORM OR SANDSTORM:
                                                       VSBY 1/2 MILE OR LESS
                                                   8 = SMOKE OR HAZE
[NO. OF DAYS WITH]      [WEATHER - DAYS WITH]      9 = BLOWING SNOW
                                                   X = TORNADO
MAX 32 OR BELOW:   0    0.01 INCH OR MORE:   3
MAX 90 OR ABOVE:   0    0.10 INCH OR MORE:   1
MIN 32 OR BELOW:  17    0.50 INCH OR MORE:   0
MIN  0 OR BELOW:   0    1.00 INCH OR MORE:   0

[HDD (BASE 65) ]
TOTAL THIS MO.   391    CLEAR  (SCALE 0-3)  11
DPTR FM NORMAL   -46    PTCLDY (SCALE 4-7)   7
TOTAL FM JUL 1  6458    CLOUDY (SCALE 8-10)  1
DPTR FM NORMAL  -364

[CDD (BASE 65) ]
TOTAL THIS MO.     0
DPTR FM NORMAL     0    [PRESSURE DATA]
TOTAL FM JAN 1     0    HIGHEST SLP M ON M
DPTR FM NORMAL     0    LOWEST  SLP 29.59 ON 17

[REMARKS]




U.S. Dept. of Commerce
NOAA National Weather Service
1325 East West Highway
Silver Spring, MD 20910
E-mail: w-nws.webmaster@noaa.gov
Page last modified: May 16, 2007
NATIONAL WEATHER SERVICE: for Safety, for Work, for Fun - FOR LIFE