743
CXUS56 KBOI 291002
CF6BNO
PRELIMINARY LOCAL CLIMATOLOGICAL DATA (WS FORM: F-6)

                                          STATION:   BURNS OR
                                          MONTH:     AUGUST
                                          YEAR:      2014
                                          LATITUDE:   43 34 N
                                          LONGITUDE: 118 57 W

  TEMPERATURE IN F:       :PCPN:    SNOW:  WIND      :SUNSHINE: SKY     :PK WND
================================================================================
1   2   3   4   5  6A  6B    7    8   9   10  11  12  13   14  15   16   17  18
                                     12Z  AVG MX 2MIN
DY MAX MIN AVG DEP HDD CDD  WTR  SNW DPTH SPD SPD DIR MIN PSBL S-S WX    SPD DR
================================================================================

 1  92  52  72   4   0   7 0.00    M    M  6.3 22 250   M    M   1        26 250
 2  94  51  73   5   0   8 0.00    M    M  6.3 16 300   M    M   0 8      21 310
 3  95  53  74   6   0   9 0.00    M    M  6.6 14  80   M    M   0        19  50
 4  93  56  75   7   0  10 0.00    M    M  8.0 26 330   M    M   1        32 340
 5  92  49  71   4   0   6 0.00    M    M  4.1 15 330   M    M   0        19 300
 6  91  57  74   7   0   9 0.00    M    M  8.5 15 330   M    M   2 8      22 290
 7  90  50  70   3   0   5 0.00    M    M  6.9 17 220   M    M   1 8      24 230
 8  88  52  70   3   0   5 0.00    M    M  8.9 22 330   M    M   2 8      26 320
 9  91  47  69   2   0   4 0.00    M    M  4.6 14 100   M    M   0        19 100
10  94  50  72   6   0   7 0.00    M    M  8.1 20  40   M    M   0        26  10
11  94  50  72   6   0   7 0.00    M    M  6.2 30 190   M    M   1 8      40 190
12  74  51  63  -3   2   0 0.09    M    M  5.3 30 160   M    M   2 13     36 210
13  82  46  64  -2   1   0 0.10    M    M  8.3 26 150   M    M   3 3      32 160
14  73  43  58  -8   7   0    T    M    M  5.7 16 260   M    M   5        23 250
15  83  43  63  -2   2   0 0.00    M    M  7.2 18 250   M    M   2        26 250
16  89  42  66   1   0   1 0.00    M    M  5.4 16 220   M    M   0        25 190
17  90  49  70   5   0   5    T    M    M  6.1 22 310   M    M   1 3      28 310
18  92  46  69   4   0   4 0.00    M    M  5.5 13 130   M    M   0        18 100
19  91  49  70   6   0   5 0.00    M    M  7.3 29 180   M    M   1        35 180
20  83  51  67   3   0   2 0.00    M    M  8.8 18 290   M    M   1        27 190
21  83  39  61  -3   4   0 0.00    M    M  8.8 16 200   M    M   0        20 200
22  75  47  61  -3   4   0 0.00    M    M 10.7 21 330   M    M   1        30 260
23  76  42  59  -4   6   0 0.00    M    M  9.1 21 320   M    M   0        25 350
24  78  43  61  -2   4   0    T    M    M  5.6 18 360   M    M   2        23 360
25  78  43  61  -2   4   0 0.00    M    M  4.8 12 100   M    M   4        16  50
26  82  42  62   0   3   0 0.00    M    M  4.7 12 150   M    M   1        17 150
27  91  41  66   4   0   1 0.00    M    M  4.9 15 290   M    M   0        17 220
28  91  47  69   7   0   4 0.00    M    M  9.2 22 260   M    M   0        29 240
================================================================================
SM 2425 1331        37  99  0.19    M    191.9          M       31
================================================================================
AV 86.6 47.5                               6.9 FASTST   M    M   1    MAX(MPH)
                                 MISC ---->  # 30 190               # 40  190
================================================================================
NOTES:
# LAST OF SEVERAL OCCURRENCES

COLUMN 17 PEAK WIND IN M.P.H.

PRELIMINARY LOCAL CLIMATOLOGICAL DATA (WS FORM: F-6) , PAGE 2

                                          STATION:  BURNS OR
                                          MONTH:    AUGUST
                                          YEAR:     2014
                                          LATITUDE:   43 34 N
                                          LONGITUDE: 118 57 W

[TEMPERATURE DATA]      [PRECIPITATION DATA]       SYMBOLS USED IN COLUMN 16

AVERAGE MONTHLY: 67.1   TOTAL FOR MONTH:   0.19    1 = FOG OR MIST
DPTR FM NORMAL:   1.8   DPTR FM NORMAL:   -0.13    2 = FOG REDUCING VISIBILITY
HIGHEST:    95 ON  3    GRTST 24HR  0.10 ON 13-13      TO 1/4 MILE OR LESS
LOWEST:     39 ON 21                               3 = THUNDER
                        SNOW, ICE PELLETS, HAIL    4 = ICE PELLETS
                        TOTAL MONTH:    M          5 = HAIL
                        GRTST 24HR    M  ON   M    6 = FREEZING RAIN OR DRIZZLE
                        GRTST DEPTH:  M  ON   M    7 = DUSTSTORM OR SANDSTORM:
                                                       VSBY 1/2 MILE OR LESS
                                                   8 = SMOKE OR HAZE
[NO. OF DAYS WITH]      [WEATHER - DAYS WITH]      9 = BLOWING SNOW
                                                   X = TORNADO
MAX 32 OR BELOW:   0    0.01 INCH OR MORE:   2
MAX 90 OR ABOVE:  15    0.10 INCH OR MORE:   1
MIN 32 OR BELOW:   0    0.50 INCH OR MORE:   0
MIN  0 OR BELOW:   0    1.00 INCH OR MORE:   0

[HDD (BASE 65) ]
TOTAL THIS MO.    37    CLEAR  (SCALE 0-3)  26
DPTR FM NORMAL   -27    PTCLDY (SCALE 4-7)   2
TOTAL FM JUL 1    49    CLOUDY (SCALE 8-10)  0
DPTR FM NORMAL   -73

[CDD (BASE 65) ]
TOTAL THIS MO.    99
DPTR FM NORMAL    29    [PRESSURE DATA]
TOTAL FM JAN 1   313    HIGHEST SLP M ON M
DPTR FM NORMAL   111    LOWEST  SLP 29.56 ON 19

[REMARKS]




U.S. Dept. of Commerce
NOAA National Weather Service
1325 East West Highway
Silver Spring, MD 20910
E-mail: w-nws.webmaster@noaa.gov
Page last modified: May 16, 2007
NATIONAL WEATHER SERVICE: for Safety, for Work, for Fun - FOR LIFE