108
CXUS55 KOHX 011309
CF6BNA
PRELIMINARY LOCAL CLIMATOLOGICAL DATA (WS FORM: F-6)

                                          STATION:   NASHVILLE
                                          MONTH:     AUGUST
                                          YEAR:      2014
                                          LATITUDE:   36  7 N
                                          LONGITUDE:  86 41 W

  TEMPERATURE IN F:       :PCPN:    SNOW:  WIND      :SUNSHINE: SKY     :PK WND
================================================================================
1   2   3   4   5  6A  6B    7    8   9   10  11  12  13   14  15   16   17  18
                                     12Z  AVG MX 2MIN
DY MAX MIN AVG DEP HDD CDD  WTR  SNW DPTH SPD SPD DIR MIN PSBL S-S WX    SPD DR
================================================================================

 1  88  62  75  -5   0  10 0.00  0.0    0  2.6 12  80   M    M   6 18     14 100
 2  91  67  79  -1   0  14 0.00  0.0    0  4.5 14 360   M    M   5 1      18  10
 3  91  66  79   0   0  14 0.00  0.0    0  5.3 13  20   M    M   4 18     16  80
 4  92  66  79   0   0  14 0.00  0.0    0  4.4 13  60   M    M   3        21  10
 5  91  63  77  -2   0  12 0.00  0.0    0  3.1 10 260   M    M   5        14 250
 6  97  69  83   4   0  18 0.00  0.0    0  5.1 14 310   M    M   6 1      20  10
 7  93  71  82   3   0  17 0.71  0.0    0  4.9 21 300   M    M   8 123    29 290
 8  87  71  79   0   0  14    T  0.0    0  4.6 13 200   M    M   8        16 190
 9  92  70  81   2   0  16 1.48  0.0    0  6.1 20 200   M    M   8 13     28 190
10  92  72  82   3   0  17 0.00  0.0    0  3.4  9 290   M    M   7 1      13 290
11  90  74  82   3   0  17 0.07  0.0    0  5.6 23 310   M    M   7 13     31 340
12  87  67  77  -2   0  12 0.00  0.0    0  7.2 17 310   M    M   4 18     25 290
13  83  60  72  -7   0   7 0.00  0.0    0  4.8 16  30   M    M   2        30  30
14  86  59  73  -6   0   8 0.00  0.0    0  2.1  9  50   M    M   2        13  50
15  89  62  76  -3   0  11 0.00  0.0    0  2.5 10  20   M    M   4        14 310
16  88  67  78  -1   0  13    T  0.0    0  3.7 10 210   M    M   7 1      15 220
17  83  71  77  -2   0  12 0.68  0.0    0  6.2 15 200   M    M   9 123    21 210
18  84  72  78  -1   0  13 0.12  0.0    0  3.5  9 200   M    M   8 1      14 260
19  91  72  82   3   0  17 0.04  0.0    0  3.5 12 210   M    M   7 18     15 210
20  95  71  83   4   0  18 0.49  0.0    0  6.0 26  70   M    M   6 13     32 150
21  94  70  82   3   0  17 0.00  0.0    0  3.8 12 260   M    M   4        17 270
22  94  73  84   6   0  19 0.00  0.0    0  3.6 14 260   M    M   5        17 270
23  96  74  85   7   0  20 0.06  0.0    0  3.9 24  20   M    M   6 13     35 320
24  92  72  82   4   0  17 0.00  0.0    0  4.2 12 110   M    M   6        16  40
25  91  75  83   5   0  18 0.00  0.0    0  3.7 12 110   M    M   6        23  40
26  89  73  81   3   0  16 0.01  0.0    0  3.6 13 200   M    M   5        16 210
27  92  71  82   4   0  17 0.00  0.0    0  3.7 13  80   M    M   4        18  10
28  94  71  83   5   0  18 0.00  0.0    0  3.7 10 320   M    M   4 13     15 100
29  94  71  83   6   0  18 0.00  0.0    0  6.4 20 190   M    M   4 1      23 180
30  85  70  78   1   0  13 1.68  0.0    0  4.9 16 130   M    M   9 13     22 130
31  84  71  78   1   0  13 0.13  0.0    0  7.7 20 200   M    M   8 1      26 190
================================================================================
SM 2795 2143         0 460  5.47     0.0 138.3          M      177
================================================================================
AV 90.2 69.1                               4.5 FASTST   M    M   6    MAX(MPH)
                                 MISC ---->  # 26  70               # 35  320
================================================================================
NOTES:
# LAST OF SEVERAL OCCURRENCES

COLUMN 17 PEAK WIND IN M.P.H.

PRELIMINARY LOCAL CLIMATOLOGICAL DATA (WS FORM: F-6) , PAGE 2

                                          STATION:  NASHVILLE
                                          MONTH:    AUGUST
                                          YEAR:     2014
                                          LATITUDE:   36  7 N
                                          LONGITUDE:  86 41 W

[TEMPERATURE DATA]      [PRECIPITATION DATA]       SYMBOLS USED IN COLUMN 16

AVERAGE MONTHLY: 79.6   TOTAL FOR MONTH:   5.47    1 = FOG OR MIST
DPTR FM NORMAL:   0.9   DPTR FM NORMAL:    2.30    2 = FOG REDUCING VISIBILITY
HIGHEST:    97 ON  6    GRTST 24HR  1.81 ON 30-31      TO 1/4 MILE OR LESS
LOWEST:     59 ON 14                               3 = THUNDER
                        SNOW, ICE PELLETS, HAIL    4 = ICE PELLETS
                        TOTAL MONTH:   0.0 INCH    5 = HAIL
                        GRTST 24HR     0.0         6 = FREEZING RAIN OR DRIZZLE
                        GRTST DEPTH:   0           7 = DUSTSTORM OR SANDSTORM:
                                                       VSBY 1/2 MILE OR LESS
                                                   8 = SMOKE OR HAZE
[NO. OF DAYS WITH]      [WEATHER - DAYS WITH]      9 = BLOWING SNOW
                                                   X = TORNADO
MAX 32 OR BELOW:   0    0.01 INCH OR MORE:  11
MAX 90 OR ABOVE:  19    0.10 INCH OR MORE:   7
MIN 32 OR BELOW:   0    0.50 INCH OR MORE:   4
MIN  0 OR BELOW:   0    1.00 INCH OR MORE:   2

[HDD (BASE 65) ]
TOTAL THIS MO.     0    CLEAR  (SCALE 0-3)   2
DPTR FM NORMAL     0    PTCLDY (SCALE 4-7)  26
TOTAL FM JUL 1     0    CLOUDY (SCALE 8-10)  3
DPTR FM NORMAL     0

[CDD (BASE 65) ]
TOTAL THIS MO.   460
DPTR FM NORMAL    35    [PRESSURE DATA]
TOTAL FM JAN 1  1489    HIGHEST SLP 30.16 ON 26
DPTR FM NORMAL   115    LOWEST  SLP 29.82 ON 19

[REMARKS]
#FINAL-08-14#




U.S. Dept. of Commerce
NOAA National Weather Service
1325 East West Highway
Silver Spring, MD 20910
E-mail: w-nws.webmaster@noaa.gov
Page last modified: May 16, 2007
NATIONAL WEATHER SERVICE: for Safety, for Work, for Fun - FOR LIFE