775
CXUS55 KOHX 011010
CF6BNA
PRELIMINARY LOCAL CLIMATOLOGICAL DATA (WS FORM: F-6)

                                          STATION:   NASHVILLE
                                          MONTH:     NOVEMBER
                                          YEAR:      2014
                                          LATITUDE:   36  7 N
                                          LONGITUDE:  86 41 W

  TEMPERATURE IN F:       :PCPN:    SNOW:  WIND      :SUNSHINE: SKY     :PK WND
================================================================================
1   2   3   4   5  6A  6B    7    8   9   10  11  12  13   14  15   16   17  18
                                     12Z  AVG MX 2MIN
DY MAX MIN AVG DEP HDD CDD  WTR  SNW DPTH SPD SPD DIR MIN PSBL S-S WX    SPD DR
================================================================================

 1  50  34  42 -13  23   0 0.00  0.0    0 11.6 25 360   M    M   6        37 350
 2  55  27  41 -14  24   0 0.00  0.0    0  2.8 10  60   M    M   2 1      15 110
 3  69  34  52  -2  13   0 0.00  0.0    0  5.3 14 200   M    M   3        18 210
 4  73  47  60   6   5   0 0.00  0.0    0  8.9 20 200   M    M   8        25 200
 5  62  52  57   3   8   0 1.24  0.0    0  1.8  8 160   M    M  10 1      12 150
 6  62  44  53   0  12   0 0.01  0.0    0 10.9 23 310   M    M   7 1      33 320
 7  56  37  47  -6  18   0 0.00  0.0    0  4.6 20  30   M    M   3        23  40
 8  58  36  47  -6  18   0 0.00  0.0    0  5.9 16 200   M    M   8        24  80
 9  60  34  47  -5  18   0 0.00  0.0    0  2.3  7 180   M    M   1 1      15 280
10  69  32  51  -1  14   0 0.00  0.0    0  8.8 21 170   M    M   3 1      26 170
11  71  38  55   3  10   0 0.05  0.0    0 10.5 22 320   M    M   7 1      31 210
12  38  34  36 -15  29   0 0.00  0.0    0 10.8 17 350   M    M  10 18     24  50
13  39  26  33 -18  32   0    T    T    0 10.8 17 360   M    M   8 8      24 350
14  37  22  30 -20  35   0 0.00  0.0    0  7.8 17  30   M    M   4        23 360
15  47  22  35 -15  30   0 0.00  0.0    0  3.9 10 100   M    M   6        15 120
16  44  38  41  -9  24   0 1.08  0.0    0  4.3 13 360   M    M  10 1      21 360
17  40  23  32 -17  33   0 0.38  0.2    0  9.0 17 310   M    M   9 1      24 300
18  33  19  26 -23  39   0    T    T    0  6.9 20 310   M    M   1        24 310
19  55  18  37 -11  28   0 0.00  0.0    0  9.9 22 200   M    M   3        35 190
20  49  29  39  -9  26   0 0.00  0.0    0  3.7 14 320   M    M   1        20 170
21  52  28  40  -8  25   0 0.00  0.0    0  4.7 12 100   M    M   4        14  60
22  66  43  55   8  10   0 0.00  0.0    0  9.4 23 180   M    M   8        29 210
23  62  52  57  10   8   0 0.52  0.0    0 12.3 24 150   M    M  10 18     31 170
24  63  38  51   4  14   0 0.00  0.0    0 11.4 29 190   M    M   4        40 180
25  52  33  43  -3  22   0 0.00  0.0    0  5.1 10 330   M    M   5        20 320
26  51  28  40  -6  25   0 0.06  0.0    0  5.0 17 290   M    M   6 1      26 310
27  41  27  34 -12  31   0 0.00  0.0    0  8.2 18 330   M    M   8        28 330
28  48  22  35 -10  30   0 0.00  0.0    0  6.5 16 190   M    M   2        24 190
29  59  39  49   4  16   0 0.00  0.0    0 14.6 23 200   M    M   6        28 210
30  70  58  64  20   1   0 0.00  0.0    0 13.3 23 200   M    M   9        35 200
================================================================================
SM 1631 1014       621   0  3.34     0.2 231.0          M      172
================================================================================
AV 54.4 33.8                               7.7 FASTST   M    M   6    MAX(MPH)
                                 MISC ---->  # 29 190               # 40  180
================================================================================
NOTES:
# LAST OF SEVERAL OCCURRENCES

COLUMN 17 PEAK WIND IN M.P.H.

PRELIMINARY LOCAL CLIMATOLOGICAL DATA (WS FORM: F-6) , PAGE 2

                                          STATION:  NASHVILLE
                                          MONTH:    NOVEMBER
                                          YEAR:     2014
                                          LATITUDE:   36  7 N
                                          LONGITUDE:  86 41 W

[TEMPERATURE DATA]      [PRECIPITATION DATA]       SYMBOLS USED IN COLUMN 16

AVERAGE MONTHLY: 44.1   TOTAL FOR MONTH:   3.34    1 = FOG OR MIST
DPTR FM NORMAL:  -5.7   DPTR FM NORMAL:   -0.97    2 = FOG REDUCING VISIBILITY
HIGHEST:    73 ON  4    GRTST 24HR  1.45 ON 16-17      TO 1/4 MILE OR LESS
LOWEST:     18 ON 19                               3 = THUNDER
                        SNOW, ICE PELLETS, HAIL    4 = ICE PELLETS
                        TOTAL MONTH:   0.2 INCH    5 = HAIL
                        GRTST 24HR   0.2 ON   M    6 = FREEZING RAIN OR DRIZZLE
                        GRTST DEPTH:   0           7 = DUSTSTORM OR SANDSTORM:
                                                       VSBY 1/2 MILE OR LESS
                                                   8 = SMOKE OR HAZE
[NO. OF DAYS WITH]      [WEATHER - DAYS WITH]      9 = BLOWING SNOW
                                                   X = TORNADO
MAX 32 OR BELOW:   0    0.01 INCH OR MORE:   7
MAX 90 OR ABOVE:   0    0.10 INCH OR MORE:   4
MIN 32 OR BELOW:  13    0.50 INCH OR MORE:   3
MIN  0 OR BELOW:   0    1.00 INCH OR MORE:   2

[HDD (BASE 65) ]
TOTAL THIS MO.   621    CLEAR  (SCALE 0-3)   6
DPTR FM NORMAL   162    PTCLDY (SCALE 4-7)  17
TOTAL FM JUL 1   774    CLOUDY (SCALE 8-10)  7
DPTR FM NORMAL   100

[CDD (BASE 65) ]
TOTAL THIS MO.     0
DPTR FM NORMAL    -5    [PRESSURE DATA]
TOTAL FM JAN 1  1803    HIGHEST SLP 30.51 ON 27
DPTR FM NORMAL   158    LOWEST  SLP 29.36 ON 23

[REMARKS]
#FINAL-11-14#




U.S. Dept. of Commerce
NOAA National Weather Service
1325 East West Highway
Silver Spring, MD 20910
E-mail: w-nws.webmaster@noaa.gov
Page last modified: May 16, 2007
NATIONAL WEATHER SERVICE: for Safety, for Work, for Fun - FOR LIFE