658
CXUS54 KEWX 240910
CF6BMQ
PRELIMINARY LOCAL CLIMATOLOGICAL DATA (WS FORM: F-6)

                                          STATION:   BURNET
                                          MONTH:     APRIL
                                          YEAR:      2014
                                          LATITUDE:   30 43 N
                                          LONGITUDE:  98 14 W

  TEMPERATURE IN F:       :PCPN:    SNOW:  WIND      :SUNSHINE: SKY     :PK WND
================================================================================
1   2   3   4   5  6A  6B    7    8   9   10  11  12  13   14  15   16   17  18
                                     12Z  AVG MX 2MIN
DY MAX MIN AVG DEP HDD CDD  WTR  SNW DPTH SPD SPD DIR MIN PSBL S-S WX    SPD DR
================================================================================

 1  84  64  74  11   0   9 0.00    M    M 10.7 20 180   M    M   6 1      28 160
 2  80  70  75  12   0  10 0.00    M    M 10.6 26 180   M    M   8        37 180
 3  82  68  75  12   0  10    T    M    M 11.1 21 180   M    M   5 8      28 170
 4  72  49  61  -3   4   0    T    M    M 11.8 23 360   M    M   2 3      33  10
 5  62  51  57  -7   8   0 0.00    M    M  8.8 17  70   M    M   6        24  70
 6  58  48  53 -11  12   0 0.08    M    M  8.0 15  60   M    M   9 13     21  60
 7  71  43  57  -7   8   0 0.07    M    M  6.0 37 330   M    M   5 13     43 330
 8  76  46  61  -3   4   0 0.00    M    M 11.0 26 330   M    M   0        34 310
 9  84  46  65   0   0   0 0.00    M    M  6.8 18 190   M    M   0        25 180
10  85  57  71   6   0   6 0.00    M    M 13.0 25 180   M    M   0        36 190
11  85  60  73   8   0   8 0.00    M    M 11.2 22 180   M    M   2        29 180
12  83  64  74   9   0   9 0.00    M    M 13.7 21 170   M    M   6        31 170
13  78  66  72   6   0   7    T    M    M 10.7 21 190   M    M   7 18     28 170
14  72  45  59  -7   6   0 0.07    M    M 14.1 29 340   M    M   5 138    36 360
15  64  35  50 -16  15   0 0.00    M    M  4.9 14  60   M    M   0        19  40
16  72  42  57  -9   8   0 0.00    M    M  9.2 21 180   M    M   0        28 180
17  64  55  60  -7   5   0    T    M    M  5.6 12 100   M    M   9 18     19 160
18  76  57  67   0   0   2 0.04    M    M  4.0 12  70   M    M   6 18     16  40
19  76  54  65  -2   0   0 0.00    M    M  5.8 15 130   M    M   1        21 130
20  72  62  67   0   0   2    T    M    M  6.0 16 180   M    M   9 18     22 180
21  84  61  73   5   0   8    T    M    M  8.1 18 300   M    M   4 3      25 300
22  85  62  74   6   0   9 0.00    M    M  5.6 16  50   M    M   1        22  20
23  87  60  74   6   0   9 0.00    M    M  8.8 21 150   M    M   1 8      33 140
================================================================================
SM 1752 1265        70  89  0.26    M    205.5          M       92
================================================================================
AV 76.2 55.0                               8.9 FASTST   M    M   4    MAX(MPH)
                                 MISC ---->  # 37 330               # 43  330
================================================================================
NOTES:
# LAST OF SEVERAL OCCURRENCES

COLUMN 17 PEAK WIND IN M.P.H.

PRELIMINARY LOCAL CLIMATOLOGICAL DATA (WS FORM: F-6) , PAGE 2

                                          STATION:  BURNET
                                          MONTH:    APRIL
                                          YEAR:     2014
                                          LATITUDE:   30 43 N
                                          LONGITUDE:  98 14 W

[TEMPERATURE DATA]      [PRECIPITATION DATA]       SYMBOLS USED IN COLUMN 16

AVERAGE MONTHLY: 65.6   TOTAL FOR MONTH:   0.26    1 = FOG OR MIST
DPTR FM NORMAL:   0.2   DPTR FM NORMAL:   -1.40    2 = FOG REDUCING VISIBILITY
HIGHEST:    87 ON 23    GRTST 24HR  0.08 ON  6- 6      TO 1/4 MILE OR LESS
LOWEST:     35 ON 15                               3 = THUNDER
                        SNOW, ICE PELLETS, HAIL    4 = ICE PELLETS
                        TOTAL MONTH:    M          5 = HAIL
                        GRTST 24HR    M  ON   M    6 = FREEZING RAIN OR DRIZZLE
                        GRTST DEPTH:  M  ON   M    7 = DUSTSTORM OR SANDSTORM:
                                                       VSBY 1/2 MILE OR LESS
                                                   8 = SMOKE OR HAZE
[NO. OF DAYS WITH]      [WEATHER - DAYS WITH]      9 = BLOWING SNOW
                                                   X = TORNADO
MAX 32 OR BELOW:   0    0.01 INCH OR MORE:   4
MAX 90 OR ABOVE:   0    0.10 INCH OR MORE:   0
MIN 32 OR BELOW:   0    0.50 INCH OR MORE:   0
MIN  0 OR BELOW:   0    1.00 INCH OR MORE:   0

[HDD (BASE 65) ]
TOTAL THIS MO.    70    CLEAR  (SCALE 0-3)  10
DPTR FM NORMAL     7    PTCLDY (SCALE 4-7)  10
TOTAL FM JUL 1  2258    CLOUDY (SCALE 8-10)  3
DPTR FM NORMAL   249

[CDD (BASE 65) ]
TOTAL THIS MO.    89
DPTR FM NORMAL    18    [PRESSURE DATA]
TOTAL FM JAN 1   122    HIGHEST SLP M ON M
DPTR FM NORMAL    11    LOWEST  SLP 29.60 ON 13

[REMARKS]




U.S. Dept. of Commerce
NOAA National Weather Service
1325 East West Highway
Silver Spring, MD 20910
E-mail: w-nws.webmaster@noaa.gov
Page last modified: May 16, 2007
NATIONAL WEATHER SERVICE: for Safety, for Work, for Fun - FOR LIFE