839
CXUS54 KEWX 230910
CF6BMQ
PRELIMINARY LOCAL CLIMATOLOGICAL DATA (WS FORM: F-6)

                                          STATION:   BURNET
                                          MONTH:     NOVEMBER
                                          YEAR:      2014
                                          LATITUDE:   30 43 N
                                          LONGITUDE:  98 14 W

  TEMPERATURE IN F:       :PCPN:    SNOW:  WIND      :SUNSHINE: SKY     :PK WND
================================================================================
1   2   3   4   5  6A  6B    7    8   9   10  11  12  13   14  15   16   17  18
                                     12Z  AVG MX 2MIN
DY MAX MIN AVG DEP HDD CDD  WTR  SNW DPTH SPD SPD DIR MIN PSBL S-S WX    SPD DR
================================================================================

 1   M   M   M   M   M   M 0.00    M    M  5.9 12  80   M    M   0        17 110
 2   M   M   M   M   M   M 0.00    M    M  8.1 15 160   M    M   5        27 160
 3   M   M   M   M   M   M    T    M    M  9.9 14 170   M    M   9        27 180
 4  72  56  64   3   1   0 0.10    M    M  9.4 28  30   M    M   9 1      40  20
 5  56  53  55  -6  10   0 0.36    M    M  9.2 15  30   M    M  10 1      22  10
 6  66  52  59  -2   6   0    T    M    M  5.7 12  40   M    M   3        16  20
 7  69  48  59  -1   6   0 0.00    M    M  2.5  9 110   M    M   3        15 110
 8  72  47  60   0   5   0 0.00    M    M  7.3 20  10   M    M   0        28  20
 9  74  41  58  -1   7   0 0.00    M    M  5.3 14 180   M    M   0        19 190
10  76  49  63   4   2   0 0.00    M    M 10.6 23 190   M    M   0        32 190
11  64  38  51  -8  14   0 0.00    M    M  9.8 21 330   M    M   1        29 330
12  47  32  40 -18  25   0 0.00    M    M 12.5 20 340   M    M   4        27  20
13  39  30  35 -23  30   0    T    M    M 10.4 18 360   M    M   8        28 360
14  44  30  37 -20  28   0 0.00    M    M  5.2 10 140   M    M   9        13 150
15  48  36  42 -15  23   0 0.00    M    M  5.3 12 140   M    M  10 18     17 150
16  51  30  41 -16  24   0    T    M    M  8.9 23 330   M    M  10 12     31 320
17  50  25  38 -18  27   0 0.00    M    M  8.3 20 340   M    M   1        26 330
18  55  27  41 -15  24   0 0.00    M    M  4.9 15 190   M    M   0        22 210
19  67  31  49  -6  16   0 0.00    M    M  5.8 17 210   M    M   0        24 210
20  72  40  56   1   9   0 0.00    M    M  7.3 21 200   M    M   4        30 210
21  76  59  68  13   0   3 0.10    M    M  6.6 17 180   M    M   8 3      28 170
22  65  56  61   7   4   0 2.16  0.0    0 10.1 17 140   M    M  10 3      27 130
================================================================================
SM 1163  780       261   3  2.72     0.0 169.0          M      104
================================================================================
AV 61.2 41.1                               7.7 FASTST   M    M   5    MAX(MPH)
                                 MISC ---->  # 28  30               # 40   20
================================================================================
NOTES:
# LAST OF SEVERAL OCCURRENCES

COLUMN 17 PEAK WIND IN M.P.H.

PRELIMINARY LOCAL CLIMATOLOGICAL DATA (WS FORM: F-6) , PAGE 2

                                          STATION:  BURNET
                                          MONTH:    NOVEMBER
                                          YEAR:     2014
                                          LATITUDE:   30 43 N
                                          LONGITUDE:  98 14 W

[TEMPERATURE DATA]      [PRECIPITATION DATA]       SYMBOLS USED IN COLUMN 16

AVERAGE MONTHLY: 51.1   TOTAL FOR MONTH:   2.72    1 = FOG OR MIST
DPTR FM NORMAL:  -7.3   DPTR FM NORMAL:    0.62    2 = FOG REDUCING VISIBILITY
HIGHEST:    76 ON 21,10 GRTST 24HR  2.16 ON 22-22      TO 1/4 MILE OR LESS
LOWEST:     25 ON 17                               3 = THUNDER
                        SNOW, ICE PELLETS, HAIL    4 = ICE PELLETS
                        TOTAL MONTH:   0.0 INCH    5 = HAIL
                        GRTST 24HR     0.0         6 = FREEZING RAIN OR DRIZZLE
                        GRTST DEPTH:   0           7 = DUSTSTORM OR SANDSTORM:
                                                       VSBY 1/2 MILE OR LESS
                                                   8 = SMOKE OR HAZE
[NO. OF DAYS WITH]      [WEATHER - DAYS WITH]      9 = BLOWING SNOW
                                                   X = TORNADO
MAX 32 OR BELOW:   0    0.01 INCH OR MORE:   4
MAX 90 OR ABOVE:   0    0.10 INCH OR MORE:   4
MIN 32 OR BELOW:   7    0.50 INCH OR MORE:   1
MIN  0 OR BELOW:   0    1.00 INCH OR MORE:   1

[HDD (BASE 65) ]
TOTAL THIS MO.   261    CLEAR  (SCALE 0-3)  10
DPTR FM NORMAL    95    PTCLDY (SCALE 4-7)   4
TOTAL FM JUL 1   266    CLOUDY (SCALE 8-10)  8
DPTR FM NORMAL    41

[CDD (BASE 65) ]
TOTAL THIS MO.     3
DPTR FM NORMAL   -16    [PRESSURE DATA]
TOTAL FM JAN 1  2750    HIGHEST SLP M ON M
DPTR FM NORMAL   168    LOWEST  SLP 29.66 ON 22

[REMARKS]




U.S. Dept. of Commerce
NOAA National Weather Service
1325 East West Highway
Silver Spring, MD 20910
E-mail: w-nws.webmaster@noaa.gov
Page last modified: May 16, 2007
NATIONAL WEATHER SERVICE: for Safety, for Work, for Fun - FOR LIFE