890
CXUS53 KILX 240900
CF6BMI
PRELIMINARY LOCAL CLIMATOLOGICAL DATA (WS FORM: F-6)

                                          STATION:   BLOOMINGTON IL AIRPORT
                                          MONTH:     APRIL
                                          YEAR:      2014
                                          LATITUDE:   40 28 N
                                          LONGITUDE:  88 56 W

  TEMPERATURE IN F:       :PCPN:    SNOW:  WIND      :SUNSHINE: SKY     :PK WND
================================================================================
1   2   3   4   5  6A  6B    7    8   9   10  11  12  13   14  15   16   17  18
                                     12Z  AVG MX 2MIN
DY MAX MIN AVG DEP HDD CDD  WTR  SNW DPTH SPD SPD DIR MIN PSBL S-S WX    SPD DR
================================================================================

 1  53  30  42   M  23   0 0.00    M    M 15.8 25 250   M    M   2        37 250
 2  49  38  44   M  21   0 0.15    M    M 11.5 18  70   M    M  10 13      M  M
 3  55  38  47   M  18   0 1.31    M    M 16.5 24  70   M    M   9 123    33  60
 4  55  35  45   M  20   0    T    M    M 18.8 31 260   M    M   9 1      41 260
 5  51  30  41   M  24   0 0.00    M    M  6.0 12 320   M    M   2         M  M
 6  56  29  43   M  22   0 0.00    M    M  7.4 13 160   M    M   0         M  M
 7  53  35  44   M  21   0    T    M    M  8.7 16  20   M    M   2         M  M
 8  60  39  50   M  15   0    T    M    M 12.0 20 330   M    M   3        29 350
 9  61  35  48   M  17   0 0.00    M    M 10.6 16 210   M    M   0        20 240
10  65  47  56   M   9   0    T    M    M 16.4 25 210   M    M   1        35 220
11  69  41  55   M  10   0    T    M    M  7.8 10 200   M    M   0         M  M
12  78  44  61   M   4   0 0.00    M    M 20.1 31 200   M    M   2        44 190
13  68  58  63   M   2   0 0.17    M    M 18.2 35 190   M    M   7 13     53 190
14  60  29  45   M  20   0    M    M    M 18.4 24 240   M    M  10 1      35 230
15  40  24  32   M  33   0    T    M    M  9.5 14 320   M    M   3        22 330
16  54  27  41   M  24   0 0.00    M    M 18.8 29 160   M    M   0        37 160
17  59  37  48   M  17   0    T    M    M 11.9 17 230   M    M   1        23 230
18  65  38  52   M  13   0 0.00    M    M  8.1 15  70   M    M   1         M  M
19  71  31  51   M  14   0 0.00    M    M  9.8 14 130   M    M   0        23 140
20  78  46  62   M   3   0 0.00    M    M 12.1 17 210   M    M   0        21 190
21  73  53  63   M   2   0 0.04    M    M  9.3 21 240   M    M   3        33 240
22  63  37  50   M  15   0 0.00    M    M 15.0 21 350   M    M   0        28 360
23  61  31  46   M  19   0    T    M    M  9.0 16  70   M    M   1        17  90
================================================================================
SM 1397  852       366   0  1.67    M    291.7          M       66
================================================================================
AV 60.7 37.0                              12.7 FASTST   M    M   3    MAX(MPH)
                                 MISC ---->  # 35 190                 53    M
================================================================================
NOTES:
# LAST OF SEVERAL OCCURRENCES

COLUMN 17 PEAK WIND IN M.P.H.

PRELIMINARY LOCAL CLIMATOLOGICAL DATA (WS FORM: F-6) , PAGE 2

                                          STATION:  BLOOMINGTON IL AIRPORT
                                          MONTH:    APRIL
                                          YEAR:     2014
                                          LATITUDE:   40 28 N
                                          LONGITUDE:  88 56 W

[TEMPERATURE DATA]      [PRECIPITATION DATA]       SYMBOLS USED IN COLUMN 16

AVERAGE MONTHLY: 48.9   TOTAL FOR MONTH:   1.67    1 = FOG OR MIST
DPTR FM NORMAL:     M   DPTR FM NORMAL:       M    2 = FOG REDUCING VISIBILITY
HIGHEST:    78 ON 20,12 GRTST 24HR  1.31 ON  3- 3      TO 1/4 MILE OR LESS
LOWEST:     24 ON 15                               3 = THUNDER
                        SNOW, ICE PELLETS, HAIL    4 = ICE PELLETS
                        TOTAL MONTH:    M          5 = HAIL
                        GRTST 24HR    M  ON   M    6 = FREEZING RAIN OR DRIZZLE
                        GRTST DEPTH:  M  ON   M    7 = DUSTSTORM OR SANDSTORM:
                                                       VSBY 1/2 MILE OR LESS
                                                   8 = SMOKE OR HAZE
[NO. OF DAYS WITH]      [WEATHER - DAYS WITH]      9 = BLOWING SNOW
                                                   X = TORNADO
MAX 32 OR BELOW:   0    0.01 INCH OR MORE:   4
MAX 90 OR ABOVE:   0    0.10 INCH OR MORE:   3
MIN 32 OR BELOW:   8    0.50 INCH OR MORE:   1
MIN  0 OR BELOW:   0    1.00 INCH OR MORE:   1

[HDD (BASE 65) ]
TOTAL THIS MO.   366    CLEAR  (SCALE 0-3)  18
DPTR FM NORMAL     M    PTCLDY (SCALE 4-7)   1
TOTAL FM JUL 1  6715    CLOUDY (SCALE 8-10)  4
DPTR FM NORMAL     M

[CDD (BASE 65) ]
TOTAL THIS MO.     0
DPTR FM NORMAL     M    [PRESSURE DATA]
TOTAL FM JAN 1     0    HIGHEST SLP M ON M
DPTR FM NORMAL     M    LOWEST  SLP M ON M

[REMARKS]




U.S. Dept. of Commerce
NOAA National Weather Service
1325 East West Highway
Silver Spring, MD 20910
E-mail: w-nws.webmaster@noaa.gov
Page last modified: May 16, 2007
NATIONAL WEATHER SERVICE: for Safety, for Work, for Fun - FOR LIFE