204
CXUS53 KIND 290730
CF6BMG
PRELIMINARY LOCAL CLIMATOLOGICAL DATA (WS FORM: F-6)

                                          STATION:   BLOOMINGTON IN
                                          MONTH:     JULY
                                          YEAR:      2014
                                          LATITUDE:   39  7 N
                                          LONGITUDE:  86 37 W

  TEMPERATURE IN F:       :PCPN:    SNOW:  WIND      :SUNSHINE: SKY     :PK WND
================================================================================
1   2   3   4   5  6A  6B    7    8   9   10  11  12  13   14  15   16   17  18
                                     12Z  AVG MX 2MIN
DY MAX MIN AVG DEP HDD CDD  WTR  SNW DPTH SPD SPD DIR MIN PSBL S-S WX    SPD DR
================================================================================

 1  88  67  78   4   0  13 0.08    M    M  7.5 20 350   M    M   4 3      37 360
 2  80  61  71  -3   0   6 0.00    M    M  7.3 15 270   M    M   4 1      21 310
 3  74  56  65  -9   0   0 0.00    M    M  3.9 14 360   M    M   6        17 360
 4  79  53  66  -8   0   1 0.00    M    M  4.2 15  40   M    M   1 1      20  40
 5  80  52  66  -8   0   1 0.00    M    M  3.1 13 140   M    M   0 18     16 140
 6  84  61  73  -1   0   8 0.00    M    M  7.7 17 190   M    M   3        26 240
 7  83  70  77   3   0  12 0.37    M    M 10.4 22 250   M    M   5 13     33 230
 8  82  65  74   0   0   9 0.11    M    M  9.5 24 240   M    M   6 13     33 250
 9  81  61  71  -3   0   6 0.00    M    M  4.0 14 240   M    M   2        19 230
10  82  57  70  -4   0   5 0.00    M    M  3.6 12  30   M    M   1 1      16  50
11  84  55  70  -4   0   5 0.00    M    M  2.4  8 220   M    M   0        12 210
12  82  63  73  -1   0   8 0.03    M    M  6.0 15 220   M    M   3 18     20 220
13  88  71  80   6   0  15 0.05    M    M  6.9 15 240   M    M   4 3      23 210
14  84  66  75   1   0  10 1.41    M    M  5.1 18 340   M    M   7 13     29 320
15  71  57  64 -10   1   0 0.00    M    M  5.7 15 280   M    M   3        20 280
16  74  53  64 -10   1   0 0.00    M    M  2.6 12 350   M    M   2        15  10
17  78  51  65  -9   0   0 0.00    M    M  1.9  9  10   M    M   2 1      17  40
18  79  54  67  -7   0   2 0.00    M    M  4.7 16 130   M    M   1        22 100
19  76  53  65  -9   0   0 0.00    M    M  2.8 12  40   M    M   4 128    14  30
20  83  55  69  -5   0   4 0.00    M    M  1.3  8 350   M    M   3 12     10 360
21  86  58  72  -2   0   7 0.00    M    M  1.2  8 230   M    M   2 1      10 190
22  88  60  74   0   0   9 0.00    M    M  3.3 13 240   M    M   1 128    16 230
23  78  62  70  -4   0   5 1.66    M    M  6.7 26 240   M    M   6 138    33 360
24  78  56  67  -7   0   2 0.00    M    M  7.4 15  20   M    M   3        19  20
25  76  51  64 -10   1   0 0.00    M    M  2.9 14 160   M    M   2 1      19 160
26  86  61  74   0   0   9 0.01    M    M  7.4 17 220   M    M   6 13     21 240
27  85  68  77   3   0  12 0.03    M    M  8.0 24 280   M    M   6 138    36 280
28  75  53  64 -10   1   0 0.00    M    M  7.2 20 350   M    M   5        27 360
================================================================================
SM 2264 1650         4 149  3.75    M    144.7          M       92
================================================================================
AV 80.9 58.9                               5.2 FASTST   M    M   3    MAX(MPH)
                                 MISC ---->  # 26 240               # 37  360
================================================================================
NOTES:
# LAST OF SEVERAL OCCURRENCES

COLUMN 17 PEAK WIND IN M.P.H.

PRELIMINARY LOCAL CLIMATOLOGICAL DATA (WS FORM: F-6) , PAGE 2

                                          STATION:  BLOOMINGTON IN
                                          MONTH:    JULY
                                          YEAR:     2014
                                          LATITUDE:   39  7 N
                                          LONGITUDE:  86 37 W

[TEMPERATURE DATA]      [PRECIPITATION DATA]       SYMBOLS USED IN COLUMN 16

AVERAGE MONTHLY: 69.9   TOTAL FOR MONTH:   3.75    1 = FOG OR MIST
DPTR FM NORMAL:  -4.1   DPTR FM NORMAL:   -0.85    2 = FOG REDUCING VISIBILITY
HIGHEST:    88 ON 22,13 GRTST 24HR  1.66 ON 23-23      TO 1/4 MILE OR LESS
LOWEST:     51 ON 25,17                            3 = THUNDER
                        SNOW, ICE PELLETS, HAIL    4 = ICE PELLETS
                        TOTAL MONTH:    M          5 = HAIL
                        GRTST 24HR    M  ON   M    6 = FREEZING RAIN OR DRIZZLE
                        GRTST DEPTH:  M  ON   M    7 = DUSTSTORM OR SANDSTORM:
                                                       VSBY 1/2 MILE OR LESS
                                                   8 = SMOKE OR HAZE
[NO. OF DAYS WITH]      [WEATHER - DAYS WITH]      9 = BLOWING SNOW
                                                   X = TORNADO
MAX 32 OR BELOW:   0    0.01 INCH OR MORE:   9
MAX 90 OR ABOVE:   0    0.10 INCH OR MORE:   4
MIN 32 OR BELOW:   0    0.50 INCH OR MORE:   2
MIN  0 OR BELOW:   0    1.00 INCH OR MORE:   2

[HDD (BASE 65) ]
TOTAL THIS MO.     4    CLEAR  (SCALE 0-3)  13
DPTR FM NORMAL     4    PTCLDY (SCALE 4-7)  15
TOTAL FM JUL 1     4    CLOUDY (SCALE 8-10)  0
DPTR FM NORMAL     4

[CDD (BASE 65) ]
TOTAL THIS MO.   149
DPTR FM NORMAL  -103    [PRESSURE DATA]
TOTAL FM JAN 1   548    HIGHEST SLP M ON M
DPTR FM NORMAL     6    LOWEST  SLP 29.68 ON  8

[REMARKS]




U.S. Dept. of Commerce
NOAA National Weather Service
1325 East West Highway
Silver Spring, MD 20910
E-mail: w-nws.webmaster@noaa.gov
Page last modified: May 16, 2007
NATIONAL WEATHER SERVICE: for Safety, for Work, for Fun - FOR LIFE