592
CXUS53 KIND 250730
CF6BMG
PRELIMINARY LOCAL CLIMATOLOGICAL DATA (WS FORM: F-6)

                                          STATION:   BLOOMINGTON IN
                                          MONTH:     NOVEMBER
                                          YEAR:      2014
                                          LATITUDE:   39  7 N
                                          LONGITUDE:  86 37 W

  TEMPERATURE IN F:       :PCPN:    SNOW:  WIND      :SUNSHINE: SKY     :PK WND
================================================================================
1   2   3   4   5  6A  6B    7    8   9   10  11  12  13   14  15   16   17  18
                                     12Z  AVG MX 2MIN
DY MAX MIN AVG DEP HDD CDD  WTR  SNW DPTH SPD SPD DIR MIN PSBL S-S WX    SPD DR
================================================================================

 1  45  26  36 -14  29   0 0.00    M    M  9.8 24  10   M    M   4        32 360
 2  52  21  37 -13  28   0 0.00    M    M  3.6  9 160   M    M   2        15 210
 3  66  41  54   5  11   0 0.00    M    M 10.8 21 220   M    M   3        28 220
 4  58  47  53   4  12   0 0.40    M    M 10.2 23 220   M    M   7 1      34 210
 5  54  39  47  -1  18   0 0.00    M    M  2.1  7 150   M    M   5 128     9 130
 6  48  40  44  -4  21   0 0.06    M    M 10.7 23 290   M    M   9 1      31 290
 7  47  31  39  -9  26   0 0.00    M    M  4.4 10 140   M    M   4        15 320
 8  50  34  42  -5  23   0    T    M    M  8.0 16 260   M    M   4 1      22 240
 9  53  28  41  -6  24   0 0.00    M    M  5.9 15 220   M    M   0        20 220
10  64  33  49   3  16   0 0.00    M    M 10.4 23 200   M    M   0        32 200
11  59  34  47   1  18   0 0.04    M    M 11.7 22 290   M    M   6 1      29 190
12  34  28  31 -15  34   0 0.00    M    M  5.8 13 360   M    M  10 8      16 360
13  28  22  25 -20  40   0    T    M    M  7.4 15 290   M    M   8 18     20 360
14  32  16  24 -21  41   0 0.00    M    M  4.6 13 250   M    M   1 8      17 310
15  36  15  26 -18  39   0    T    M    M  2.8  9 200   M    M   2 1      13 150
16  36  30  33 -11  32   0 0.18    M    M  3.5  9 210   M    M   8 1      11 240
17  30  16  23 -20  42   0 0.03    M    M 10.7 20 280   M    M   7 18     29 280
18  20  11  16 -27  49   0 0.00    M    M 10.4 22 270   M    M   4        31 250
19  40  11  26 -16  39   0 0.00    M    M 12.6 28 230   M    M   5        36 240
20  31  18  25 -17  40   0 0.00    M    M  7.7 18 240   M    M   3        23 240
21  36  12  24 -17  41   0 0.00    M    M  5.5 13 120   M    M   1        15 130
22  58  32  45   4  20   0 0.02    M    M 10.3 22 210   M    M  10        32 210
23  57  48  53  13  12   0 1.45    M    M 10.9 26 240   M    M   9 1      44 250
24  59  36  48   8  17   0 0.20    M    M 17.1 29 240   M    M  10 13     45 280
================================================================================
SM 1093  669       672   0  2.38    M    196.9          M      122
================================================================================
AV 45.5 27.9                               8.2 FASTST   M    M   5    MAX(MPH)
                                 MISC ---->  # 29 240               # 45  280
================================================================================
NOTES:
# LAST OF SEVERAL OCCURRENCES

COLUMN 17 PEAK WIND IN M.P.H.

PRELIMINARY LOCAL CLIMATOLOGICAL DATA (WS FORM: F-6) , PAGE 2

                                          STATION:  BLOOMINGTON IN
                                          MONTH:    NOVEMBER
                                          YEAR:     2014
                                          LATITUDE:   39  7 N
                                          LONGITUDE:  86 37 W

[TEMPERATURE DATA]      [PRECIPITATION DATA]       SYMBOLS USED IN COLUMN 16

AVERAGE MONTHLY: 36.7   TOTAL FOR MONTH:   2.38    1 = FOG OR MIST
DPTR FM NORMAL:  -8.5   DPTR FM NORMAL:   -0.80    2 = FOG REDUCING VISIBILITY
HIGHEST:    66 ON  3    GRTST 24HR  1.65 ON 23-24      TO 1/4 MILE OR LESS
LOWEST:     11 ON 19,18                            3 = THUNDER
                        SNOW, ICE PELLETS, HAIL    4 = ICE PELLETS
                        TOTAL MONTH:    M          5 = HAIL
                        GRTST 24HR    M  ON   M    6 = FREEZING RAIN OR DRIZZLE
                        GRTST DEPTH:  M  ON   M    7 = DUSTSTORM OR SANDSTORM:
                                                       VSBY 1/2 MILE OR LESS
                                                   8 = SMOKE OR HAZE
[NO. OF DAYS WITH]      [WEATHER - DAYS WITH]      9 = BLOWING SNOW
                                                   X = TORNADO
MAX 32 OR BELOW:   5    0.01 INCH OR MORE:   8
MAX 90 OR ABOVE:   0    0.10 INCH OR MORE:   4
MIN 32 OR BELOW:  15    0.50 INCH OR MORE:   1
MIN  0 OR BELOW:   0    1.00 INCH OR MORE:   1

[HDD (BASE 65) ]
TOTAL THIS MO.   672    CLEAR  (SCALE 0-3)   8
DPTR FM NORMAL   195    PTCLDY (SCALE 4-7)   9
TOTAL FM JUL 1  1103    CLOUDY (SCALE 8-10)  7
DPTR FM NORMAL   207

[CDD (BASE 65) ]
TOTAL THIS MO.     0
DPTR FM NORMAL     0    [PRESSURE DATA]
TOTAL FM JAN 1   904    HIGHEST SLP M ON M
DPTR FM NORMAL   -22    LOWEST  SLP 29.14 ON 23

[REMARKS]




U.S. Dept. of Commerce
NOAA National Weather Service
1325 East West Highway
Silver Spring, MD 20910
E-mail: w-nws.webmaster@noaa.gov
Page last modified: May 16, 2007
NATIONAL WEATHER SERVICE: for Safety, for Work, for Fun - FOR LIFE