320
CXUS53 KIND 300730
CF6BMG
PRELIMINARY LOCAL CLIMATOLOGICAL DATA (WS FORM: F-6)

                                          STATION:   BLOOMINGTON IN
                                          MONTH:     JANUARY
                                          YEAR:      2015
                                          LATITUDE:   39  7 N
                                          LONGITUDE:  86 37 W

  TEMPERATURE IN F:       :PCPN:    SNOW:  WIND      :SUNSHINE: SKY     :PK WND
================================================================================
1   2   3   4   5  6A  6B    7    8   9   10  11  12  13   14  15   16   17  18
                                     12Z  AVG MX 2MIN
DY MAX MIN AVG DEP HDD CDD  WTR  SNW DPTH SPD SPD DIR MIN PSBL S-S WX    SPD DR
================================================================================

 1  35  20  28  -1  37   0 0.00    M    M 10.3 23 230   M    M   0        28 230
 2  38  29  34   5  31   0 0.01    M    M  5.1 10 110   M    M   9 1      13 120
 3  58  35  47  18  18   0 1.60    M    M  9.0 17 210   M    M  10 1      25 210
 4  50  16  33   4  32   0 0.07    M    M 13.1 22 270   M    M  10 18     33 290
 5  18   9  14 -15  51   0 0.03    M    M  6.8 16 300   M    M   4 18     22 290
 6  25  14  20  -9  45   0 0.00    M    M  6.4 15 270   M    M   7 8      20 290
 7  16  -3   7 -22  58   0 0.01    M    M 10.0 21 300   M    M   4 18     29 280
 8  22  -4   9 -20  56   0    T    M    M 11.4 24 230   M    M   3        33 240
 9  24   6  15 -14  50   0    T    M    M 12.1 24 250   M    M   5 8      39 230
10  26   0  13 -16  52   0 0.00    M    M  6.3 14 190   M    M   1        18 200
11  38  24  31   2  34   0 0.23    M    M  8.0 16 220   M    M  10 168    21 220
12  36  22  29   0  36   0 0.12    M    M 10.4 21  20   M    M  10 18     29  30
13  27  13  20  -9  45   0    T    M    M  9.0 18  70   M    M   4 8      24  80
14  26  10  18 -11  47   0    T    M    M  2.6  9 230   M    M   7 1      13 250
15  37  16  27  -2  38   0 0.00    M    M  5.4 13 230   M    M   3 18     17 240
16  46  24  35   6  30   0 0.00    M    M  3.5 12 240   M    M   0 18     15 220
17  52  29  41  12  24   0    T    M    M 12.7 30 220   M    M   2 18     39 210
18  46  27  37   8  28   0 0.03    M    M  7.6 20 260   M    M   2 1      26 280
19  53  22  38   9  27   0 0.00    M    M  1.3 10 140   M    M   1        13 150
20  52  27  40  11  25   0 0.00    M    M  3.5 14 290   M    M   5 1      18 290
21  46  28  37   8  28   0 0.00    M    M  8.3 22 270   M    M   6 1      29 310
22  37  32  35   5  30   0 0.00    M    M  4.5 13  50   M    M  10 1      14  50
23  38  25  32   2  33   0 0.00    M    M  3.7  9  30   M    M   5        12 100
24  42  23  33   3  32   0 0.00    M    M  7.5 14 240   M    M   3 18     19 230
25  40  26  33   3  32   0 0.10    M    M  7.6 21  20   M    M   7 1      26 360
26  30  22  26  -4  39   0    T    M    M  6.9 22 360   M    M  10 1      27  10
27  31  18  25  -5  40   0    T    M    M  3.2  9 360   M    M   8 18     12 360
28  38  15  27  -3  38   0 0.00    M    M  7.7 18 150   M    M   0 18     24 140
29  49  33  41  11  24   0    T    M    M 12.5 24 290   M    M   8 18     35 270
================================================================================
SM 1076  558      1060   0  2.20    M    216.4          M      154
================================================================================
AV 37.1 19.2                               7.5 FASTST   M    M   5    MAX(MPH)
                                 MISC ---->  # 30 220               # 39  230
================================================================================
NOTES:
# LAST OF SEVERAL OCCURRENCES

COLUMN 17 PEAK WIND IN M.P.H.

PRELIMINARY LOCAL CLIMATOLOGICAL DATA (WS FORM: F-6) , PAGE 2

                                          STATION:  BLOOMINGTON IN
                                          MONTH:    JANUARY
                                          YEAR:     2015
                                          LATITUDE:   39  7 N
                                          LONGITUDE:  86 37 W

[TEMPERATURE DATA]      [PRECIPITATION DATA]       SYMBOLS USED IN COLUMN 16

AVERAGE MONTHLY: 28.2   TOTAL FOR MONTH:   2.20    1 = FOG OR MIST
DPTR FM NORMAL:  -1.1   DPTR FM NORMAL:   -0.93    2 = FOG REDUCING VISIBILITY
HIGHEST:    58 ON  3    GRTST 24HR  1.60 ON  3- 3      TO 1/4 MILE OR LESS
LOWEST:     -4 ON  8                               3 = THUNDER
                        SNOW, ICE PELLETS, HAIL    4 = ICE PELLETS
                        TOTAL MONTH:    M          5 = HAIL
                        GRTST 24HR    M  ON   M    6 = FREEZING RAIN OR DRIZZLE
                        GRTST DEPTH:  M  ON   M    7 = DUSTSTORM OR SANDSTORM:
                                                       VSBY 1/2 MILE OR LESS
                                                   8 = SMOKE OR HAZE
[NO. OF DAYS WITH]      [WEATHER - DAYS WITH]      9 = BLOWING SNOW
                                                   X = TORNADO
MAX 32 OR BELOW:  10    0.01 INCH OR MORE:   9
MAX 90 OR ABOVE:   0    0.10 INCH OR MORE:   4
MIN 32 OR BELOW:  27    0.50 INCH OR MORE:   1
MIN  0 OR BELOW:   3    1.00 INCH OR MORE:   1

[HDD (BASE 65) ]
TOTAL THIS MO.  1060    CLEAR  (SCALE 0-3)   8
DPTR FM NORMAL    23    PTCLDY (SCALE 4-7)  14
TOTAL FM JUL 1  3258    CLOUDY (SCALE 8-10)  7
DPTR FM NORMAL   148

[CDD (BASE 65) ]
TOTAL THIS MO.     0
DPTR FM NORMAL     0    [PRESSURE DATA]
TOTAL FM JAN 1     0    HIGHEST SLP M ON M
DPTR FM NORMAL     0    LOWEST  SLP 29.62 ON 25

[REMARKS]




U.S. Dept. of Commerce
NOAA National Weather Service
1325 East West Highway
Silver Spring, MD 20910
E-mail: w-nws.webmaster@noaa.gov
Page last modified: May 16, 2007
NATIONAL WEATHER SERVICE: for Safety, for Work, for Fun - FOR LIFE