755
CXUS55 KSEW 010930
CF6BLI
PRELIMINARY LOCAL CLIMATOLOGICAL DATA (WS FORM: F-6)

                                          STATION:   BELLINGHAM WA AIRPORT
                                          MONTH:     JULY
                                          YEAR:      2014
                                          LATITUDE:   48 47 N
                                          LONGITUDE: 122 32 W

  TEMPERATURE IN F:       :PCPN:    SNOW:  WIND      :SUNSHINE: SKY     :PK WND
================================================================================
1   2   3   4   5  6A  6B    7    8   9   10  11  12  13   14  15   16   17  18
                                     12Z  AVG MX 2MIN
DY MAX MIN AVG DEP HDD CDD  WTR  SNW DPTH SPD SPD DIR MIN PSBL S-S WX    SPD DR
================================================================================

 1  84  52  68   7   0   3 0.00  0.0    0  2.7 13 270   M    M   0 1      15 260
 2  71  61  66   5   0   1 0.00  0.0    0 11.2 20 170   M    M   0        31 160
 3  67  55  61   0   4   0 0.00  0.0    0  9.2 16 170   M    M   3        21 170
 4  70  50  60  -1   5   0    T  0.0    0  3.7 10 170   M    M   4 1      15 160
 5  68  58  63   2   2   0 0.01  0.0    0  1.6  8  10   M    M   9 1      14 220
 6  75  60  68   7   0   3    T  0.0    0  2.2  9  20   M    M   7 1      12  30
 7  78  61  70   9   0   5 0.00  0.0    0  4.5 12 290   M    M   3 1      16 290
 8  78  57  68   6   0   3 0.00  0.0    0  5.0 12 170   M    M   1        16 170
 9  75  56  66   4   0   1 0.00  0.0    0  4.5 10 270   M    M   1        17 270
10  77  53  65   3   0   0 0.00  0.0    0  2.2  9 160   M    M   0        31 210
11  82  53  68   6   0   3 0.00  0.0    0  2.5 10 170   M    M   0 1      15 170
12  80  57  69   7   0   4 0.00  0.0    0  3.7  9 170   M    M   0        13 160
13  86  58  72  10   0   7 0.00  0.0    0  3.9 15 170   M    M   0 8      21 170
14  74  62  68   6   0   3 0.00  0.0    0 10.1 18 170   M    M   0        26 170
15  77  57  67   5   0   2 0.00  0.0    0  7.5 15 160   M    M   0        23 160
16  80  58  69   7   0   4 0.00  0.0    0  4.7  9 180   M    M   0        14 180
17  74  57  66   3   0   1 0.00  0.0    0  8.6 16 170   M    M   1        23 190
18  72  58  65   2   0   0 0.00  0.0    0 11.0 20 160   M    M   4        28 170
19  70  60  65   2   0   0 0.09  0.0    0 11.7 22 170   M    M   8 1      31 170
20  66  56  61  -2   4   0 0.00  0.0    0  8.6 16 160   M    M  10        22 140
21  72  54  63   0   2   0 0.00  0.0    0  5.7 15 150   M    M   2        18 160
22  66  53  60  -3   5   0    T  0.0    0  2.9 10 180   M    M   7        14 190
23  65  54  60  -3   5   0 0.72  0.0    0  4.0 17 170   M    M   6 1      25 170
24  67  55  61  -2   4   0 0.31  0.0    0  9.9 17 150   M    M   7 1      23 160
25  71  55  63   0   2   0 0.00  0.0    0  4.6 10 170   M    M   1        15 180
26  75  51  63   0   2   0 0.00  0.0    0  2.8  9 190   M    M   2 1      14 160
27  79  52  66   3   0   1 0.00  0.0    0  3.4 12 290   M    M   0 1      15 310
28  83  53  68   5   0   3 0.00  0.0    0  3.2 10 180   M    M   0 1      15 170
29  78  54  66   3   0   1 0.00  0.0    0  5.6 12 170   M    M   0        16 190
30  79  57  68   5   0   3 0.00  0.0    0  6.0 12 170   M    M   0        17 190
31  81  55  68   4   0   3 0.00  0.0    0  2.8  8 260   M    M   0        13 270
================================================================================
SM 2320 1732        35  51  1.13     0.0 170.0          M       76
================================================================================
AV 74.8 55.9                               5.5 FASTST   M    M   2    MAX(MPH)
                                 MISC ---->  # 22 170               # 31  160
================================================================================
NOTES:
# LAST OF SEVERAL OCCURRENCES

COLUMN 17 PEAK WIND IN M.P.H.

PRELIMINARY LOCAL CLIMATOLOGICAL DATA (WS FORM: F-6) , PAGE 2

                                          STATION:  BELLINGHAM WA AIRPORT
                                          MONTH:    JULY
                                          YEAR:     2014
                                          LATITUDE:   48 47 N
                                          LONGITUDE: 122 32 W

[TEMPERATURE DATA]      [PRECIPITATION DATA]       SYMBOLS USED IN COLUMN 16

AVERAGE MONTHLY: 65.4   TOTAL FOR MONTH:   1.13    1 = FOG OR MIST
DPTR FM NORMAL:   3.1   DPTR FM NORMAL:   -0.05    2 = FOG REDUCING VISIBILITY
HIGHEST:    86 ON 13    GRTST 24HR  0.84 ON 23-24      TO 1/4 MILE OR LESS
LOWEST:     50 ON  4                               3 = THUNDER
                        SNOW, ICE PELLETS, HAIL    4 = ICE PELLETS
                        TOTAL MONTH:   0.0 INCH    5 = HAIL
                        GRTST 24HR     0.0         6 = FREEZING RAIN OR DRIZZLE
                        GRTST DEPTH:   0           7 = DUSTSTORM OR SANDSTORM:
                                                       VSBY 1/2 MILE OR LESS
                                                   8 = SMOKE OR HAZE
[NO. OF DAYS WITH]      [WEATHER - DAYS WITH]      9 = BLOWING SNOW
                                                   X = TORNADO
MAX 32 OR BELOW:   0    0.01 INCH OR MORE:   4
MAX 90 OR ABOVE:   0    0.10 INCH OR MORE:   2
MIN 32 OR BELOW:   0    0.50 INCH OR MORE:   1
MIN  0 OR BELOW:   0    1.00 INCH OR MORE:   0

[HDD (BASE 65) ]
TOTAL THIS MO.    35    CLEAR  (SCALE 0-3)  20
DPTR FM NORMAL   -66    PTCLDY (SCALE 4-7)   9
TOTAL FM JUL 1    35    CLOUDY (SCALE 8-10)  2
DPTR FM NORMAL   -66

[CDD (BASE 65) ]
TOTAL THIS MO.    51
DPTR FM NORMAL    32    [PRESSURE DATA]
TOTAL FM JAN 1    53    HIGHEST SLP M ON M
DPTR FM NORMAL    30    LOWEST  SLP 29.77 ON  1

[REMARKS]
#FINAL-07-14#




U.S. Dept. of Commerce
NOAA National Weather Service
1325 East West Highway
Silver Spring, MD 20910
E-mail: w-nws.webmaster@noaa.gov
Page last modified: May 16, 2007
NATIONAL WEATHER SERVICE: for Safety, for Work, for Fun - FOR LIFE