920
CXUS55 KSEW 180930
CF6BLI
PRELIMINARY LOCAL CLIMATOLOGICAL DATA (WS FORM: F-6)

                                          STATION:   BELLINGHAM WA AIRPORT
                                          MONTH:     SEPTEMBER
                                          YEAR:      2014
                                          LATITUDE:   48 47 N
                                          LONGITUDE: 122 32 W

  TEMPERATURE IN F:       :PCPN:    SNOW:  WIND      :SUNSHINE: SKY     :PK WND
================================================================================
1   2   3   4   5  6A  6B    7    8   9   10  11  12  13   14  15   16   17  18
                                     12Z  AVG MX 2MIN
DY MAX MIN AVG DEP HDD CDD  WTR  SNW DPTH SPD SPD DIR MIN PSBL S-S WX    SPD DR
================================================================================

 1  72  59  66   5   0   1 0.00  0.0    M  5.8 14 160   M    M   8        18 160
 2  62  55  59  -1   6   0 0.53  0.0    0  5.6 17 170   M    M  10 1      25 170
 3  67  50  59  -1   6   0 0.00  0.0    0  2.4  9 160   M    M   5 12     13 170
 4  70  45  58  -2   7   0 0.00  0.0    0  3.0 12 270   M    M   0 1      16 270
 5  78  47  63   3   2   0 0.00  0.0    0  2.5 12 270   M    M   1 12     17 280
 6  81  50  66   6   0   1 0.00  0.0    0  1.2  9 270   M    M   0 12     10 280
 7  79  50  65   6   0   0 0.00  0.0    0  3.8 10 170   M    M   0 12     15 190
 8  67  55  61   2   4   0 0.00  0.0    0  9.5 17 160   M    M   3        26 160
 9  68  55  62   3   3   0 0.00  0.0    0  4.6 13 170   M    M   4        17 160
10  71  53  62   3   3   0 0.00  0.0    0 11.9 26  30   M    M   2        36  20
11  75  46  61   3   4   0 0.00  0.0    0  6.8 12 310   M    M   0        16 290
12  73  39  56  -2   9   0 0.00  0.0    0  2.9 13 270   M    M   0 1      16 300
13  75  42  59   1   6   0 0.00  0.0    0  1.7 10 270   M    M   0 1      14 280
14  79  45  62   4   3   0 0.00  0.0    0  2.4  9 260   M    M   0        13 280
15  83  47  65   7   0   0 0.00  0.0    0  1.1  9  10   M    M   0 1      13 360
16  69  50  60   3   5   0 0.01  0.0    0  6.0 13 160   M    M   0        21 170
17  72  57  65   8   0   0    T  0.0    0  2.3  9 270   M    M   7 1      13 280
================================================================================
SM 1241  845        58   2  0.54     0.0  73.5          M       40
================================================================================
AV 73.0 49.7                               4.3 FASTST   M    M   2    MAX(MPH)
                                 MISC ---->  # 26  30               # 36   20
================================================================================
NOTES:
# LAST OF SEVERAL OCCURRENCES

COLUMN 17 PEAK WIND IN M.P.H.

PRELIMINARY LOCAL CLIMATOLOGICAL DATA (WS FORM: F-6) , PAGE 2

                                          STATION:  BELLINGHAM WA AIRPORT
                                          MONTH:    SEPTEMBER
                                          YEAR:     2014
                                          LATITUDE:   48 47 N
                                          LONGITUDE: 122 32 W

[TEMPERATURE DATA]      [PRECIPITATION DATA]       SYMBOLS USED IN COLUMN 16

AVERAGE MONTHLY: 61.4   TOTAL FOR MONTH:   0.54    1 = FOG OR MIST
DPTR FM NORMAL:   2.5   DPTR FM NORMAL:   -0.39    2 = FOG REDUCING VISIBILITY
HIGHEST:    83 ON 15    GRTST 24HR  0.88 ON  2- 3      TO 1/4 MILE OR LESS
LOWEST:     39 ON 12                               3 = THUNDER
                        SNOW, ICE PELLETS, HAIL    4 = ICE PELLETS
                        TOTAL MONTH:   0.0 INCH    5 = HAIL
                        GRTST 24HR     0.0         6 = FREEZING RAIN OR DRIZZLE
                        GRTST DEPTH:   0           7 = DUSTSTORM OR SANDSTORM:
                                                       VSBY 1/2 MILE OR LESS
                                                   8 = SMOKE OR HAZE
[NO. OF DAYS WITH]      [WEATHER - DAYS WITH]      9 = BLOWING SNOW
                                                   X = TORNADO
MAX 32 OR BELOW:   0    0.01 INCH OR MORE:   2
MAX 90 OR ABOVE:   0    0.10 INCH OR MORE:   1
MIN 32 OR BELOW:   0    0.50 INCH OR MORE:   1
MIN  0 OR BELOW:   0    1.00 INCH OR MORE:   0

[HDD (BASE 65) ]
TOTAL THIS MO.    58    CLEAR  (SCALE 0-3)  11
DPTR FM NORMAL   -46    PTCLDY (SCALE 4-7)   4
TOTAL FM JUL 1   108    CLOUDY (SCALE 8-10)  2
DPTR FM NORMAL  -193

[CDD (BASE 65) ]
TOTAL THIS MO.     2
DPTR FM NORMAL     2    [PRESSURE DATA]
TOTAL FM JAN 1   117    HIGHEST SLP M ON M
DPTR FM NORMAL    77    LOWEST  SLP 29.72 ON 17

[REMARKS]




U.S. Dept. of Commerce
NOAA National Weather Service
1325 East West Highway
Silver Spring, MD 20910
E-mail: w-nws.webmaster@noaa.gov
Page last modified: May 16, 2007
NATIONAL WEATHER SERVICE: for Safety, for Work, for Fun - FOR LIFE