527
CXUS55 KSEW 010930
CF6BLI
PRELIMINARY LOCAL CLIMATOLOGICAL DATA (WS FORM: F-6)

                                          STATION:   BELLINGHAM WA AIRPORT
                                          MONTH:     AUGUST
                                          YEAR:      2014
                                          LATITUDE:   48 47 N
                                          LONGITUDE: 122 32 W

  TEMPERATURE IN F:       :PCPN:    SNOW:  WIND      :SUNSHINE: SKY     :PK WND
================================================================================
1   2   3   4   5  6A  6B    7    8   9   10  11  12  13   14  15   16   17  18
                                     12Z  AVG MX 2MIN
DY MAX MIN AVG DEP HDD CDD  WTR  SNW DPTH SPD SPD DIR MIN PSBL S-S WX    SPD DR
================================================================================

 1  80  55  68   4   0   3 0.00  0.0    0  3.5  9 170   M    M   0        15 180
 2  81  56  69   6   0   4 0.00  0.0    0  3.5  8 180   M    M   0 1       M  M
 3  82  58  70   7   0   5 0.00  0.0    0  3.1  8 290   M    M   0        12 230
 4  82  59  71   8   0   6 0.00  0.0    0  5.5 12 170   M    M   0 1      17 170
 5  71  58  65   2   0   0 0.00  0.0    0 12.1 18 160   M    M   1        26 150
 6  73  60  67   4   0   2 0.00  0.0    0  8.1 16 170   M    M   1        23 160
 7  73  57  65   2   0   0 0.00  0.0    0  8.7 15 170   M    M   3 1      22 160
 8  72  54  63   0   2   0 0.00  0.0    0  6.8 15 170   M    M   1        21 170
 9  78  50  64   1   1   0 0.00  0.0    0  2.4  9 300   M    M   0        14 300
10  82  51  67   4   0   2 0.00  0.0    0  2.5 10 270   M    M   0        16 270
11  85  56  71   8   0   6 0.00  0.0    0  3.0 15 310   M    M   0 1      17 140
12  80  65  73  10   0   8 0.01  0.0    0  4.2 14 150   M    M   3 1      20 140
13  72  57  65   2   0   0 0.51  0.0    0  4.9 15 150   M    M   8 1      20 170
14  72  56  64   1   1   0 0.04  0.0    0  2.4  9 170   M    M   9 12     12 170
15  71  60  66   3   0   1 0.11  0.0    0  4.6 12 170   M    M   8 1      16 170
16  73  61  67   4   0   2    T  0.0    0  3.2  8 170   M    M   7 1      10 160
17  78  58  68   5   0   3 0.00  0.0    0  2.1  9 300   M    M   4 1      13 260
18  79  57  68   5   0   3 0.00  0.0    0  1.5  9 260   M    M   1 1      14 260
19  77  61  69   7   0   4    T  0.0    0  6.2 13 170   M    M   2        20 180
20  70  60  65   3   0   0 0.00  0.0    0  8.3 18 170   M    M   5        25 180
21  69  55  62   0   3   0 0.00  0.0    0  7.0 14 160   M    M   1        20 160
22  73  50  62   0   3   0 0.00  0.0    0  2.7  8 160   M    M   1 1      13 280
23  79  51  65   2   0   0 0.00  0.0    0  2.4  8 170   M    M   1 12     13 270
24  75  56  66   4   0   1 0.00  0.0    0  4.0 10 170   M    M   2 1      15 170
25  79  53  66   4   0   1 0.00  0.0    0  2.1  8 170   M    M   1 12     10 240
26  84  57  71  10   0   6 0.00  0.0    0  1.9  8 290   M    M   1 1      12 300
27  77  61  69   8   0   4 0.00  0.0    0  7.0 14 170   M    M   1        21 170
28  72  60  66   5   0   1 0.00  0.0    0 11.1 17 160   M    M   3        25 170
29  65  60  63   2   2   0    T  0.0    0  7.2 16 170   M    M   8        21 180
30  67  59  63   2   2   0    T  0.0    0  6.5 14 160   M    M   8        18 170
31  69  58  64   3   1   0 0.01  0.0    0  8.2 14 160   M    M  10        20 170
================================================================================
SM 2340 1769        15  62  0.68     0.0 156.7          M       90
================================================================================
AV 75.5 57.1                               5.1 FASTST   M    M   3    MAX(MPH)
                                 MISC ---->  # 18 160               # 26  150
================================================================================
NOTES:
# LAST OF SEVERAL OCCURRENCES

COLUMN 17 PEAK WIND IN M.P.H.

PRELIMINARY LOCAL CLIMATOLOGICAL DATA (WS FORM: F-6) , PAGE 2

                                          STATION:  BELLINGHAM WA AIRPORT
                                          MONTH:    AUGUST
                                          YEAR:     2014
                                          LATITUDE:   48 47 N
                                          LONGITUDE: 122 32 W

[TEMPERATURE DATA]      [PRECIPITATION DATA]       SYMBOLS USED IN COLUMN 16

AVERAGE MONTHLY: 66.3   TOTAL FOR MONTH:   0.68    1 = FOG OR MIST
DPTR FM NORMAL:   3.8   DPTR FM NORMAL:   -0.55    2 = FOG REDUCING VISIBILITY
HIGHEST:    85 ON 11    GRTST 24HR  0.51 ON 12-13      TO 1/4 MILE OR LESS
LOWEST:     50 ON 22, 9                            3 = THUNDER
                        SNOW, ICE PELLETS, HAIL    4 = ICE PELLETS
                        TOTAL MONTH:   0.0 INCH    5 = HAIL
                        GRTST 24HR     0.0         6 = FREEZING RAIN OR DRIZZLE
                        GRTST DEPTH:   0           7 = DUSTSTORM OR SANDSTORM:
                                                       VSBY 1/2 MILE OR LESS
                                                   8 = SMOKE OR HAZE
[NO. OF DAYS WITH]      [WEATHER - DAYS WITH]      9 = BLOWING SNOW
                                                   X = TORNADO
MAX 32 OR BELOW:   0    0.01 INCH OR MORE:   5
MAX 90 OR ABOVE:   0    0.10 INCH OR MORE:   2
MIN 32 OR BELOW:   0    0.50 INCH OR MORE:   1
MIN  0 OR BELOW:   0    1.00 INCH OR MORE:   0

[HDD (BASE 65) ]
TOTAL THIS MO.    15    CLEAR  (SCALE 0-3)  21
DPTR FM NORMAL   -81    PTCLDY (SCALE 4-7)   7
TOTAL FM JUL 1    50    CLOUDY (SCALE 8-10)  3
DPTR FM NORMAL  -147

[CDD (BASE 65) ]
TOTAL THIS MO.    62
DPTR FM NORMAL    45    [PRESSURE DATA]
TOTAL FM JAN 1   115    HIGHEST SLP M ON M
DPTR FM NORMAL    75    LOWEST  SLP 29.83 ON 12

[REMARKS]
#FINAL-08-14#




U.S. Dept. of Commerce
NOAA National Weather Service
1325 East West Highway
Silver Spring, MD 20910
E-mail: w-nws.webmaster@noaa.gov
Page last modified: May 16, 2007
NATIONAL WEATHER SERVICE: for Safety, for Work, for Fun - FOR LIFE