955
CXUS55 KSEW 010930
CF6BLI
PRELIMINARY LOCAL CLIMATOLOGICAL DATA (WS FORM: F-6)

                                          STATION:   BELLINGHAM WA AIRPORT
                                          MONTH:     NOVEMBER
                                          YEAR:      2014
                                          LATITUDE:   48 47 N
                                          LONGITUDE: 122 32 W

  TEMPERATURE IN F:       :PCPN:    SNOW:  WIND      :SUNSHINE: SKY     :PK WND
================================================================================
1   2   3   4   5  6A  6B    7    8   9   10  11  12  13   14  15   16   17  18
                                     12Z  AVG MX 2MIN
DY MAX MIN AVG DEP HDD CDD  WTR  SNW DPTH SPD SPD DIR MIN PSBL S-S WX    SPD DR
================================================================================

 1  52  40  46   0  19   0 0.00  0.0    0  2.8 14  30   M    M  10 12     26  80
 2  56  42  49   3  16   0 0.21  0.0    0  4.5 15 140   M    M   9 1      20 150
 3  57  50  54   8  11   0 0.49  0.0    0 10.7 29 150   M    M  10 1      43 150
 4  58  50  54   8  11   0 0.21  0.0    0  8.7 29 150   M    M   6 1      39 170
 5  54  48  51   5  14   0 0.06  0.0    0  4.0 12  30   M    M   9 1      15  40
 6  63  51  57  12   8   0 0.28  0.0    0 14.0 37 150   M    M   9 1      54 150
 7  58  39  49   4  16   0 0.00  0.0    0  3.2 12 160   M    M   5 1      17 160
 8  52  36  44  -1  21   0 0.00  0.0    0  0.4  6 170   M    M   4 12      7 220
 9  51  41  46   1  19   0 0.28  0.0    0  4.3 17 150   M    M  10 12     23 150
10  52  35  44  -1  21   0 0.00  0.0    0  7.6 21  20   M    M   0 12     31  40
11  45  35  40  -4  25   0 0.00  0.0    0 18.0 29  20   M    M   0        43  30
12  45  33  39  -5  26   0 0.00  0.0    0 12.7 20  40   M    M   0        28  30
13  46  32  39  -5  26   0 0.00  0.0    0 11.2 21  30   M    M   0        29  30
14  43  31  37  -7  28   0 0.00  0.0    0 14.6 26  30   M    M   0        38  30
15  45  26  36  -7  29   0 0.00  0.0    0  6.0 14  10   M    M   0        20  10
16  46  25  36  -7  29   0 0.00  0.0    0  3.9 13  20   M    M   0        16  20
17  49  23  36  -7  29   0 0.00  0.0    0  3.0  9 350   M    M   0        23 270
18  49  29  39  -4  26   0 0.00  0.0    0  1.4  6  20   M    M   0         7  20
19  52  33  43   1  22   0    T  0.0    0  1.5 12  20   M    M   2        15  20
20  53  43  48   6  17   0 0.12  0.0    0  6.5 16 160   M    M   9 1      23 160
21  55  49  52  10  13   0 0.21  0.0    0 14.1 31 140   M    M   9        40 150
22  51  46  49   7  16   0 0.01  0.0    0  7.7 14 170   M    M   8        20 160
23  54  38  46   4  19   0 0.23  0.0    0  9.0 28 160   M    M   5 1      39 150
24  51  42  47   6  18   0 0.25  0.0    0  7.4 22 140   M    M   9 1      33 140
25  47  41  44   3  21   0 1.06  0.0    0  3.9 12  10   M    M  10 1      16  30
26  59  41  50   9  15   0 0.05  0.0    0 10.0 25 160   M    M  10 1      37 150
27  58  53  56  15   9   0 0.25  0.0    0 16.0 25 160   M    M  10 1      39 140
28  54  30  42   2  23   0 0.66  0.0    0  6.1 22 170   M    M  10 1      30 170
29  30  19  25 -15  40   0 0.00    M    M 19.9 36  10   M    M   2        51  30
30  33  18  26 -14  39   0 0.00  0.0    0  7.4 14  10   M    M   0        18  10
================================================================================
SM 1518 1119       626   0  4.37     0.0 240.5          M      156
================================================================================
AV 50.6 37.3                               8.0 FASTST   M    M   5    MAX(MPH)
                                 MISC ---->  # 37 150               # 54  150
================================================================================
NOTES:
# LAST OF SEVERAL OCCURRENCES

COLUMN 17 PEAK WIND IN M.P.H.

PRELIMINARY LOCAL CLIMATOLOGICAL DATA (WS FORM: F-6) , PAGE 2

                                          STATION:  BELLINGHAM WA AIRPORT
                                          MONTH:    NOVEMBER
                                          YEAR:     2014
                                          LATITUDE:   48 47 N
                                          LONGITUDE: 122 32 W

[TEMPERATURE DATA]      [PRECIPITATION DATA]       SYMBOLS USED IN COLUMN 16

AVERAGE MONTHLY: 43.9   TOTAL FOR MONTH:   4.37    1 = FOG OR MIST
DPTR FM NORMAL:   0.7   DPTR FM NORMAL:   -1.43    2 = FOG REDUCING VISIBILITY
HIGHEST:    63 ON  6    GRTST 24HR  1.11 ON 24-25      TO 1/4 MILE OR LESS
LOWEST:     18 ON 30                               3 = THUNDER
                        SNOW, ICE PELLETS, HAIL    4 = ICE PELLETS
                        TOTAL MONTH:   0.0 INCH    5 = HAIL
                        GRTST 24HR     0.0         6 = FREEZING RAIN OR DRIZZLE
                        GRTST DEPTH:   0           7 = DUSTSTORM OR SANDSTORM:
                                                       VSBY 1/2 MILE OR LESS
                                                   8 = SMOKE OR HAZE
[NO. OF DAYS WITH]      [WEATHER - DAYS WITH]      9 = BLOWING SNOW
                                                   X = TORNADO
MAX 32 OR BELOW:   1    0.01 INCH OR MORE:  15
MAX 90 OR ABOVE:   0    0.10 INCH OR MORE:  12
MIN 32 OR BELOW:   9    0.50 INCH OR MORE:   2
MIN  0 OR BELOW:   0    1.00 INCH OR MORE:   1

[HDD (BASE 65) ]
TOTAL THIS MO.   626    CLEAR  (SCALE 0-3)  12
DPTR FM NORMAL   -28    PTCLDY (SCALE 4-7)   5
TOTAL FM JUL 1  1049    CLOUDY (SCALE 8-10) 13
DPTR FM NORMAL  -509

[CDD (BASE 65) ]
TOTAL THIS MO.     0
DPTR FM NORMAL     0    [PRESSURE DATA]
TOTAL FM JAN 1   117    HIGHEST SLP M ON M
DPTR FM NORMAL    75    LOWEST  SLP 29.25 ON 21

[REMARKS]
#FINAL-11-14#




U.S. Dept. of Commerce
NOAA National Weather Service
1325 East West Highway
Silver Spring, MD 20910
E-mail: w-nws.webmaster@noaa.gov
Page last modified: May 16, 2007
NATIONAL WEATHER SERVICE: for Safety, for Work, for Fun - FOR LIFE