466
CXUS55 KPSR 311005
CF6BLH
PRELIMINARY LOCAL CLIMATOLOGICAL DATA (WS FORM: F-6)

                                          STATION:   BLYTHE CA
                                          MONTH:     JULY
                                          YEAR:      2014
                                          LATITUDE:   33 37 N
                                          LONGITUDE: 114 43 W

  TEMPERATURE IN F:       :PCPN:    SNOW:  WIND      :SUNSHINE: SKY     :PK WND
================================================================================
1   2   3   4   5  6A  6B    7    8   9   10  11  12  13   14  15   16   17  18
                                     12Z  AVG MX 2MIN
DY MAX MIN AVG DEP HDD CDD  WTR  SNW DPTH SPD SPD DIR MIN PSBL S-S WX    SPD DR
================================================================================

 1 109  85  97   4   0  32 0.00  0.0    0 12.6 20 160   M    M   0        25 160
 2 108  81  95   2   0  30 0.00  0.0    0 10.5 21 190   M    M   0        25 180
 3 108  86  97   4   0  32 0.00  0.0    0 14.4 21 200   M    M   0        26 190
 4 103  86  95   2   0  30 0.00  0.0    0 10.0 21 250   M    M   0 3      24 250
 5 106  86  96   3   0  31    T  0.0    0 11.3 29 210   M    M   1 38     41 200
 6 109  83  96   2   0  31    T  0.0    0  7.3 49  50   M    M   0 38     59  50
 7 111  82  97   3   0  32 0.00  0.0    0  6.1 21 190   M    M   0        24 180
 8 110  87  99   5   0  34 0.00  0.0    0 15.3 32 120   M    M   0 8      38 110
 9 103  84  94   0   0  29    T  0.0    0 11.7 20 310   M    M   1 3      30 280
10 109  83  96   2   0  31 0.00  0.0    0 12.1 21 150   M    M   0 3      26 160
11 107  78  93  -1   0  28 0.00  0.0    0  8.1 20 210   M    M   0        27 200
12 109  77  93  -1   0  28 0.00  0.0    0  4.6 13 260   M    M   0        16 170
13 112  86  99   5   0  34 0.00  0.0    0  8.6 26 170   M    M   0        32 170
14 104  86  95   1   0  30    T  0.0    0 10.0 25 210   M    M   0        31 200
15 106  80  93  -2   0  28 0.00  0.0    0  8.3 18 200   M    M   0        24 230
16 110  82  96   1   0  31 0.00  0.0    0 12.8 23 230   M    M   0 8      30 180
17 108  77  93  -2   0  28 0.00  0.0    0  9.6 21 180   M    M   0        29 210
18 105  80  93  -2   0  28 0.00  0.0    0 11.9 20 180   M    M   0        23 180
19 106  82  94  -1   0  29    T  0.0    0  6.9 18 140   M    M   1        21 200
20 105  77  91  -4   0  26 0.00  0.0    0  9.2 21 180   M    M   0        26 160
21 109  75  92  -3   0  27 0.00  0.0    0  8.7 21 210   M    M   0        26 170
22 112  75  94  -1   0  29 0.00  0.0    0  6.0 13 280   M    M   0        17 110
23 116  86 101   6   0  36 0.00  0.0    0  6.9 14 320   M    M   2        16  90
24 116  87 102   7   0  37    T  0.0    0  6.2 16  50   M    M   1         M  M
25 111  91 101   6   0  36 0.00  0.0    0 13.2 18 210   M    M   0        25 170
26 109  89  99   4   0  34 0.00  0.0    0  8.1 18 230   M    M   0        23 230
27   M   M   M   M   M   M    M    M    0   M   M   M   M    M   M 38      M  M
28   M   M   M   M   M   M    M    M    M   M   M   M   M    M   M         M  M
29   M   M   M   M   M   M 0.00  0.0    0   M   M   M   M    M   0         M  M
30   M   M   M   M   M   M 0.00  0.0    0   M   M   M   M    M   0         M  M
================================================================================
SM 2821 2151         0 801    T      0.0 250.4          M        6
================================================================================
AV108.5 82.7                               9.6 FASTST   M    M   0    MAX(MPH)
                                 MISC ---->  # 49  50               # 59   50
================================================================================
NOTES:
# LAST OF SEVERAL OCCURRENCES

COLUMN 17 PEAK WIND IN M.P.H.

PRELIMINARY LOCAL CLIMATOLOGICAL DATA (WS FORM: F-6) , PAGE 2

                                          STATION:  BLYTHE CA
                                          MONTH:    JULY
                                          YEAR:     2014
                                          LATITUDE:   33 37 N
                                          LONGITUDE: 114 43 W

[TEMPERATURE DATA]      [PRECIPITATION DATA]       SYMBOLS USED IN COLUMN 16

AVERAGE MONTHLY: 95.6   TOTAL FOR MONTH:      T    1 = FOG OR MIST
DPTR FM NORMAL:   1.2   DPTR FM NORMAL:   -0.25    2 = FOG REDUCING VISIBILITY
HIGHEST:   116 ON 24,23 GRTST 24HR    T  ON 24-24      TO 1/4 MILE OR LESS
LOWEST:     75 ON 22,21                            3 = THUNDER
                        SNOW, ICE PELLETS, HAIL    4 = ICE PELLETS
                        TOTAL MONTH:   0.0 INCH    5 = HAIL
                        GRTST 24HR     0.0         6 = FREEZING RAIN OR DRIZZLE
                        GRTST DEPTH:   0           7 = DUSTSTORM OR SANDSTORM:
                                                       VSBY 1/2 MILE OR LESS
                                                   8 = SMOKE OR HAZE
[NO. OF DAYS WITH]      [WEATHER - DAYS WITH]      9 = BLOWING SNOW
                                                   X = TORNADO
MAX 32 OR BELOW:   0    0.01 INCH OR MORE:   0
MAX 90 OR ABOVE:  26    0.10 INCH OR MORE:   0
MIN 32 OR BELOW:   0    0.50 INCH OR MORE:   0
MIN  0 OR BELOW:   0    1.00 INCH OR MORE:   0

[HDD (BASE 65) ]
TOTAL THIS MO.     0    CLEAR  (SCALE 0-3)  28
DPTR FM NORMAL     0    PTCLDY (SCALE 4-7)   0
TOTAL FM JUL 1     0    CLOUDY (SCALE 8-10)  0
DPTR FM NORMAL     0

[CDD (BASE 65) ]
TOTAL THIS MO.   801
DPTR FM NORMAL   -81    [PRESSURE DATA]
TOTAL FM JAN 1  2480    HIGHEST SLP M ON M
DPTR FM NORMAL   127    LOWEST  SLP 29.61 ON 24

[REMARKS]




U.S. Dept. of Commerce
NOAA National Weather Service
1325 East West Highway
Silver Spring, MD 20910
E-mail: w-nws.webmaster@noaa.gov
Page last modified: May 16, 2007
NATIONAL WEATHER SERVICE: for Safety, for Work, for Fun - FOR LIFE