697
CXUS55 KPSR 011005
CF6BLH
PRELIMINARY LOCAL CLIMATOLOGICAL DATA (WS FORM: F-6)

                                          STATION:   BLYTHE CA
                                          MONTH:     AUGUST
                                          YEAR:      2014
                                          LATITUDE:   33 37 N
                                          LONGITUDE: 114 43 W

  TEMPERATURE IN F:       :PCPN:    SNOW:  WIND      :SUNSHINE: SKY     :PK WND
================================================================================
1   2   3   4   5  6A  6B    7    8   9   10  11  12  13   14  15   16   17  18
                                     12Z  AVG MX 2MIN
DY MAX MIN AVG DEP HDD CDD  WTR  SNW DPTH SPD SPD DIR MIN PSBL S-S WX    SPD DR
================================================================================

 1   M   M   M   M   M   M 0.00  0.0    0   M   M   M   M    M   0         M  M
 2   M   M   M   M   M   M 0.00  0.0    0   M   M   M   M    M   0         M  M
 3   M   M   M   M   M   M 0.00  0.0    0   M   M   M   M    M   0 3       M  M
 4   M   M   M   M   M   M 0.00  0.0    0   M   M   M   M    M   0         M  M
 5 107   M   M   M   M   M 0.00  0.0    0  8.7 17 240   M    M   0        17 220
 6 106  75  91  -3   0  26 0.00  0.0    0  6.6 21 160   M    M   0 8      27 140
 7 105  72  89  -5   0  24 0.00  0.0    0  9.4 18 170   M    M   0        24 170
 8 104  74  89  -5   0  24 0.00  0.0    0  8.4 17 190   M    M   0        24 180
 9 105  78  92  -2   0  27 0.00  0.0    0  7.7 16 190   M    M   0        21 160
10 107  83  95   1   0  30 0.00  0.0    0  8.1 16 160   M    M   0        19 160
11 109  86  98   4   0  33 0.00  0.0    0  8.5 15 150   M    M   1        21 170
12 101  84  93  -1   0  28 0.00  0.0    0  9.7 25  60   M    M   3 3      23 110
13  99  75  87  -7   0  22 0.00  0.0    0  7.2 24  30   M    M   2 3      33  30
14 105  83  94   0   0  29 0.00  0.0    0  8.4 25 190   M    M   0        32 180
15 107  82  95   1   0  30 0.00  0.0    0  8.9 20 190   M    M   0        23 210
16 108  85  97   3   0  32 0.00  0.0    0  9.1 16 210   M    M   0        21 170
17 111  88 100   6   0  35 0.00  0.0    0  7.9 15 140   M    M   0        20 140
18  98  82  90  -3   0  25 0.02  0.0    0 13.2 27 140   M    M   1 3      35 140
19 106  82  94   1   0  29 0.00  0.0    0 12.7 24 230   M    M   1        29 250
20 101  80  91  -2   0  26 0.15  0.0    0  9.4 33 120   M    M   0 3      42 120
21  99  69  84  -9   0  19 0.32  0.0    0 10.5 47 230   M    M   1 138    56 230
22  92  68  80 -13   0  15 0.00  0.0    0  3.2 14 210   M    M   0        17 190
23 100  74  87  -6   0  22 0.00  0.0    0  8.8 20 150   M    M   0        25 150
24 103  72  88  -5   0  23 0.00  0.0    0  8.0 17 190   M    M   0        22 190
25 104  81  93   0   0  28 0.00  0.0    0 12.6 22 160   M    M   0        26 150
26 103  83  93   1   0  28 0.00  0.0    0 10.6 20 160   M    M   0 8      24 150
27 104  79  92   0   0  27 0.00  0.0    0  5.0 13 190   M    M   0        21 180
28 109  79  94   2   0  29 0.00  0.0    0  5.3 14  80   M    M   0        22 360
29 111  76  94   2   0  29 0.00  0.0    0  4.0 14 150   M    M   0        17 190
30 112  76  94   2   0  29 0.00  0.0    0  8.0 20 200   M    M   0        30 200
31 111  80  96   4   0  31 0.00  0.0    0 10.6 22 200   M    M   0        26 190
================================================================================
SM 2827 2046         0 700  0.49     0.0 230.5          M        9
================================================================================
AV104.7 78.7                               8.5 FASTST   M    M   0    MAX(MPH)
                                 MISC ---->  # 47 230               # 56  230
================================================================================
NOTES:
# LAST OF SEVERAL OCCURRENCES

COLUMN 17 PEAK WIND IN M.P.H.

PRELIMINARY LOCAL CLIMATOLOGICAL DATA (WS FORM: F-6) , PAGE 2

                                          STATION:  BLYTHE CA
                                          MONTH:    AUGUST
                                          YEAR:     2014
                                          LATITUDE:   33 37 N
                                          LONGITUDE: 114 43 W

[TEMPERATURE DATA]      [PRECIPITATION DATA]       SYMBOLS USED IN COLUMN 16

AVERAGE MONTHLY: 91.7   TOTAL FOR MONTH:   0.49    1 = FOG OR MIST
DPTR FM NORMAL:  -1.7   DPTR FM NORMAL:   -0.04    2 = FOG REDUCING VISIBILITY
HIGHEST:   112 ON 30    GRTST 24HR  0.32 ON 21-21      TO 1/4 MILE OR LESS
LOWEST:     68 ON 22                               3 = THUNDER
                        SNOW, ICE PELLETS, HAIL    4 = ICE PELLETS
                        TOTAL MONTH:   0.0 INCH    5 = HAIL
                        GRTST 24HR     0.0         6 = FREEZING RAIN OR DRIZZLE
                        GRTST DEPTH:   0           7 = DUSTSTORM OR SANDSTORM:
                                                       VSBY 1/2 MILE OR LESS
                                                   8 = SMOKE OR HAZE
[NO. OF DAYS WITH]      [WEATHER - DAYS WITH]      9 = BLOWING SNOW
                                                   X = TORNADO
MAX 32 OR BELOW:   0    0.01 INCH OR MORE:   3
MAX 90 OR ABOVE:  27    0.10 INCH OR MORE:   2
MIN 32 OR BELOW:   0    0.50 INCH OR MORE:   0
MIN  0 OR BELOW:   0    1.00 INCH OR MORE:   0

[HDD (BASE 65) ]
TOTAL THIS MO.     0    CLEAR  (SCALE 0-3)  31
DPTR FM NORMAL     0    PTCLDY (SCALE 4-7)   0
TOTAL FM JUL 1     0    CLOUDY (SCALE 8-10)  0
DPTR FM NORMAL     0

[CDD (BASE 65) ]
TOTAL THIS MO.   700
DPTR FM NORMAL  -180    [PRESSURE DATA]
TOTAL FM JAN 1  3180    HIGHEST SLP 29.97 ON 27
DPTR FM NORMAL   -78    LOWEST  SLP 29.63 ON 30

[REMARKS]
#FINAL-08-14#




U.S. Dept. of Commerce
NOAA National Weather Service
1325 East West Highway
Silver Spring, MD 20910
E-mail: w-nws.webmaster@noaa.gov
Page last modified: May 16, 2007
NATIONAL WEATHER SERVICE: for Safety, for Work, for Fun - FOR LIFE