974
CXUS55 KPSR 241005
CF6BLH
PRELIMINARY LOCAL CLIMATOLOGICAL DATA (WS FORM: F-6)

                                          STATION:   BLYTHE CA
                                          MONTH:     APRIL
                                          YEAR:      2014
                                          LATITUDE:   33 37 N
                                          LONGITUDE: 114 43 W

  TEMPERATURE IN F:       :PCPN:    SNOW:  WIND      :SUNSHINE: SKY     :PK WND
================================================================================
1   2   3   4   5  6A  6B    7    8   9   10  11  12  13   14  15   16   17  18
                                     12Z  AVG MX 2MIN
DY MAX MIN AVG DEP HDD CDD  WTR  SNW DPTH SPD SPD DIR MIN PSBL S-S WX    SPD DR
================================================================================

 1  77  54  66  -2   0   1 0.00  0.0    0 15.6 31 230   M    M   0        37 250
 2  71  50  61  -7   4   0 0.00  0.0    0 10.5 29 270   M    M   1        35 260
 3  76  48  62  -6   3   0 0.00  0.0    0  5.3 13 210   M    M   0        19  80
 4  81  46  64  -4   1   0 0.00  0.0    0  7.5 23 250   M    M   0        26 220
 5  79  51  65  -3   0   0 0.00  0.0    0  5.0 13 310   M    M   0        16 320
 6  86  58  72   3   0   7 0.00  0.0    0 12.0 25 330   M    M   0        34 330
 7  90  53  72   3   0   7 0.00  0.0    0  7.5 22 350   M    M   0        25 360
 8  95  56  76   7   0  11 0.00  0.0    0  3.9 10 180   M    M   0        13 190
 9  98  59  79   9   0  14 0.00  0.0    0  5.3 15 240   M    M   0        17 240
10  99  62  81  11   0  16 0.00  0.0    0  7.2 17 230   M    M   0        19 230
11  99  67  83  13   0  18 0.00  0.0    0  8.8 21 210   M    M   0        27 190
12  91  58  75   5   0  10 0.00  0.0    0 10.7 24 230   M    M   0 8      29 230
13  92  58  75   4   0  10 0.00  0.0    0  8.0 22 230   M    M   0        27 230
14  87  63  75   4   0  10 0.00  0.0    0  9.2 20  60   M    M   0        27  80
15  91  54  73   2   0   8 0.00  0.0    0  4.1 12 140   M    M   0        14 120
16  95  61  78   7   0  13 0.00  0.0    0  7.1 21 200   M    M   0        24 200
17  92  60  76   4   0  11 0.00  0.0    0 10.3 21 190   M    M   0        26 200
18  85  65  75   3   0  10    T  0.0    0  7.2 24 150   M    M   3        32 200
19  89  66  78   6   0  13 0.00  0.0    0  5.6 15 240   M    M   2        18 230
20  94  67  81   8   0  16 0.00  0.0    0  7.1 14 170   M    M   0        21 180
21  99  65  82   9   0  17 0.00  0.0    0  8.1 21 190   M    M   0        25 200
22  93  65  79   6   0  14 0.00  0.0    0 14.4 29 240   M    M   0        37 250
23  88  58  73  -1   0   8 0.00  0.0    0  6.9 20 330   M    M   0        25 340
================================================================================
SM 2047 1344         8 214    T      0.0 187.3          M        6
================================================================================
AV 89.0 58.4                               8.1 FASTST   M    M   0    MAX(MPH)
                                 MISC ---->  # 31 230               # 37  250
================================================================================
NOTES:
# LAST OF SEVERAL OCCURRENCES

COLUMN 17 PEAK WIND IN M.P.H.

PRELIMINARY LOCAL CLIMATOLOGICAL DATA (WS FORM: F-6) , PAGE 2

                                          STATION:  BLYTHE CA
                                          MONTH:    APRIL
                                          YEAR:     2014
                                          LATITUDE:   33 37 N
                                          LONGITUDE: 114 43 W

[TEMPERATURE DATA]      [PRECIPITATION DATA]       SYMBOLS USED IN COLUMN 16

AVERAGE MONTHLY: 73.7   TOTAL FOR MONTH:      T    1 = FOG OR MIST
DPTR FM NORMAL:   3.3   DPTR FM NORMAL:   -0.08    2 = FOG REDUCING VISIBILITY
HIGHEST:    99 ON 21,11 GRTST 24HR    T  ON 18-18      TO 1/4 MILE OR LESS
LOWEST:     46 ON  4                               3 = THUNDER
                        SNOW, ICE PELLETS, HAIL    4 = ICE PELLETS
                        TOTAL MONTH:   0.0 INCH    5 = HAIL
                        GRTST 24HR     0.0         6 = FREEZING RAIN OR DRIZZLE
                        GRTST DEPTH:   0           7 = DUSTSTORM OR SANDSTORM:
                                                       VSBY 1/2 MILE OR LESS
                                                   8 = SMOKE OR HAZE
[NO. OF DAYS WITH]      [WEATHER - DAYS WITH]      9 = BLOWING SNOW
                                                   X = TORNADO
MAX 32 OR BELOW:   0    0.01 INCH OR MORE:   0
MAX 90 OR ABOVE:  13    0.10 INCH OR MORE:   0
MIN 32 OR BELOW:   0    0.50 INCH OR MORE:   0
MIN  0 OR BELOW:   0    1.00 INCH OR MORE:   0

[HDD (BASE 65) ]
TOTAL THIS MO.     8    CLEAR  (SCALE 0-3)  23
DPTR FM NORMAL    -9    PTCLDY (SCALE 4-7)   0
TOTAL FM JUL 1   691    CLOUDY (SCALE 8-10)  0
DPTR FM NORMAL  -403

[CDD (BASE 65) ]
TOTAL THIS MO.   214
DPTR FM NORMAL    71    [PRESSURE DATA]
TOTAL FM JAN 1   357    HIGHEST SLP M ON M
DPTR FM NORMAL   133    LOWEST  SLP 29.60 ON 22

[REMARKS]




U.S. Dept. of Commerce
NOAA National Weather Service
1325 East West Highway
Silver Spring, MD 20910
E-mail: w-nws.webmaster@noaa.gov
Page last modified: May 16, 2007
NATIONAL WEATHER SERVICE: for Safety, for Work, for Fun - FOR LIFE