580
CXUS55 KPSR 011005
CF6BLH
PRELIMINARY LOCAL CLIMATOLOGICAL DATA (WS FORM: F-6)

                                          STATION:   BLYTHE CA
                                          MONTH:     NOVEMBER
                                          YEAR:      2014
                                          LATITUDE:   33 37 N
                                          LONGITUDE: 114 43 W

  TEMPERATURE IN F:       :PCPN:    SNOW:  WIND      :SUNSHINE: SKY     :PK WND
================================================================================
1   2   3   4   5  6A  6B    7    8   9   10  11  12  13   14  15   16   17  18
                                     12Z  AVG MX 2MIN
DY MAX MIN AVG DEP HDD CDD  WTR  SNW DPTH SPD SPD DIR MIN PSBL S-S WX    SPD DR
================================================================================

 1  78  60  69   1   0   4 0.00  0.0    0 14.3 28 260   M    M   3 8      34 270
 2  74  52  63  -5   2   0 0.00  0.0    0  6.5 14 290   M    M   0         M  M
 3  75  53  64  -3   1   0 0.00  0.0    0 11.4 23 350   M    M   0        28 360
 4  78  60  69   2   0   4 0.00  0.0    0 17.2 30 360   M    M   0        37 350
 5  84  54  69   2   0   4 0.00  0.0    0  6.0 17 350   M    M   0        26 340
 6  87  51  69   3   0   4 0.00  0.0    0  5.6 14  40   M    M   0        18  10
 7  86  53  70   4   0   5 0.00  0.0    0  3.0  9 330   M    M   0        10 280
 8  89  54  72   7   0   7 0.00  0.0    0  2.4 10 330   M    M   0        11 330
 9  88  54  71   6   0   6 0.00  0.0    0  2.5  8 160   M    M   0        10 150
10  88  53  71   7   0   6 0.00  0.0    0  8.3 21 200   M    M   0        28 190
11  83  54  69   5   0   4 0.00  0.0    0  8.6 20 180   M    M   0        22 190
12  79  54  67   3   0   2 0.00  0.0    0  3.7 10 180   M    M   0        12 170
13  78  52  65   2   0   0 0.00  0.0    0  7.3 17 170   M    M   0        20 180
14  77  55  66   3   0   1 0.00  0.0    0  4.0 13 190   M    M   0        15 190
15  81  50  66   4   0   1 0.00  0.0    0  6.6 18 240   M    M   0        23 230
16  67  53  60  -2   5   0 0.00  0.0    0 21.2 43 360   M    M   1 8      51 360
17  70  43  57  -4   8   0 0.00  0.0    0  9.3 14 340   M    M   0        22  40
18  71  44  58  -3   7   0 0.00  0.0    0  4.0 10 100   M    M   0        13  30
19  73  41  57  -3   8   0 0.00  0.0    0  2.4  8 340   M    M   0         8 340
20  74  43  59  -1   6   0 0.00  0.0    0  2.8  8 330   M    M   0         9 320
21  75  51  63   3   2   0 0.00  0.0    0  5.5 17 350   M    M   0        21 340
22  76  44  60   1   5   0 0.00  0.0    0  6.1 14 210   M    M   0        17 210
23  74  54  64   5   1   0 0.00  0.0    0 15.0 33  10   M    M   1 8      41  10
24  74  42  58   0   7   0 0.00  0.0    0  9.3 24 350   M    M   0        31 350
25  71  43  57  -1   8   0 0.00  0.0    0  4.3 12 250   M    M   0        12 340
26  76  44  60   2   5   0 0.00  0.0    0  4.1 10 340   M    M   0        12 250
27  80  47  64   7   1   0 0.00  0.0    0  2.9  9 340   M    M   0        10  50
28  78  45  62   5   3   0 0.00  0.0    0  2.9  9 330   M    M   0        10 340
29  77  43  60   4   5   0 0.00  0.0    0  3.7 12 260   M    M   0        13 180
30  77  49  63   7   2   0 0.00  0.0    0  8.5 21 240   M    M   0        28 180
================================================================================
SM 2338 1495        76  48  0.00     0.0 209.4          M        5
================================================================================
AV 77.9 49.8                               7.0 FASTST   M    M   0    MAX(MPH)
                                 MISC ---->  # 43 360               # 51  360
================================================================================
NOTES:
# LAST OF SEVERAL OCCURRENCES

COLUMN 17 PEAK WIND IN M.P.H.

PRELIMINARY LOCAL CLIMATOLOGICAL DATA (WS FORM: F-6) , PAGE 2

                                          STATION:  BLYTHE CA
                                          MONTH:    NOVEMBER
                                          YEAR:     2014
                                          LATITUDE:   33 37 N
                                          LONGITUDE: 114 43 W

[TEMPERATURE DATA]      [PRECIPITATION DATA]       SYMBOLS USED IN COLUMN 16

AVERAGE MONTHLY: 63.9   TOTAL FOR MONTH:   0.00    1 = FOG OR MIST
DPTR FM NORMAL:   1.9   DPTR FM NORMAL:   -0.25    2 = FOG REDUCING VISIBILITY
HIGHEST:    89 ON  8    GRTST 24HR    T  ON 15-16      TO 1/4 MILE OR LESS
LOWEST:     41 ON 19                               3 = THUNDER
                        SNOW, ICE PELLETS, HAIL    4 = ICE PELLETS
                        TOTAL MONTH:   0.0 INCH    5 = HAIL
                        GRTST 24HR     0.0         6 = FREEZING RAIN OR DRIZZLE
                        GRTST DEPTH:   0           7 = DUSTSTORM OR SANDSTORM:
                                                       VSBY 1/2 MILE OR LESS
                                                   8 = SMOKE OR HAZE
[NO. OF DAYS WITH]      [WEATHER - DAYS WITH]      9 = BLOWING SNOW
                                                   X = TORNADO
MAX 32 OR BELOW:   0    0.01 INCH OR MORE:   0
MAX 90 OR ABOVE:   0    0.10 INCH OR MORE:   0
MIN 32 OR BELOW:   0    0.50 INCH OR MORE:   0
MIN  0 OR BELOW:   0    1.00 INCH OR MORE:   0

[HDD (BASE 65) ]
TOTAL THIS MO.    76    CLEAR  (SCALE 0-3)  30
DPTR FM NORMAL   -56    PTCLDY (SCALE 4-7)   0
TOTAL FM JUL 1    76    CLOUDY (SCALE 8-10)  0
DPTR FM NORMAL   -63

[CDD (BASE 65) ]
TOTAL THIS MO.    48
DPTR FM NORMAL     6    [PRESSURE DATA]
TOTAL FM JAN 1  4375    HIGHEST SLP M ON M
DPTR FM NORMAL   123    LOWEST  SLP 29.69 ON 10

[REMARKS]
#FINAL-11-14#




U.S. Dept. of Commerce
NOAA National Weather Service
1325 East West Highway
Silver Spring, MD 20910
E-mail: w-nws.webmaster@noaa.gov
Page last modified: May 16, 2007
NATIONAL WEATHER SERVICE: for Safety, for Work, for Fun - FOR LIFE