734
CXUS51 KRNK 291025
CF6BLF
PRELIMINARY LOCAL CLIMATOLOGICAL DATA (WS FORM: F-6)

                                          STATION:   BLUEFIELD WV
                                          MONTH:     JANUARY
                                          YEAR:      2015
                                          LATITUDE:   37 17 N
                                          LONGITUDE:  81 12 W

  TEMPERATURE IN F:       :PCPN:    SNOW:  WIND      :SUNSHINE: SKY     :PK WND
================================================================================
1   2   3   4   5  6A  6B    7    8   9   10  11  12  13   14  15   16   17  18
                                     12Z  AVG MX 2MIN
DY MAX MIN AVG DEP HDD CDD  WTR  SNW DPTH SPD SPD DIR MIN PSBL S-S WX    SPD DR
================================================================================

 1  37  21  29  -5  36   0 0.00  0.0    0 12.4 23 270   M    M   5        34 260
 2  38  33  36   2  29   0 0.00  0.0    0  6.3 18 260   M    M  10 18     27 260
 3  56  38  47  13  18   0 0.06  0.0    0  9.9 23 150   M    M   9 1      40 150
 4  64  34  49  15  16   0 0.48    T    0 15.8 31 210   M    M   9 1      50 230
 5  34  21  28  -6  37   0 0.00  0.0    0 12.7 24 300   M    M   4        37 290
 6  37  22  30  -4  35   0    T    T    0 12.4 23 270   M    M   8        32 270
 7  25   1  13 -21  52   0    T  0.9    1 14.7 26 310   M    M   9        38 310
 8  31  -2  15 -19  50   0    T    T    T  7.9 17 180   M    M   5        23 180
 9  32  16  24 -10  41   0 0.00  0.0    0 15.5 37 240   M    M   5        50 250
10  31   7  19 -15  46   0 0.00  0.0    0  6.3 18 310   M    M   0        27 320
11  50  21  36   2  29   0    T  0.0    0  3.5 10 150   M    M   4        15 140
12  56  37  47  13  18   0 0.20  0.0    0  5.7 14 170   M    M   9 12     23 150
13  36  29  33  -1  32   0    T    T    0  5.3 12 120   M    M  10 12     17 130
14  33  27  30  -4  35   0 0.01  0.1    0  5.6 14 270   M    M  10 126    19 270
15  35  24  30  -4  35   0    T    T    0  6.0 15 300   M    M  10 12     22 280
16  37  28  33  -1  32   0    T    T    0 10.4 18 280   M    M   6 1      28 280
17  52  29  41   7  24   0 0.00  0.0    0  7.8 17 180   M    M   0        26 160
18  45  38  42   8  23   0    T    T    0 12.6 26 270   M    M   6        35 300
19  54  32  43   9  22   0 0.00  0.0    0  8.8 17 270   M    M   1        30 310
20  57  39  48  14  17   0 0.00  0.0    0  6.8 25 250   M    M   1        31 240
21  49  36  43   9  22   0    T    T    0  6.8 20 260   M    M   4        24 240
22  42  29  36   2  29   0 0.00  0.0    0  6.2 13 300   M    M   3        17 270
23  36  29  33  -1  32   0 0.61    T    0  6.6 20 170   M    M  10 146    26 170
24  34  29  32  -2  33   0 0.04  0.4    0 11.4 23 280   M    M   9 12468  33 290
25  48  29  39   5  26   0 0.00  0.0    0  5.3 15 280   M    M   4 1      21 280
26  43  22  33  -1  32   0 0.03  0.2    0  8.2 17 280   M    M  10 1      24 300
27  31  18  25  -9  40   0    T    T    0 10.9 18 300   M    M   5        27 300
28  36  18  27  -8  38   0    T    T    0  5.8 14 300   M    M   4        18 290
================================================================================
SM 1159  705       879   0  1.43     1.6 247.6          M      170
================================================================================
AV 41.4 25.2                               8.8 FASTST   M    M   6    MAX(MPH)
                                 MISC ---->  # 37 240               # 50  230
================================================================================
NOTES:
# LAST OF SEVERAL OCCURRENCES

COLUMN 17 PEAK WIND IN M.P.H.

PRELIMINARY LOCAL CLIMATOLOGICAL DATA (WS FORM: F-6) , PAGE 2

                                          STATION:  BLUEFIELD WV
                                          MONTH:    JANUARY
                                          YEAR:     2015
                                          LATITUDE:   37 17 N
                                          LONGITUDE:  81 12 W

[TEMPERATURE DATA]      [PRECIPITATION DATA]       SYMBOLS USED IN COLUMN 16

AVERAGE MONTHLY: 33.3   TOTAL FOR MONTH:   1.43    1 = FOG OR MIST
DPTR FM NORMAL:  -0.8   DPTR FM NORMAL:   -1.20    2 = FOG REDUCING VISIBILITY
HIGHEST:    64 ON  4    GRTST 24HR  0.65 ON 23-24      TO 1/4 MILE OR LESS
LOWEST:     -2 ON  8                               3 = THUNDER
                        SNOW, ICE PELLETS, HAIL    4 = ICE PELLETS
                        TOTAL MONTH:   1.6 INCHES  5 = HAIL
                        GRTST 24HR   0.9 ON   M    6 = FREEZING RAIN OR DRIZZLE
                        GRTST DEPTH:   1 ON  7     7 = DUSTSTORM OR SANDSTORM:
                                                       VSBY 1/2 MILE OR LESS
                                                   8 = SMOKE OR HAZE
[NO. OF DAYS WITH]      [WEATHER - DAYS WITH]      9 = BLOWING SNOW
                                                   X = TORNADO
MAX 32 OR BELOW:   5    0.01 INCH OR MORE:   7
MAX 90 OR ABOVE:   0    0.10 INCH OR MORE:   3
MIN 32 OR BELOW:  21    0.50 INCH OR MORE:   1
MIN  0 OR BELOW:   1    1.00 INCH OR MORE:   0

[HDD (BASE 65) ]
TOTAL THIS MO.   879    CLEAR  (SCALE 0-3)   4
DPTR FM NORMAL    13    PTCLDY (SCALE 4-7)  13
TOTAL FM JUL 1  2747    CLOUDY (SCALE 8-10) 11
DPTR FM NORMAL   116

[CDD (BASE 65) ]
TOTAL THIS MO.     0
DPTR FM NORMAL     0    [PRESSURE DATA]
TOTAL FM JAN 1     0    HIGHEST SLP M ON M
DPTR FM NORMAL     0    LOWEST  SLP 29.56 ON 24

[REMARKS]




U.S. Dept. of Commerce
NOAA National Weather Service
1325 East West Highway
Silver Spring, MD 20910
E-mail: w-nws.webmaster@noaa.gov
Page last modified: May 16, 2007
NATIONAL WEATHER SERVICE: for Safety, for Work, for Fun - FOR LIFE