885
CXUS51 KRNK 010939 CCA
CF6BLF

PRELIMINARY LOCAL CLIMATOLOGICAL DATA (WS FORM: F-6)

                                          STATION:   BLUEFIELD WV
                                          MONTH:     JULY
                                          YEAR:      2014
                                          LATITUDE:   37 17 N
                                          LONGITUDE:  81 12 W

  TEMPERATURE IN F:       :PCPN:    SNOW:  WIND      :SUNSHINE: SKY     :PK WND
================================================================================
1   2   3   4   5  6A  6B    7    8   9   10  11  12  13   14  15   16   17  18
                                     12Z  AVG MX 2MIN
DY MAX MIN AVG DEP HDD CDD  WTR  SNW DPTH SPD SPD DIR MIN PSBL S-S WX    SPD DR
================================================================================

 1  86  67  77   5   0  12 0.00  0.0    0  7.1 17 240   M    M   2        23 220
 2  86  69  78   5   0  13 0.08  0.0    0  5.7 17 300   M    M   3 3      25 310
 3  80  61  71  -2   0   6 0.00  0.0    0  6.3 16 290   M    M   6 1      22 290
 4  74  57  66  -7   0   1 0.00  0.0    0  5.8 14 360   M    M   4        22 360
 5  80  54  67  -6   0   2 0.00  0.0    0  3.0 10 170   M    M   0        16 160
 6  82  61  72  -1   0   7 0.00  0.0    0  6.3 14 240   M    M   3        18 260
 7  85  64  75   2   0  10 0.00  0.0    0  9.7 18 260   M    M   1        26 250
 8  84  67  76   3   0  11 0.05  0.0    0 10.6 28 260   M    M   3 3      39 280
 9  78  67  73   0   0   8 0.31  0.0    0  6.6 16 280   M    M   7 13     24 280
10  82  63  73   0   0   8 0.00  0.0    0  3.5  9 310   M    M   3        13 310
11  85  61  73   0   0   8 0.00  0.0    0  2.3 12 280   M    M   2        14 260
12  87  66  77   4   0  12 0.00  0.0    0  3.1 13 310   M    M   2        17 360
13  86  71  79   6   0  14 0.00  0.0    0  8.1 17 260   M    M   6        23 270
14  83  68  76   3   0  11 0.11  0.0    0  8.5 22 240   M    M   4 13     29 240
15  74  60  67  -6   0   2 0.45  0.0    0  7.8 15 300   M    M   7 1      21 310
16  73  53  63 -10   2   0 0.00  0.0    0  4.5 12 310   M    M   5 12     16 310
17  77  53  65  -8   0   0 0.00  0.0    0  4.2 12 310   M    M   1        18 330
18  68  58  63 -10   2   0 0.04  0.0    0  3.4 10 120   M    M   7        18 160
19  65  62  64  -9   1   0 0.28  0.0    0  6.1 15 140   M    M  10        22 120
20  77  62  70  -3   0   5 0.08  0.0    0  3.3 10 130   M    M   8 3      17 150
21  84  68  76   3   0  11 0.00  0.0    0  4.7 12 130   M    M   4        16 130
22  85  68  77   4   0  12 0.00  0.0    0  4.2 10 200   M    M   3        14 150
23  83  67  75   2   0  10    T  0.0    0  6.5 13 260   M    M   2 3      17 250
24  81  62  72  -1   0   7 0.48  0.0    0  5.1 16 310   M    M   9 13     25 300
25  78  57  68  -5   0   3 0.00  0.0    0  2.9 13 290   M    M   5 1      19 280
26  84  63  74   1   0   9 0.00  0.0    0  6.1 14 260   M    M   2        19 250
27  77  67  72  -1   0   7 0.82  0.0    0  9.9 24 230   M    M   5 13     37 240
28  70  61  66  -7   0   1 0.12  0.0    0  9.8 20 290   M    M   8 1      28 310
29  71  54  63 -10   2   0 0.04  0.0    0  6.6 14 270   M    M   6 1      19 310
30  74  53  64  -9   1   0 0.00  0.0    0  3.7 13 250   M    M   1        15 240
31  80  58  69  -4   0   4 0.09  0.0    0  3.5 13 220   M    M   3 138    18 230
================================================================================
SM 2459 1922         8 194  2.95     0.0 178.9          M      132
================================================================================
AV 79.3 62.0                               5.8 FASTST   M    M   4    MAX(MPH)
                                 MISC ---->  # 28 260               # 39  280
================================================================================
NOTES:
# LAST OF SEVERAL OCCURRENCES

COLUMN 17 PEAK WIND IN M.P.H.

PRELIMINARY LOCAL CLIMATOLOGICAL DATA (WS FORM: F-6) , PAGE 2

                                          STATION:  BLUEFIELD WV
                                          MONTH:    JULY
                                          YEAR:     2014
                                          LATITUDE:   37 17 N
                                          LONGITUDE:  81 12 W

[TEMPERATURE DATA]      [PRECIPITATION DATA]       SYMBOLS USED IN COLUMN 16

AVERAGE MONTHLY: 70.7   TOTAL FOR MONTH:   2.95    1 = FOG OR MIST
DPTR FM NORMAL:  -2.3   DPTR FM NORMAL:   -1.22    2 = FOG REDUCING VISIBILITY
HIGHEST:    87 ON 12    GRTST 24HR  0.93 ON 27-28      TO 1/4 MILE OR LESS
LOWEST:     53 ON 30,17                            3 = THUNDER
                        SNOW, ICE PELLETS, HAIL    4 = ICE PELLETS
                        TOTAL MONTH:   0.0 INCH    5 = HAIL
                        GRTST 24HR     0.0         6 = FREEZING RAIN OR DRIZZLE
                        GRTST DEPTH:   0           7 = DUSTSTORM OR SANDSTORM:
                                                       VSBY 1/2 MILE OR LESS
                                                   8 = SMOKE OR HAZE
[NO. OF DAYS WITH]      [WEATHER - DAYS WITH]      9 = BLOWING SNOW
                                                   X = TORNADO
MAX 32 OR BELOW:   0    0.01 INCH OR MORE:  13
MAX 90 OR ABOVE:   0    0.10 INCH OR MORE:   7
MIN 32 OR BELOW:   0    0.50 INCH OR MORE:   1
MIN  0 OR BELOW:   0    1.00 INCH OR MORE:   0

[HDD (BASE 65) ]
TOTAL THIS MO.     8    CLEAR  (SCALE 0-3)  12
DPTR FM NORMAL     6    PTCLDY (SCALE 4-7)  15
TOTAL FM JUL 1     8    CLOUDY (SCALE 8-10)  4
DPTR FM NORMAL     6

[CDD (BASE 65) ]
TOTAL THIS MO.   194
DPTR FM NORMAL   -54    [PRESSURE DATA]
TOTAL FM JAN 1   544    HIGHEST SLP 30.31 ON  5
DPTR FM NORMAL    39    LOWEST  SLP 29.73 ON 27

[REMARKS]
DUE TO A POWER FAILURE CAUSING A MISSING LOW TEMPERATURE
ON MAY 30...THE SEASONAL TOTAL AND DEPARTURE FROM NORMAL FOR CDD
WILL BE CALCULATED WITHOUT DATA FROM THAT DATE.
#FINAL-07-14#




U.S. Dept. of Commerce
NOAA National Weather Service
1325 East West Highway
Silver Spring, MD 20910
E-mail: w-nws.webmaster@noaa.gov
Page last modified: May 16, 2007
NATIONAL WEATHER SERVICE: for Safety, for Work, for Fun - FOR LIFE