462
CXUS51 KRLX 311400
CF6BKW
PRELIMINARY LOCAL CLIMATOLOGICAL DATA (WS FORM: F-6)

                                          STATION:   BECKLEY WV
                                          MONTH:     JANUARY
                                          YEAR:      2015
                                          LATITUDE:   37 46 N
                                          LONGITUDE:  81  7 W

  TEMPERATURE IN F:       :PCPN:    SNOW:  WIND      :SUNSHINE: SKY     :PK WND
================================================================================
1   2   3   4   5  6A  6B    7    8   9   10  11  12  13   14  15   16   17  18
                                     12Z  AVG MX 2MIN
DY MAX MIN AVG DEP HDD CDD  WTR  SNW DPTH SPD SPD DIR MIN PSBL S-S WX    SPD DR
================================================================================

 1  33  19  26  -5  39   0 0.00  0.0    0  9.0 18 250   M    M   3        26 240
 2  38  31  35   4  30   0 0.00  0.0    0  4.6 13 270   M    M   9 18     19 280
 3  49  38  44  13  21   0 0.08  0.0    0 14.5 23 130   M    M   9 1      33 140
 4  61  33  47  16  18   0 0.41  0.0    0 15.0 28 220   M    M   8 1      38 190
 5  33  20  27  -4  38   0 0.00  0.0    0 12.0 26 300   M    M   5        35 290
 6  33  21  27  -4  38   0    T    T    0  9.8 24 260   M    M   9        34 210
 7  23   0  12 -19  53   0 0.07  6.2    3 14.9 23 310   M    M   9 1289   32 340
 8  28  -5  12 -19  53   0    T    T    5  7.1 17 320   M    M   3 8      22 320
 9  28  12  20 -11  45   0 0.00  0.0    4 13.7 26 280   M    M   6        34 280
10  25   3  14 -17  51   0 0.00  0.0    3  5.2 13 290   M    M   0        19 250
11  47  14  31   0  34   0    T  0.0    0  5.4 16 150   M    M   5        21 150
12  50  32  41  10  24   0 0.36  0.0    0  7.9 16 150   M    M  10 12     22 150
13  32  26  29  -2  36   0    T    T    T  8.0 15 120   M    M  10 126    22 120
14  32  24  28  -3  37   0    T    T    0  5.7 10 130   M    M  10 12     16 120
15  32  22  27  -4  38   0 0.01    M    0  6.2 16 250   M    M  10 1      22 250
16  35  24  30  -1  35   0 0.00  0.0    0  7.0 16 290   M    M   6        22 300
17  49  23  36   5  29   0 0.00  0.0    0  9.5 18 160   M    M   0        24 150
18  44  37  41  10  24   0    T  0.0    0 12.0 22 270   M    M   6        30 300
19  51  31  41  10  24   0 0.00  0.0    0  8.1 20 290   M    M   4        29 300
20  54  31  43  12  22   0 0.00  0.0    0  5.4 18 260   M    M   3        27 250
21  47  29  38   7  27   0 0.01  0.0    0  6.2 20 270   M    M   5        25 270
22  37  25  31   0  34   0 0.00  0.0    0  4.6 13 340   M    M   6        15 340
23  36  26  31   0  34   0 0.78    T    0  8.0 18 130   M    M   9 1      27 150
24  34  28  31   0  34   0 0.06  0.4    T  9.8 18 280   M    M   9 1268   26 290
25  45  29  37   6  28   0    T  0.0    M  6.5 13 140   M    M   5 1      18 270
26  41  21  31   0  34   0 0.15  0.5    0  7.3 18 320   M    M  10 1      25 160
27  27  16  22 -10  43   0 0.03  0.7    1 10.4 17 340   M    M   5 1      22 310
28  29  15  22 -10  43   0    T    T    1  6.1 15 350   M    M   6 18     18 360
29  48  25  37   5  28   0 0.13  0.0    0 12.1 22 210   M    M   5 1      27 210
30  34  13  24  -8  41   0 0.14  2.8    1 13.0 25 320   M    M   7 126    35 290
================================================================================
SM 1155  663      1035   0  2.23    10.6 265.0          M      192
================================================================================
AV 38.5 22.1                               8.8 FASTST   M    M   6    MAX(MPH)
                                 MISC ---->  # 28 220               # 38  190
================================================================================
NOTES:
# LAST OF SEVERAL OCCURRENCES

COLUMN 17 PEAK WIND IN M.P.H.

PRELIMINARY LOCAL CLIMATOLOGICAL DATA (WS FORM: F-6) , PAGE 2

                                          STATION:  BECKLEY WV
                                          MONTH:    JANUARY
                                          YEAR:     2015
                                          LATITUDE:   37 46 N
                                          LONGITUDE:  81  7 W

[TEMPERATURE DATA]      [PRECIPITATION DATA]       SYMBOLS USED IN COLUMN 16

AVERAGE MONTHLY: 30.3   TOTAL FOR MONTH:   2.23    1 = FOG OR MIST
DPTR FM NORMAL:  -0.8   DPTR FM NORMAL:   -0.49    2 = FOG REDUCING VISIBILITY
HIGHEST:    61 ON  4    GRTST 24HR  0.84 ON 23-24      TO 1/4 MILE OR LESS
LOWEST:     -5 ON  8                               3 = THUNDER
                        SNOW, ICE PELLETS, HAIL    4 = ICE PELLETS
                        TOTAL MONTH:  10.6 INCHES  5 = HAIL
                        GRTST 24HR   6.2 ON   M    6 = FREEZING RAIN OR DRIZZLE
                        GRTST DEPTH:   5 ON  8     7 = DUSTSTORM OR SANDSTORM:
                                                       VSBY 1/2 MILE OR LESS
                                                   8 = SMOKE OR HAZE
[NO. OF DAYS WITH]      [WEATHER - DAYS WITH]      9 = BLOWING SNOW
                                                   X = TORNADO
MAX 32 OR BELOW:   9    0.01 INCH OR MORE:  12
MAX 90 OR ABOVE:   0    0.10 INCH OR MORE:   6
MIN 32 OR BELOW:  27    0.50 INCH OR MORE:   1
MIN  0 OR BELOW:   2    1.00 INCH OR MORE:   0

[HDD (BASE 65) ]
TOTAL THIS MO.  1035    CLEAR  (SCALE 0-3)   4
DPTR FM NORMAL    18    PTCLDY (SCALE 4-7)  14
TOTAL FM JUL 1  3128    CLOUDY (SCALE 8-10) 12
DPTR FM NORMAL    18

[CDD (BASE 65) ]
TOTAL THIS MO.     0
DPTR FM NORMAL     0    [PRESSURE DATA]
TOTAL FM JAN 1     0    HIGHEST SLP M ON M
DPTR FM NORMAL     0    LOWEST  SLP 29.21 ON 30

[REMARKS]




U.S. Dept. of Commerce
NOAA National Weather Service
1325 East West Highway
Silver Spring, MD 20910
E-mail: w-nws.webmaster@noaa.gov
Page last modified: May 16, 2007
NATIONAL WEATHER SERVICE: for Safety, for Work, for Fun - FOR LIFE