839
CXUS51 KRLX 022209
CF6BKW
PRELIMINARY LOCAL CLIMATOLOGICAL DATA (WS FORM: F-6)

                                          STATION:   BECKLEY WV
                                          MONTH:     NOVEMBER
                                          YEAR:      2014
                                          LATITUDE:   37 46 N
                                          LONGITUDE:  81  7 W

  TEMPERATURE IN F:       :PCPN:    SNOW:  WIND      :SUNSHINE: SKY     :PK WND
================================================================================
1   2   3   4   5  6A  6B    7    8   9   10  11  12  13   14  15   16   17  18
                                     12Z  AVG MX 2MIN
DY MAX MIN AVG DEP HDD CDD  WTR  SNW DPTH SPD SPD DIR MIN PSBL S-S WX    SPD DR
================================================================================

 1  40  31  36 -13  29   0 0.35  0.3    0 13.1 23 340   M    M  10 12     32 330
 2  42  28  35 -13  30   0 0.00  0.0    0  9.5 21  10   M    M   5        30 320
 3  59  25  42  -6  23   0 0.00  0.0    0  5.5 12 210   M    M   0        15 220
 4  65  41  53   5  12   0 0.00  0.0    0  7.7 15 260   M    M   0        22 220
 5  55  48  52   4  13   0 0.07  0.0    0  4.8 14 230   M    M   8 1      17 230
 6  59  39  49   2  16   0 0.33  0.0    0 12.9 30 280   M    M   9 1      47 280
 7  40  29  35 -12  30   0 0.13    T    0  8.5 20 300   M    M   9 1      26 310
 8  52  27  40  -7  25   0 0.00  0.0    0  6.0 14 260   M    M   2        20 260
 9  54  37  46   0  19   0 0.00  0.0    0  4.5 13 270   M    M   4        16 310
10  63  36  50   4  15   0 0.00  0.0    0  8.7 17 150   M    M   0        27 150
11  71  45  58  12   7   0 0.00  0.0    0  7.0 15 130   M    M   0        19 140
12  57  32  45   0  20   0    T  0.0    0  7.8 20 340   M    M  10 12     24 320
13  33  23  28 -17  37   0 0.05  0.8    0  6.9 17 340   M    M  10 18     21 340
14  23  15  19 -25  46   0    T  0.4    1  7.1 14 340   M    M   9 8      18 350
15  36  13  25 -19  40   0 0.00  0.0    0  3.9 15 150   M    M   3        20 150
16  42  33  38  -6  27   0 0.13  0.0    0  8.0 17 140   M    M  10 1      26 140
17  52  17  35  -9  30   0 0.45    T    0 12.2 23 310   M    M  10 1      32 300
18  20  12  16 -27  49   0 0.01    T    0 11.2 23 280   M    M   7 1      30 280
19  40   9  25 -18  40   0 0.00  0.0    0  9.6 23 220   M    M   1        32 230
20  41  25  33  -9  32   0 0.00  0.0    0 11.3 26 250   M    M   5        36 260
21  34  18  26 -16  39   0 0.00  0.0    0  7.1 15 320   M    M   2        21 300
22  56  24  40  -2  25   0 0.00  0.0    0  6.7 14 150   M    M   0        21 260
23  55  37  46   5  19   0 0.26  0.0    0 13.2 30 130   M    M   6 1      44 140
24  68  46  57  16   8   0 0.00  0.0    0 14.3 37 220   M    M   4        50 210
25  51  33  42   2  23   0 0.00  0.0    0  5.0 14 260   M    M   2        19 280
26  41  32  37  -3  28   0 0.39  0.3    0  4.4 14 130   M    M   9 12     22 130
27  33  25  29 -11  36   0 0.03  1.1    T  9.3 18 310   M    M  10 12     25 310
28  29  22  26 -13  39   0    T  0.8    2  6.9 16 310   M    M   7 18     21 300
29  51  24  38  -1  27   0 0.00  0.0    0  8.4 18 210   M    M   6        25 200
30  58  46  52  13  13   0 0.00  0.0    0 10.5 22 230   M    M  10        30 220
================================================================================
SM 1420  872       797   0  2.20     3.7 252.0          M      168
================================================================================
AV 47.3 29.1                               8.4 FASTST   M    M   6    MAX(MPH)
                                 MISC ---->  # 37 220               # 50  210
================================================================================
NOTES:
# LAST OF SEVERAL OCCURRENCES

COLUMN 17 PEAK WIND IN M.P.H.

PRELIMINARY LOCAL CLIMATOLOGICAL DATA (WS FORM: F-6) , PAGE 2

                                          STATION:  BECKLEY WV
                                          MONTH:    NOVEMBER
                                          YEAR:     2014
                                          LATITUDE:   37 46 N
                                          LONGITUDE:  81  7 W

[TEMPERATURE DATA]      [PRECIPITATION DATA]       SYMBOLS USED IN COLUMN 16

AVERAGE MONTHLY: 38.2   TOTAL FOR MONTH:   2.20    1 = FOG OR MIST
DPTR FM NORMAL:  -5.7   DPTR FM NORMAL:   -0.75    2 = FOG REDUCING VISIBILITY
HIGHEST:    71 ON 11    GRTST 24HR  0.55 ON 16-17      TO 1/4 MILE OR LESS
LOWEST:      9 ON 19                               3 = THUNDER
                        SNOW, ICE PELLETS, HAIL    4 = ICE PELLETS
                        TOTAL MONTH:   3.7 INCHES  5 = HAIL
                        GRTST 24HR   1.1 ON   M    6 = FREEZING RAIN OR DRIZZLE
                        GRTST DEPTH:   2 ON 28     7 = DUSTSTORM OR SANDSTORM:
                                                       VSBY 1/2 MILE OR LESS
                                                   8 = SMOKE OR HAZE
[NO. OF DAYS WITH]      [WEATHER - DAYS WITH]      9 = BLOWING SNOW
                                                   X = TORNADO
MAX 32 OR BELOW:   3    0.01 INCH OR MORE:  11
MAX 90 OR ABOVE:   0    0.10 INCH OR MORE:   7
MIN 32 OR BELOW:  19    0.50 INCH OR MORE:   0
MIN  0 OR BELOW:   0    1.00 INCH OR MORE:   0

[HDD (BASE 65) ]
TOTAL THIS MO.   797    CLEAR  (SCALE 0-3)  10
DPTR FM NORMAL   163    PTCLDY (SCALE 4-7)   9
TOTAL FM JUL 1  1241    CLOUDY (SCALE 8-10) 11
DPTR FM NORMAL   101

[CDD (BASE 65) ]
TOTAL THIS MO.     0
DPTR FM NORMAL    -1    [PRESSURE DATA]
TOTAL FM JAN 1   602    HIGHEST SLP 30.55 ON 21
DPTR FM NORMAL    45    LOWEST  SLP 29.54 ON 24

[REMARKS]
#FINAL-11-14#




U.S. Dept. of Commerce
NOAA National Weather Service
1325 East West Highway
Silver Spring, MD 20910
E-mail: w-nws.webmaster@noaa.gov
Page last modified: May 16, 2007
NATIONAL WEATHER SERVICE: for Safety, for Work, for Fun - FOR LIFE