846
CXUS51 KRLX 301400
CF6BKW
PRELIMINARY LOCAL CLIMATOLOGICAL DATA (WS FORM: F-6)

                                          STATION:   BECKLEY WV
                                          MONTH:     AUGUST
                                          YEAR:      2014
                                          LATITUDE:   37 46 N
                                          LONGITUDE:  81  7 W

  TEMPERATURE IN F:       :PCPN:    SNOW:  WIND      :SUNSHINE: SKY     :PK WND
================================================================================
1   2   3   4   5  6A  6B    7    8   9   10  11  12  13   14  15   16   17  18
                                     12Z  AVG MX 2MIN
DY MAX MIN AVG DEP HDD CDD  WTR  SNW DPTH SPD SPD DIR MIN PSBL S-S WX    SPD DR
================================================================================

 1  74  61  68  -2   0   3 0.00  0.0    0  8.0 18 130   M    M   6        26 130
 2  77  59  68  -2   0   3 0.02  0.0    0  5.6 10 130   M    M   5         M  M
 3  72  56  64  -6   1   0    T  0.0    0  2.3  9  20   M    M   7 128    12 340
 4  80  53  67  -3   0   2 0.00  0.0    0  3.2 14 320   M    M   2 1      16 320
 5  84  60  72   2   0   7 0.00  0.0    0  5.4 15 340   M    M   2        19 330
 6  82  59  71   1   0   6    T  0.0    0  5.7 17 260   M    M   4 18     23 260
 7  77  57  67  -3   0   2 0.00  0.0    0  4.5 13 350   M    M   4 128    17  20
 8  71  58  65  -5   0   0 0.32  0.0    0  7.2 14 160   M    M   5 18     21 130
 9  69  63  66  -4   0   1 0.25  0.0    0  8.1 16 140   M    M  10 1      22 130
10  72  63  68  -2   0   3 0.00  0.0    0 10.7 17 150   M    M  10        27 140
11  69  65  67  -3   0   2 0.31  0.0    0 11.8 20 150   M    M  10 1      27 150
12  81  62  72   2   0   7 0.05  0.0    0  7.5 24 310   M    M   6 1      31 320
13  66  56  61  -9   4   0    T  0.0    0  7.3 14 290   M    M   7 1      18 320
14  72  56  64  -6   1   0 0.05  0.0    0  6.3 17 270   M    M   8 1      22 270
15  75  55  65  -5   0   0 0.00  0.0    0  5.6 17 280   M    M   5 12     23 280
16  78  50  64  -6   1   0 0.00  0.0    0  4.6 15 260   M    M   1 1      20 250
17  77  61  69  -1   0   4 0.08  0.0    0  3.3  8 240   M    M   8 1      10 330
18  70  66  68  -2   0   3 0.87  0.0    0  6.7 14 220   M    M   9 18     20 210
19  79  66  73   3   0   8 0.16  0.0    0  3.4 10 220   M    M   7 18     13 220
20  81  62  72   2   0   7 0.04  0.0    0  6.0 15 260   M    M   3 12     21 250
21  80  62  71   1   0   6 0.18  0.0    0  5.6 13 220   M    M   4 18     16 230
22  82  66  74   4   0   9 1.68  0.0    0  6.1 14 300   M    M   7 12     18 250
23  82  66  74   5   0   9    T  0.0    0  4.1 12 350   M    M   6 1      15 320
24  74  62  68  -1   0   3 0.00  0.0    0  8.2 16 120   M    M   6 1      21 130
25  76  58  67  -2   0   2 0.00  0.0    0  5.8 12 130   M    M   0        15 160
26  79  56  68  -1   0   3 0.00  0.0    0  5.0 10 160   M    M   0        15 150
27  83  54  69   0   0   4 0.00  0.0    0  3.4 10 350   M    M   0        13 350
28  81  62  72   3   0   7 0.01  0.0    0  4.1 13 350   M    M   5 1      16 320
29  82  60  71   3   0   6 0.00  0.0    0  6.7 14 160   M    M   1        21 140
================================================================================
SM 2225 1734         7 107  4.02     0.0 172.2          M      148
================================================================================
AV 76.7 59.8                               5.9 FASTST   M    M   5    MAX(MPH)
                                 MISC ---->  # 24 310               # 31  320
================================================================================
NOTES:
# LAST OF SEVERAL OCCURRENCES

COLUMN 17 PEAK WIND IN M.P.H.

PRELIMINARY LOCAL CLIMATOLOGICAL DATA (WS FORM: F-6) , PAGE 2

                                          STATION:  BECKLEY WV
                                          MONTH:    AUGUST
                                          YEAR:     2014
                                          LATITUDE:   37 46 N
                                          LONGITUDE:  81  7 W

[TEMPERATURE DATA]      [PRECIPITATION DATA]       SYMBOLS USED IN COLUMN 16

AVERAGE MONTHLY: 68.3   TOTAL FOR MONTH:   4.02    1 = FOG OR MIST
DPTR FM NORMAL:  -1.5   DPTR FM NORMAL:    0.72    2 = FOG REDUCING VISIBILITY
HIGHEST:    84 ON  5    GRTST 24HR  1.73 ON 21-22      TO 1/4 MILE OR LESS
LOWEST:     50 ON 16                               3 = THUNDER
                        SNOW, ICE PELLETS, HAIL    4 = ICE PELLETS
                        TOTAL MONTH:   0.0 INCH    5 = HAIL
                        GRTST 24HR     0.0         6 = FREEZING RAIN OR DRIZZLE
                        GRTST DEPTH:   0           7 = DUSTSTORM OR SANDSTORM:
                                                       VSBY 1/2 MILE OR LESS
                                                   8 = SMOKE OR HAZE
[NO. OF DAYS WITH]      [WEATHER - DAYS WITH]      9 = BLOWING SNOW
                                                   X = TORNADO
MAX 32 OR BELOW:   0    0.01 INCH OR MORE:  13
MAX 90 OR ABOVE:   0    0.10 INCH OR MORE:   7
MIN 32 OR BELOW:   0    0.50 INCH OR MORE:   2
MIN  0 OR BELOW:   0    1.00 INCH OR MORE:   1

[HDD (BASE 65) ]
TOTAL THIS MO.     7    CLEAR  (SCALE 0-3)   8
DPTR FM NORMAL     2    PTCLDY (SCALE 4-7)  16
TOTAL FM JUL 1    29    CLOUDY (SCALE 8-10)  5
DPTR FM NORMAL    16

[CDD (BASE 65) ]
TOTAL THIS MO.   107
DPTR FM NORMAL   -48    [PRESSURE DATA]
TOTAL FM JAN 1   504    HIGHEST SLP M ON M
DPTR FM NORMAL    16    LOWEST  SLP 29.75 ON 12

[REMARKS]




U.S. Dept. of Commerce
NOAA National Weather Service
1325 East West Highway
Silver Spring, MD 20910
E-mail: w-nws.webmaster@noaa.gov
Page last modified: May 16, 2007
NATIONAL WEATHER SERVICE: for Safety, for Work, for Fun - FOR LIFE