728
CXUS56 KBOI 281002
CF6BKE
PRELIMINARY LOCAL CLIMATOLOGICAL DATA (WS FORM: F-6)

                                          STATION:   BAKER OR
                                          MONTH:     JULY
                                          YEAR:      2014
                                          LATITUDE:   44 50 N
                                          LONGITUDE: 117 49 W

  TEMPERATURE IN F:       :PCPN:    SNOW:  WIND      :SUNSHINE: SKY     :PK WND
================================================================================
1   2   3   4   5  6A  6B    7    8   9   10  11  12  13   14  15   16   17  18
                                     12Z  AVG MX 2MIN
DY MAX MIN AVG DEP HDD CDD  WTR  SNW DPTH SPD SPD DIR MIN PSBL S-S WX    SPD DR
================================================================================

 1  89  41  65   3   0   0 0.00    M    M  3.4 15  60   M    M   0        18 100
 2  95  42  69   7   0   4    T    M    M  7.9 35 260   M    M   0        46 260
 3  88  54  71   9   0   6    T    M    M  9.6 20 310   M    M   0        24 310
 4  85  52  69   6   0   4 0.00    M    M  7.3 16 310   M    M   0        21 320
 5  88  56  72   9   0   7 0.00    M    M  6.2 14 300   M    M   0        17 300
 6  88  47  68   5   0   3 0.00    M    M  9.2 23 340   M    M   0        29 340
 7  89  51  70   6   0   5 0.00    M    M  6.5 14 310   M    M   0        17 320
 8  92  49  71   7   0   6 0.00    M    M  6.2 17 330   M    M   0        21 340
 9  90  54  72   8   0   7 0.00    M    M  4.5 26 160   M    M   0        32 160
10  92  48  70   6   0   5 0.00    M    M  4.5 18 310   M    M   0 1      23 310
11  92  44  68   4   0   3 0.00    M    M  5.9 17 320   M    M   0        22 320
12  93  54  74   9   0   9 0.00    M    M  5.5 15 320   M    M   1        19 320
13  95  49  72   7   0   7    T    M    M  6.1 29 240   M    M   0        36 240
14  92  62  77  12   0  12    T    M    M 12.6 25 310   M    M   0        31 300
15  89  54  72   7   0   7    T    M    M 10.8 25 320   M    M   0        31 320
16  94  49  72   6   0   7 0.00    M    M  4.8 14 330   M    M   0        17 310
17  93  50  72   6   0   7 0.00    M    M  6.9 21 330   M    M   0        27 340
18  87  42  65  -1   0   0 0.00    M    M  7.4 18 340   M    M   0        23 340
19  88  51  70   4   0   5 0.00    M    M  8.5 20 340   M    M   0        26 340
20  92  45  69   3   0   4 0.00    M    M  8.4 30 330   M    M   0        37 330
21  83  54  69   3   0   4    T    M    M  6.0 18 240   M    M   2        24 230
22  91  53  72   6   0   7 0.05    M    M  8.6 25 330   M    M   3        34 330
23  87  49  68   1   0   3 0.00    M    M 12.5 35 330   M    M   1 12     43 330
24  72  44  58  -9   7   0 0.00    M    M  8.3 17 330   M    M   2        24 320
25  81  39  60  -7   5   0 0.00    M    M  5.2 18 320   M    M   0        22 330
26  89  39  64  -3   1   0 0.00    M    M  3.8 17 320   M    M   0        22 320
27  96  44  70   3   0   5 0.00    M    M  4.8 18 300   M    M   0        22 300
================================================================================
SM 2410 1316        13 127  0.05    M    191.4          M        9
================================================================================
AV 89.3 48.7                               7.1 FASTST   M    M   0    MAX(MPH)
                                 MISC ---->  # 35 260               # 46  260
================================================================================
NOTES:
# LAST OF SEVERAL OCCURRENCES

COLUMN 17 PEAK WIND IN M.P.H.

PRELIMINARY LOCAL CLIMATOLOGICAL DATA (WS FORM: F-6) , PAGE 2

                                          STATION:  BAKER OR
                                          MONTH:    JULY
                                          YEAR:     2014
                                          LATITUDE:   44 50 N
                                          LONGITUDE: 117 49 W

[TEMPERATURE DATA]      [PRECIPITATION DATA]       SYMBOLS USED IN COLUMN 16

AVERAGE MONTHLY: 69.0   TOTAL FOR MONTH:   0.05    1 = FOG OR MIST
DPTR FM NORMAL:   4.1   DPTR FM NORMAL:   -0.53    2 = FOG REDUCING VISIBILITY
HIGHEST:    96 ON 27    GRTST 24HR  0.05 ON 22-22      TO 1/4 MILE OR LESS
LOWEST:     39 ON 26,25                            3 = THUNDER
                        SNOW, ICE PELLETS, HAIL    4 = ICE PELLETS
                        TOTAL MONTH:    M          5 = HAIL
                        GRTST 24HR    M  ON   M    6 = FREEZING RAIN OR DRIZZLE
                        GRTST DEPTH:  M  ON   M    7 = DUSTSTORM OR SANDSTORM:
                                                       VSBY 1/2 MILE OR LESS
                                                   8 = SMOKE OR HAZE
[NO. OF DAYS WITH]      [WEATHER - DAYS WITH]      9 = BLOWING SNOW
                                                   X = TORNADO
MAX 32 OR BELOW:   0    0.01 INCH OR MORE:   1
MAX 90 OR ABOVE:  13    0.10 INCH OR MORE:   0
MIN 32 OR BELOW:   0    0.50 INCH OR MORE:   0
MIN  0 OR BELOW:   0    1.00 INCH OR MORE:   0

[HDD (BASE 65) ]
TOTAL THIS MO.    13    CLEAR  (SCALE 0-3)  27
DPTR FM NORMAL   -50    PTCLDY (SCALE 4-7)   0
TOTAL FM JUL 1    13    CLOUDY (SCALE 8-10)  0
DPTR FM NORMAL   -50

[CDD (BASE 65) ]
TOTAL THIS MO.   127
DPTR FM NORMAL    65    [PRESSURE DATA]
TOTAL FM JAN 1   127    HIGHEST SLP M ON M
DPTR FM NORMAL    47    LOWEST  SLP 29.62 ON 20

[REMARKS]




U.S. Dept. of Commerce
NOAA National Weather Service
1325 East West Highway
Silver Spring, MD 20910
E-mail: w-nws.webmaster@noaa.gov
Page last modified: May 16, 2007
NATIONAL WEATHER SERVICE: for Safety, for Work, for Fun - FOR LIFE