874
CXUS53 KGRR 011017
CF6BIV
PRELIMINARY LOCAL CLIMATOLOGICAL DATA (WS FORM: F-6)

                                          STATION:   HOLLAND/TULIP CITY MI
                                          MONTH:     AUGUST
                                          YEAR:      2014
                                          LATITUDE:   42 49 N
                                          LONGITUDE:  86 10 W

  TEMPERATURE IN F:       :PCPN:    SNOW:  WIND      :SUNSHINE: SKY     :PK WND
================================================================================
1   2   3   4   5  6A  6B    7    8   9   10  11  12  13   14  15   16   17  18
                                     12Z  AVG MX 2MIN
DY MAX MIN AVG DEP HDD CDD  WTR  SNW DPTH SPD SPD DIR MIN PSBL S-S WX    SPD DR
================================================================================

 1  82  60  71  -1   0   6 0.00    M    M  4.0  9 240   0    0   0 18     15 250
 2  81  54  68  -4   0   3 0.00    M    M  3.1 10 270   M    M   0 12     14 270
 3  84  52  68  -4   0   3 0.00    M    M  4.1 13 240   M    M   1 18     16 250
 4  83  66  75   3   0  10 0.00    M    M  5.4 13 250   M    M   1 1      16 250
 5  81  66  74   2   0   9 0.23    M    M  3.6 13 270   M    M   5 18     16 270
 6  84  59  72   0   0   7 0.00    M    M  3.8 13 290   M    M   1 12     16 290
 7  84  55  70  -2   0   5 0.00    M    M  2.8 10 280   M    M   1 1      14 290
 8  85  59  72   0   0   7 0.00    M    M  6.7 14 100   M    M   0        18  90
 9  83  58  71  -1   0   6 0.00    M    M  7.0 16  60   M    M   0        24 110
10  87  56  72   0   0   7 0.00    M    M  5.8 12 100   M    M   1 1      15  90
11  80  66  73   1   0   8 0.84    M    M  4.4 12 310   M    M   7 138    16 320
12  68  59  64  -8   1   0 0.03    M    M  8.9 16 310   M    M  10 1      25 310
13  75  50  63  -9   2   0 0.00    M    M  5.3 13 300   M    M   1 1      17 280
14  69  49  59 -13   6   0 0.00    M    M  6.8 17 310   M    M   1        24 320
15  73  46  60 -11   5   0 0.00    M    M  5.2 15 230   M    M   0 18     20 260
16  79  53  66  -5   0   1 0.09    M    M  8.5 18 240   M    M   2 1      23 230
17  77  65  71   0   0   6 1.14    M    M  3.9 12  70   M    M  10 1      15  60
18  81  63  72   1   0   7 0.00    M    M  5.1 13 280   M    M   4 1      16 290
19  80  66  73   2   0   8 1.84    M    M  7.5 25 250   M    M   6 138    34 260
20  81  63  72   1   0   7 0.00    M    M  3.9 15 250   M    M   1 1      19 240
21  81  65  73   2   0   8 0.01    M    M  2.8 16 260   M    M   5 18     20 250
22  83  69  76   6   0  11 0.00    M    M  3.5  8 270   M    M   7 128    11  90
23  84  67  76   6   0  11 0.00    M    M  7.8 16  80   M    M   1        20  90
24  84  69  77   7   0  12    T    M    M  8.1 15 100   M    M   4 1      18 100
25  86  69  78   8   0  13 0.03    M    M  6.6 16 250   M    M   3 138    20 240
26  80  61  71   1   0   6 0.69    M    M  4.8 26 280   M    M   4 13     36 280
27  78  58  68  -2   0   3 0.00    M    M  4.1 13 320   M    M   1 1      17 330
28  77  54  66  -3   0   1 0.00    M    M  6.7 14 100   M    M   0        21  90
29  79  63  71   2   0   6 0.04    M    M  9.3 16 170   M    M   4 3      23 190
30  83  69  76   7   0  11    T    M    M 13.2 29 210   M    M   4        39 220
31  81  67  74   6   0   9 0.00    M    M  6.2 12 260   M    M   3 1      15 250
================================================================================
SM 2493 1876        14 191  4.94    M    178.9            0     88
================================================================================
AV 80.4 60.5                               5.8 FASTST    0   0   3    MAX(MPH)
                                 MISC ---->  # 29 210               # 39  220
================================================================================
NOTES:
# LAST OF SEVERAL OCCURRENCES

COLUMN 17 PEAK WIND IN M.P.H.

PRELIMINARY LOCAL CLIMATOLOGICAL DATA (WS FORM: F-6) , PAGE 2

                                          STATION:  HOLLAND/TULIP CITY MI
                                          MONTH:    AUGUST
                                          YEAR:     2014
                                          LATITUDE:   42 49 N
                                          LONGITUDE:  86 10 W

[TEMPERATURE DATA]      [PRECIPITATION DATA]       SYMBOLS USED IN COLUMN 16

AVERAGE MONTHLY: 70.5   TOTAL FOR MONTH:   4.94    1 = FOG OR MIST
DPTR FM NORMAL:  -0.5   DPTR FM NORMAL:    1.37    2 = FOG REDUCING VISIBILITY
HIGHEST:    87 ON 10    GRTST 24HR  1.84 ON 19-19      TO 1/4 MILE OR LESS
LOWEST:     46 ON 15                               3 = THUNDER
                        SNOW, ICE PELLETS, HAIL    4 = ICE PELLETS
                        TOTAL MONTH:    M          5 = HAIL
                        GRTST 24HR    M  ON   M    6 = FREEZING RAIN OR DRIZZLE
                        GRTST DEPTH:  M  ON   M    7 = DUSTSTORM OR SANDSTORM:
                                                       VSBY 1/2 MILE OR LESS
                                                   8 = SMOKE OR HAZE
[NO. OF DAYS WITH]      [WEATHER - DAYS WITH]      9 = BLOWING SNOW
                                                   X = TORNADO
MAX 32 OR BELOW:   0    0.01 INCH OR MORE:  10
MAX 90 OR ABOVE:   0    0.10 INCH OR MORE:   5
MIN 32 OR BELOW:   0    0.50 INCH OR MORE:   4
MIN  0 OR BELOW:   0    1.00 INCH OR MORE:   2

[HDD (BASE 65) ]
TOTAL THIS MO.    14    CLEAR  (SCALE 0-3)  18
DPTR FM NORMAL     5    PTCLDY (SCALE 4-7)  11
TOTAL FM JUL 1    36    CLOUDY (SCALE 8-10)  2
DPTR FM NORMAL    21

[CDD (BASE 65) ]
TOTAL THIS MO.   191
DPTR FM NORMAL    -4    [PRESSURE DATA]
TOTAL FM JAN 1   517    HIGHEST SLP 30.18 ON 28
DPTR FM NORMAL  -101    LOWEST  SLP 29.69 ON 19

[REMARKS]
#FINAL-08-14#




U.S. Dept. of Commerce
NOAA National Weather Service
1325 East West Highway
Silver Spring, MD 20910
E-mail: w-nws.webmaster@noaa.gov
Page last modified: May 16, 2007
NATIONAL WEATHER SERVICE: for Safety, for Work, for Fun - FOR LIFE