187
CXUS53 KGRR 011017
CF6BIV
PRELIMINARY LOCAL CLIMATOLOGICAL DATA (WS FORM: F-6)

                                          STATION:   HOLLAND/TULIP CITY MI
                                          MONTH:     SEPTEMBER
                                          YEAR:      2014
                                          LATITUDE:   42 49 N
                                          LONGITUDE:  86 10 W

  TEMPERATURE IN F:       :PCPN:    SNOW:  WIND      :SUNSHINE: SKY     :PK WND
================================================================================
1   2   3   4   5  6A  6B    7    8   9   10  11  12  13   14  15   16   17  18
                                     12Z  AVG MX 2MIN
DY MAX MIN AVG DEP HDD CDD  WTR  SNW DPTH SPD SPD DIR MIN PSBL S-S WX    SPD DR
================================================================================

 1  81  69  75   7   0  10 0.12    M    M 11.5 25 230   M    M   5 13     32 240
 2  78  62  70   2   0   5 0.00    M    M  3.7 12 250   M    M   2 1      16 250
 3  80  59  70   2   0   5 0.00    M    M  4.7 12 240   M    M   0 1      15 260
 4  84  65  75   8   0  10 0.80    M    M  9.4 23 160   M    M   4 138    31 160
 5  83  66  75   8   0  10 0.77    M    M 11.9 25 220   M    M   4 13     35 220
 6  71  56  64  -3   1   0 0.00    M    M  4.7 15 290   M    M   3 8      23 320
 7  76  51  64  -2   1   0 0.00    M    M  2.8 10 270   M    M   0        14 270
 8  78  55  67   1   0   2 0.00    M    M  3.9 13 170   M    M   0        16 170
 9  80  59  70   4   0   5 0.00    M    M  6.1 13 170   M    M   1        18 150
10  78  56  67   2   0   2 0.87    M    M 14.7 29 210   M    M   8 1      45 210
11  59  50  55 -10  10   0    T    M    M  7.8 21 320   M    M   9 1      32 320
12  58  49  54 -11  11   0 0.15    M    M  4.1 12  80   M    M   7 1      15  70
13  61  43  52 -12  13   0 0.11    M    M  4.5 13 280   M    M   6 1      17 350
14  63  41  52 -12  13   0 0.00  0.0    M  6.1 18 250   M    M   4        24 240
15  67  47  57  -7   8   0 0.06    M    M  3.8 13 190   M    M   7 1      16 190
16  64  42  53 -10  12   0 0.00    M    M  3.1 13 260   M    M   2 12     18 270
17  67  42  55  -8  10   0 0.00    M    M  4.1 15 250   M    M   3        19 240
18  72  44  58  -4   7   0 0.00    M    M  4.1  9  80   M    M   3 1      13 280
19  72  47  60  -2   5   0 0.00    M    M  8.6 18 150   M    M   0 1      23 150
20  75  59  67   5   0   2 0.65    M    M 13.9 32 250   M    M   5 13     43 240
21  69  48  59  -2   6   0 0.33    M    M 13.4 25 330   M    M   8 13     36 320
22  62  40  51 -10  14   0 0.00    M    M  4.3 13 250   M    M   2 1      19 280
23  70  47  59  -1   6   0 0.00    M    M  4.5 13 260   M    M   0        21 240
24  75  48  62   2   3   0 0.00    M    M  3.5 10 110   M    M   0 1      14 160
25  79  49  64   4   1   0 0.00    M    M  2.3 10 260   M    M   0 1      12 250
26  80  48  64   5   1   0 0.00    M    M  2.9  9 270   M    M   0 1      11 290
27  79  50  65   6   0   0 0.00    M    M  3.7 10 110   M    M   0 18     14  90
28  79  53  66   7   0   1 0.00    M    M  2.1 10 270   M    M   1 12     14 110
29  77  50  64   6   1   0 0.08    M    M  5.8 14 320   M    M   3 128    18 320
30  58  48  53  -5  12   0 0.00    M    M  4.1  8 340   M    M  10 1      14 360
================================================================================
SM 2175 1543       135  52  3.94     0.0 180.1          M       97
================================================================================
AV 72.5 51.4                               6.0 FASTST   M    M   3    MAX(MPH)
                                 MISC ---->  # 32 250               # 45  210
================================================================================
NOTES:
# LAST OF SEVERAL OCCURRENCES

COLUMN 17 PEAK WIND IN M.P.H.

PRELIMINARY LOCAL CLIMATOLOGICAL DATA (WS FORM: F-6) , PAGE 2

                                          STATION:  HOLLAND/TULIP CITY MI
                                          MONTH:    SEPTEMBER
                                          YEAR:     2014
                                          LATITUDE:   42 49 N
                                          LONGITUDE:  86 10 W

[TEMPERATURE DATA]      [PRECIPITATION DATA]       SYMBOLS USED IN COLUMN 16

AVERAGE MONTHLY: 62.0   TOTAL FOR MONTH:   3.94    1 = FOG OR MIST
DPTR FM NORMAL:  -1.3   DPTR FM NORMAL:    0.04    2 = FOG REDUCING VISIBILITY
HIGHEST:    84 ON  4    GRTST 24HR  0.95 ON 20-21      TO 1/4 MILE OR LESS
LOWEST:     40 ON 22                               3 = THUNDER
                        SNOW, ICE PELLETS, HAIL    4 = ICE PELLETS
                        TOTAL MONTH:   0.0 INCH    5 = HAIL
                        GRTST 24HR     0.0         6 = FREEZING RAIN OR DRIZZLE
                        GRTST DEPTH:  M  ON   M    7 = DUSTSTORM OR SANDSTORM:
                                                       VSBY 1/2 MILE OR LESS
                                                   8 = SMOKE OR HAZE
[NO. OF DAYS WITH]      [WEATHER - DAYS WITH]      9 = BLOWING SNOW
                                                   X = TORNADO
MAX 32 OR BELOW:   0    0.01 INCH OR MORE:  10
MAX 90 OR ABOVE:   0    0.10 INCH OR MORE:   8
MIN 32 OR BELOW:   0    0.50 INCH OR MORE:   4
MIN  0 OR BELOW:   0    1.00 INCH OR MORE:   0

[HDD (BASE 65) ]
TOTAL THIS MO.   135    CLEAR  (SCALE 0-3)  18
DPTR FM NORMAL    20    PTCLDY (SCALE 4-7)  10
TOTAL FM JUL 1   171    CLOUDY (SCALE 8-10)  2
DPTR FM NORMAL    41

[CDD (BASE 65) ]
TOTAL THIS MO.    52
DPTR FM NORMAL   -12    [PRESSURE DATA]
TOTAL FM JAN 1   569    HIGHEST SLP 30.42 ON 24
DPTR FM NORMAL  -113    LOWEST  SLP 29.52 ON 10

[REMARKS]
#FINAL-09-14#




U.S. Dept. of Commerce
NOAA National Weather Service
1325 East West Highway
Silver Spring, MD 20910
E-mail: w-nws.webmaster@noaa.gov
Page last modified: May 16, 2007
NATIONAL WEATHER SERVICE: for Safety, for Work, for Fun - FOR LIFE