174
CXUS53 KGRR 011017
CF6BIV
PRELIMINARY LOCAL CLIMATOLOGICAL DATA (WS FORM: F-6)

                                          STATION:   HOLLAND/TULIP CITY MI
                                          MONTH:     JULY
                                          YEAR:      2014
                                          LATITUDE:   42 49 N
                                          LONGITUDE:  86 10 W

  TEMPERATURE IN F:       :PCPN:    SNOW:  WIND      :SUNSHINE: SKY     :PK WND
================================================================================
1   2   3   4   5  6A  6B    7    8   9   10  11  12  13   14  15   16   17  18
                                     12Z  AVG MX 2MIN
DY MAX MIN AVG DEP HDD CDD  WTR  SNW DPTH SPD SPD DIR MIN PSBL S-S WX    SPD DR
================================================================================

 1  82  66  74   2   0   9 0.10    M    M 15.2 24 230   M    M   4 13     31 220
 2  71  58  65  -7   0   0 0.00    M    M 11.2 21 250   M    M   8        26 260
 3  71  59  65  -7   0   0    T    M    M  7.1 16 280   M    M   4        22 270
 4  79  53  66  -6   0   1 0.00    M    M  4.1 13 270   M    M   1        19 270
 5  80  52  66  -6   0   1 0.00    M    M  7.2 17 220   M    M   1        22 230
 6  82  63  73   1   0   8 0.44    M    M 12.0 29 220   M    M   7 13     38 230
 7  82  69  76   4   0  11 0.03    M    M 10.4 31 220   M    M   4 13     41 210
 8  75  66  71  -1   0   6 0.44    M    M  8.3 16 280   M    M   5 13     28 280
 9  73  60  67  -5   0   2 0.00    M    M  6.0 10 300   M    M   3         M  M
10  77  54  66  -6   0   1 0.00    M    M  3.1 10 300   M    M   0         M  M
11  80  55  68  -4   0   3 0.00    M    M  3.3 13 280   M    M   1        17 220
12  77  62  70  -2   0   5 0.41    M    M  6.8 20 210   M    M   5 13     27 210
13  80  66  73   0   0   8 0.30    M    M  8.5 33 240   M    M   5 13     42 210
14  78  59  69  -4   0   4 0.04    M    M  3.4 15 240   M    M   3 1      19 290
15  67  58  63 -10   2   0 0.02    M    M  9.2 20 310   M    M   6        29 310
16  69  53  61 -12   4   0 0.05    M    M  6.4 15 290   M    M   5 1      20 300
17  75  51  63 -10   2   0 0.00    M    M  4.8 15 250   M    M   0        18 250
18  80  51  66  -7   0   1 0.00    M    M  3.9 13 160   M    M   1 1      14 180
19  82  56  69  -4   0   4 0.00    M    M  2.8 13 270   M    M   1 1      16 270
20  81  57  69  -4   0   4 0.00    M    M  2.7 12 260   M    M   1 18     20 270
21  83  61  72  -1   0   7 0.00    M    M  4.5 16 240   M    M   0 18     19 250
22  91  64  78   5   0  13 0.76    M    M 10.8 30 290   M    M   2 138    45 290
23  75  61  68  -4   0   3 0.00    M    M  7.3 16 300   M    M   2 3      23 310
24  75  54  65  -7   0   0 0.00    M    M  4.7 14 280   M    M   1        18 280
25  77  50  64  -8   1   0    T    M    M  4.9 15 250   M    M   2        18 230
26  78  61  70  -2   0   5 0.00    M    M  4.2 10 220   M    M   4 1      17  40
27  83  61  72   0   0   7 0.23    M    M  7.9 31 270   M    M   5 1238   44 280
28  65  52  59 -13   6   0 0.01    M    M  7.3 17 310   M    M   4        23 300
29  72  50  61 -11   4   0    T    M    M  5.8 12 270   M    M   2        17 270
30  71  53  62 -10   3   0 0.00    M    M  4.8 10 270   M    M   2 18     17 270
31  79  53  66  -6   0   1 0.00    M    M  6.6 15 240   M    M   2        22 320
================================================================================
SM 2390 1788        22 104  2.83    M    205.2          M       91
================================================================================
AV 77.1 57.7                               6.6 FASTST   M    M   3    MAX(MPH)
                                 MISC ---->  # 33 240               # 45  290
================================================================================
NOTES:
# LAST OF SEVERAL OCCURRENCES

COLUMN 17 PEAK WIND IN M.P.H.

PRELIMINARY LOCAL CLIMATOLOGICAL DATA (WS FORM: F-6) , PAGE 2

                                          STATION:  HOLLAND/TULIP CITY MI
                                          MONTH:    JULY
                                          YEAR:     2014
                                          LATITUDE:   42 49 N
                                          LONGITUDE:  86 10 W

[TEMPERATURE DATA]      [PRECIPITATION DATA]       SYMBOLS USED IN COLUMN 16

AVERAGE MONTHLY: 67.4   TOTAL FOR MONTH:   2.83    1 = FOG OR MIST
DPTR FM NORMAL:  -5.0   DPTR FM NORMAL:    0.00    2 = FOG REDUCING VISIBILITY
HIGHEST:    91 ON 22    GRTST 24HR  0.76 ON 22-22      TO 1/4 MILE OR LESS
LOWEST:     50 ON 29,25                            3 = THUNDER
                        SNOW, ICE PELLETS, HAIL    4 = ICE PELLETS
                        TOTAL MONTH:    M          5 = HAIL
                        GRTST 24HR    M  ON   M    6 = FREEZING RAIN OR DRIZZLE
                        GRTST DEPTH:  M  ON   M    7 = DUSTSTORM OR SANDSTORM:
                                                       VSBY 1/2 MILE OR LESS
                                                   8 = SMOKE OR HAZE
[NO. OF DAYS WITH]      [WEATHER - DAYS WITH]      9 = BLOWING SNOW
                                                   X = TORNADO
MAX 32 OR BELOW:   0    0.01 INCH OR MORE:  12
MAX 90 OR ABOVE:   1    0.10 INCH OR MORE:   7
MIN 32 OR BELOW:   0    0.50 INCH OR MORE:   1
MIN  0 OR BELOW:   0    1.00 INCH OR MORE:   0

[HDD (BASE 65) ]
TOTAL THIS MO.    22    CLEAR  (SCALE 0-3)  17
DPTR FM NORMAL    16    PTCLDY (SCALE 4-7)  14
TOTAL FM JUL 1    22    CLOUDY (SCALE 8-10)  0
DPTR FM NORMAL    16

[CDD (BASE 65) ]
TOTAL THIS MO.   104
DPTR FM NORMAL  -131    [PRESSURE DATA]
TOTAL FM JAN 1   326    HIGHEST SLP 30.32 ON  4
DPTR FM NORMAL   -97    LOWEST  SLP 29.52 ON  1

[REMARKS]
#FINAL-07-14#




U.S. Dept. of Commerce
NOAA National Weather Service
1325 East West Highway
Silver Spring, MD 20910
E-mail: w-nws.webmaster@noaa.gov
Page last modified: May 16, 2007
NATIONAL WEATHER SERVICE: for Safety, for Work, for Fun - FOR LIFE