398
CXUS53 KGRR 231017
CF6BIV
PRELIMINARY LOCAL CLIMATOLOGICAL DATA (WS FORM: F-6)

                                          STATION:   HOLLAND/TULIP CITY MI
                                          MONTH:     APRIL
                                          YEAR:      2014
                                          LATITUDE:   42 49 N
                                          LONGITUDE:  86 10 W

  TEMPERATURE IN F:       :PCPN:    SNOW:  WIND      :SUNSHINE: SKY     :PK WND
================================================================================
1   2   3   4   5  6A  6B    7    8   9   10  11  12  13   14  15   16   17  18
                                     12Z  AVG MX 2MIN
DY MAX MIN AVG DEP HDD CDD  WTR  SNW DPTH SPD SPD DIR MIN PSBL S-S WX    SPD DR
================================================================================

 1  57  33  45   2  20   0 0.07    M    M 17.8 32 240   M    M   6        39 240
 2  50  27  39  -4  26   0 0.00    M    M  3.2 14  70   M    M   1        20  70
 3  46  35  41  -3  24   0 0.15    M    M 16.7 31  90   M    M  10 6      40  90
 4  47  33  40  -4  25   0 0.30    M    M 16.0 30 240   M    M  10 18     37 240
 5  44  33  39  -5  26   0 0.00    M    M  8.9 22 310   M    M   4        32 310
 6  54  31  43  -2  22   0 0.00    M    M  5.4 15 240   M    M   0        20 240
 7  59  34  47   2  18   0 0.00    M    M  5.9 16  80   M    M   2        20  90
 8  51  37  44  -2  21   0 0.00    M    M  7.9 20 310   M    M   4        27 310
 9  57  33  45  -1  20   0 0.00    M    M  8.2 25 220   M    M   2        34 200
10  61  40  51   5  14   0 0.00    M    M 15.4 36 210   M    M   1        43 220
11  64  33  49   2  16   0 0.00    M    M  4.6 16 240   M    M   1        19 240
12  71  42  57  10   8   0 0.14    M    M  9.0 22 180   M    M   5 3      28 160
13  68  48  58  11   7   0 0.54    M    M  8.1 31 220   M    M   6 138    40 220
14  69  28  49   1  16   0 0.17    M    M 16.4 40 210   M    M  10 1      51 190
15  33  26  30 -18  35   0    T    M    M  9.3 22 320   M    M   4        35 320
16  50  24  37 -12  28   0 0.00    M    M 12.1 22 130   M    M   1        27 120
17  59  37  48  -1  17   0 0.00    M    M 11.0 23 230   M    M   2        28 240
18  56  39  48  -1  17   0 0.00    M    M  5.9 16 310   M    M   3 18     22 290
19  65  35  50   0  15   0 0.00    M    M  9.4 18  90   M    M   0        24 130
20  74  42  58   8   7   0 0.00    M    M  8.2 14 190   M    M   0        18 230
21  75  53  64  14   1   0 0.16    M    M  9.6 21 250   M    M   5 18     25 250
22  56  39  48  -3  17   0 0.00    M    M 12.0 24 320   M    M   3 18     35 340
================================================================================
SM 1266  782       400   0  1.53    M    221.0          M       80
================================================================================
AV 57.5 35.5                              10.0 FASTST   M    M   4    MAX(MPH)
                                 MISC ---->  # 40 210               # 51  190
================================================================================
NOTES:
# LAST OF SEVERAL OCCURRENCES

COLUMN 17 PEAK WIND IN M.P.H.

PRELIMINARY LOCAL CLIMATOLOGICAL DATA (WS FORM: F-6) , PAGE 2

                                          STATION:  HOLLAND/TULIP CITY MI
                                          MONTH:    APRIL
                                          YEAR:     2014
                                          LATITUDE:   42 49 N
                                          LONGITUDE:  86 10 W

[TEMPERATURE DATA]      [PRECIPITATION DATA]       SYMBOLS USED IN COLUMN 16

AVERAGE MONTHLY: 46.5   TOTAL FOR MONTH:   1.53    1 = FOG OR MIST
DPTR FM NORMAL:  -0.3   DPTR FM NORMAL:   -0.64    2 = FOG REDUCING VISIBILITY
HIGHEST:    75 ON 21    GRTST 24HR  0.61 ON 13-14      TO 1/4 MILE OR LESS
LOWEST:     24 ON 16                               3 = THUNDER
                        SNOW, ICE PELLETS, HAIL    4 = ICE PELLETS
                        TOTAL MONTH:    M          5 = HAIL
                        GRTST 24HR    M  ON   M    6 = FREEZING RAIN OR DRIZZLE
                        GRTST DEPTH:  M  ON   M    7 = DUSTSTORM OR SANDSTORM:
                                                       VSBY 1/2 MILE OR LESS
                                                   8 = SMOKE OR HAZE
[NO. OF DAYS WITH]      [WEATHER - DAYS WITH]      9 = BLOWING SNOW
                                                   X = TORNADO
MAX 32 OR BELOW:   0    0.01 INCH OR MORE:   7
MAX 90 OR ABOVE:   0    0.10 INCH OR MORE:   6
MIN 32 OR BELOW:   5    0.50 INCH OR MORE:   1
MIN  0 OR BELOW:   0    1.00 INCH OR MORE:   0

[HDD (BASE 65) ]
TOTAL THIS MO.   400    CLEAR  (SCALE 0-3)  11
DPTR FM NORMAL    -2    PTCLDY (SCALE 4-7)   8
TOTAL FM JUL 1  6684    CLOUDY (SCALE 8-10)  3
DPTR FM NORMAL   908

[CDD (BASE 65) ]
TOTAL THIS MO.     0
DPTR FM NORMAL     0    [PRESSURE DATA]
TOTAL FM JAN 1     0    HIGHEST SLP M ON M
DPTR FM NORMAL     0    LOWEST  SLP 29.32 ON 14

[REMARKS]




U.S. Dept. of Commerce
NOAA National Weather Service
1325 East West Highway
Silver Spring, MD 20910
E-mail: w-nws.webmaster@noaa.gov
Page last modified: May 16, 2007
NATIONAL WEATHER SERVICE: for Safety, for Work, for Fun - FOR LIFE