251
CXUS53 KBIS 230726
CF6BIS
PRELIMINARY LOCAL CLIMATOLOGICAL DATA (WS FORM: F-6)

                                          STATION:   BISMARCK ND
                                          MONTH:     APRIL
                                          YEAR:      2014
                                          LATITUDE:   46 46 N
                                          LONGITUDE: 100 45 W

  TEMPERATURE IN F:       :PCPN:    SNOW:  WIND      :SUNSHINE: SKY     :PK WND
================================================================================
1   2   3   4   5  6A  6B    7    8   9   10  11  12  13   14  15   16   17  18
                                     12Z  AVG MX 2MIN
DY MAX MIN AVG DEP HDD CDD  WTR  SNW DPTH SPD SPD DIR MIN PSBL S-S WX    SPD DR
================================================================================

 1  29   6  18 -19  47   0 0.00  0.0    4  6.1 14 330   M    M   2        19 340
 2  31  13  22 -16  43   0 0.18  1.3    3  9.4 17 120   M    M   9 1      21 120
 3  35  26  31  -7  34   0 0.02  0.6    3  8.5 17 330   M    M  10 18     22 340
 4  39  27  33  -6  32   0 0.00  0.0    1  9.2 17 350   M    M   6        20 170
 5  54  26  40   1  25   0 0.00  0.0    T  5.6 17  30   M    M   0        20 360
 6  60  25  43   3  22   0 0.00  0.0    0  6.7 21 290   M    M   3 1      24 290
 7  56  26  41   1  24   0    T  0.0    0 11.6 37 340   M    M   3        48 330
 8  68  23  46   5  19   0 0.00  0.0    0  6.0 18 210   M    M   0        24 210
 9  78  32  55  14  10   0 0.00  0.0    0 10.5 33 320   M    M   1        45 290
10  61  29  45   3  20   0 0.00  0.0    0  8.1 22 290   M    M   4        28 290
11  62  26  44   2  21   0 0.00  0.0    0  5.2 18 160   M    M   3 1      23 160
12  60  30  45   3  20   0 0.00  0.0    0 13.8 30 330   M    M   4 16     39 330
13  37  19  28 -15  37   0    T  0.0    0 15.3 28 340   M    M   4 16     36 350
14  34  16  25 -18  40   0 0.05  2.0    2  8.8 20 320   M    M   6 18     27 320
15  46  15  31 -13  34   0 0.00  0.0    0 16.4 30 150   M    M   5        37  80
16  37  27  32 -12  33   0 0.00  0.0    0 14.2 24  90   M    M  10        29  90
17  48  24  36  -9  29   0 0.00  0.0    0 10.4 21 160   M    M   8        25 130
18  66  33  50   5  15   0 0.00  0.0    0 18.9 33 130   M    M   2        42 140
19  67  38  53   7  12   0 0.00  0.0    0 13.8 29 280   M    M   1        40 290
20  78  32  55   9  10   0 0.00  0.0    0 10.9 28 280   M    M   0        36 310
21  63  37  50   4  15   0 0.00  0.0    0  7.5 17 340   M    M   2        21 350
22  72  28  50   3  15   0 0.00  0.0    0 14.9 29 140   M    M   0        35 150
================================================================================
SM 1181  558       557   0  0.25     3.9 231.8          M       83
================================================================================
AV 53.7 25.4                              10.5 FASTST   M    M   4    MAX(MPH)
                                 MISC ---->  # 37 340               # 48  330
================================================================================
NOTES:
# LAST OF SEVERAL OCCURRENCES

COLUMN 17 PEAK WIND IN M.P.H.

PRELIMINARY LOCAL CLIMATOLOGICAL DATA (WS FORM: F-6) , PAGE 2

                                          STATION:  BISMARCK ND
                                          MONTH:    APRIL
                                          YEAR:     2014
                                          LATITUDE:   46 46 N
                                          LONGITUDE: 100 45 W

[TEMPERATURE DATA]      [PRECIPITATION DATA]       SYMBOLS USED IN COLUMN 16

AVERAGE MONTHLY: 39.5   TOTAL FOR MONTH:   0.25    1 = FOG OR MIST
DPTR FM NORMAL:  -2.7   DPTR FM NORMAL:   -0.59    2 = FOG REDUCING VISIBILITY
HIGHEST:    78 ON 20, 9 GRTST 24HR  0.20 ON  2- 3      TO 1/4 MILE OR LESS
LOWEST:      6 ON  1                               3 = THUNDER
                        SNOW, ICE PELLETS, HAIL    4 = ICE PELLETS
                        TOTAL MONTH:   3.9 INCHES  5 = HAIL
                        GRTST 24HR   2.0 ON 14-14  6 = FREEZING RAIN OR DRIZZLE
                        GRTST DEPTH:   4 ON  1     7 = DUSTSTORM OR SANDSTORM:
                                                       VSBY 1/2 MILE OR LESS
                                                   8 = SMOKE OR HAZE
[NO. OF DAYS WITH]      [WEATHER - DAYS WITH]      9 = BLOWING SNOW
                                                   X = TORNADO
MAX 32 OR BELOW:   2    0.01 INCH OR MORE:   3
MAX 90 OR ABOVE:   0    0.10 INCH OR MORE:   1
MIN 32 OR BELOW:  19    0.50 INCH OR MORE:   0
MIN  0 OR BELOW:   0    1.00 INCH OR MORE:   0

[HDD (BASE 65) ]
TOTAL THIS MO.   557    CLEAR  (SCALE 0-3)  12
DPTR FM NORMAL    53    PTCLDY (SCALE 4-7)   6
TOTAL FM JUL 1  8573    CLOUDY (SCALE 8-10)  4
DPTR FM NORMAL   550

[CDD (BASE 65) ]
TOTAL THIS MO.     0
DPTR FM NORMAL     0    [PRESSURE DATA]
TOTAL FM JAN 1     0    HIGHEST SLP M ON M
DPTR FM NORMAL     0    LOWEST  SLP 29.51 ON  9

[REMARKS]




U.S. Dept. of Commerce
NOAA National Weather Service
1325 East West Highway
Silver Spring, MD 20910
E-mail: w-nws.webmaster@noaa.gov
Page last modified: May 16, 2007
NATIONAL WEATHER SERVICE: for Safety, for Work, for Fun - FOR LIFE