096
CXUS53 KBIS 290725
CF6BIS
PRELIMINARY LOCAL CLIMATOLOGICAL DATA (WS FORM: F-6)

                                          STATION:   BISMARCK ND
                                          MONTH:     JULY
                                          YEAR:      2014
                                          LATITUDE:   46 46 N
                                          LONGITUDE: 100 45 W

  TEMPERATURE IN F:       :PCPN:    SNOW:  WIND      :SUNSHINE: SKY     :PK WND
================================================================================
1   2   3   4   5  6A  6B    7    8   9   10  11  12  13   14  15   16   17  18
                                     12Z  AVG MX 2MIN
DY MAX MIN AVG DEP HDD CDD  WTR  SNW DPTH SPD SPD DIR MIN PSBL S-S WX    SPD DR
================================================================================

 1  69  50  60  -9   5   0 0.05  0.0    0 16.5 32 330   M    M   5 1      42 330
 2  75  45  60  -9   5   0 0.00  0.0    0  4.7 12 210   M    M   2        15 250
 3  79  46  63  -6   2   0 0.00  0.0    0  8.0 17 150   M    M   1        20 160
 4  85  60  73   4   0   8 0.09  0.0    0 11.9 29 160   M    M   2 13     35 160
 5  96  61  79   9   0  14 0.00  0.0    0  5.5 29 250   M    M   1 123    38 250
 6  85  65  75   5   0  10 0.15  0.0    0 11.5 22 320   M    M   1 3      28 310
 7  74  59  67  -3   0   2 0.13  0.0    0  9.6 25 320   M    M   3 3      32 310
 8  79  58  69  -1   0   4 0.00  0.0    0 10.7 22 320   M    M   1 8      29 310
 9  80  51  66  -4   0   1 0.00  0.0    0  4.5 13 170   M    M   2 128    15 170
10  79  59  69  -1   0   4    T  0.0    0  7.2 15 150   M    M   1 18     18 140
11  83  60  72   1   0   7    T  0.0    0  7.4 18 360   M    M   2 128    23 350
12  85  62  74   3   0   9    T  0.0    0  8.6 21 310   M    M   4        27 310
13  76  57  67  -4   0   2 0.00  0.0    0 11.9 28 320   M    M   0        35 320
14  70  49  60 -11   5   0 0.00  0.0    0 11.6 23 350   M    M   4        29 330
15  76  46  61 -10   4   0 0.00  0.0    0  3.6 12  90   M    M   4        16  70
16  79  54  67  -4   0   2 0.00  0.0    0  3.3 12 220   M    M   6        15 220
17  86  53  70  -2   0   5 0.00  0.0    0  7.7 18 180   M    M   0        24 200
18  88  60  74   2   0   9 0.00  0.0    0 10.3 22 320   M    M   0        31 310
19  83  51  67  -5   0   2 0.00  0.0    0  6.5 18 160   M    M   0 1      22 160
20  94  62  78   6   0  13 0.00  0.0    0  5.3 15 310   M    M   0 1      20 290
21  90  64  77   5   0  12 0.30  0.0    0  9.1 44 290   M    M   1 138    54 310
22  82  62  72   0   0   7 0.00  0.0    0  5.0 12  90   M    M   4        14  90
23  84  64  74   2   0   9 0.00  0.0    0 11.5 22 140   M    M   3        27 120
24  81  64  73   1   0   8 0.01  0.0    0 15.1 32  90   M    M   4 38     38 100
25  84  59  72   0   0   7 0.00  0.0    0  8.9 23 320   M    M   1        33 310
26  79  55  67  -5   0   2    T  0.0    0 14.9 31 280   M    M   2        41 280
27  71  52  62 -10   3   0 0.00  0.0    0 10.2 18 340   M    M   5        24 350
28  77  44  61 -11   4   0 0.00  0.0    0  3.5 13 340   M    M   1 1      17 320
================================================================================
SM 2269 1572        28 137  0.73     0.0 244.5          M       60
================================================================================
AV 81.0 56.1                               8.7 FASTST   M    M   2    MAX(MPH)
                                 MISC ---->  # 44 290               # 54  310
================================================================================
NOTES:
# LAST OF SEVERAL OCCURRENCES

COLUMN 17 PEAK WIND IN M.P.H.

PRELIMINARY LOCAL CLIMATOLOGICAL DATA (WS FORM: F-6) , PAGE 2

                                          STATION:  BISMARCK ND
                                          MONTH:    JULY
                                          YEAR:     2014
                                          LATITUDE:   46 46 N
                                          LONGITUDE: 100 45 W

[TEMPERATURE DATA]      [PRECIPITATION DATA]       SYMBOLS USED IN COLUMN 16

AVERAGE MONTHLY: 68.6   TOTAL FOR MONTH:   0.73    1 = FOG OR MIST
DPTR FM NORMAL:  -2.3   DPTR FM NORMAL:   -1.90    2 = FOG REDUCING VISIBILITY
HIGHEST:    96 ON  5    GRTST 24HR  0.30 ON 21-21      TO 1/4 MILE OR LESS
LOWEST:     44 ON 28                               3 = THUNDER
                        SNOW, ICE PELLETS, HAIL    4 = ICE PELLETS
                        TOTAL MONTH:   0.0 INCH    5 = HAIL
                        GRTST 24HR     0.0         6 = FREEZING RAIN OR DRIZZLE
                        GRTST DEPTH:   0           7 = DUSTSTORM OR SANDSTORM:
                                                       VSBY 1/2 MILE OR LESS
                                                   8 = SMOKE OR HAZE
[NO. OF DAYS WITH]      [WEATHER - DAYS WITH]      9 = BLOWING SNOW
                                                   X = TORNADO
MAX 32 OR BELOW:   0    0.01 INCH OR MORE:   6
MAX 90 OR ABOVE:   3    0.10 INCH OR MORE:   3
MIN 32 OR BELOW:   0    0.50 INCH OR MORE:   0
MIN  0 OR BELOW:   0    1.00 INCH OR MORE:   0

[HDD (BASE 65) ]
TOTAL THIS MO.    28    CLEAR  (SCALE 0-3)  20
DPTR FM NORMAL    15    PTCLDY (SCALE 4-7)   8
TOTAL FM JUL 1    28    CLOUDY (SCALE 8-10)  0
DPTR FM NORMAL    15

[CDD (BASE 65) ]
TOTAL THIS MO.   137
DPTR FM NORMAL   -42    [PRESSURE DATA]
TOTAL FM JAN 1   241    HIGHEST SLP M ON M
DPTR FM NORMAL   -38    LOWEST  SLP 29.62 ON M

[REMARKS]




U.S. Dept. of Commerce
NOAA National Weather Service
1325 East West Highway
Silver Spring, MD 20910
E-mail: w-nws.webmaster@noaa.gov
Page last modified: May 16, 2007
NATIONAL WEATHER SERVICE: for Safety, for Work, for Fun - FOR LIFE