049
CXUS55 KBYZ 011111
CF6BIL
PRELIMINARY LOCAL CLIMATOLOGICAL DATA (WS FORM: F-6)

                                          STATION:   BILLINGS MT
                                          MONTH:     NOVEMBER
                                          YEAR:      2014
                                          LATITUDE:   45 47 N
                                          LONGITUDE: 108 32 W

  TEMPERATURE IN F:       :PCPN:    SNOW:  WIND      :SUNSHINE: SKY     :PK WND
================================================================================
1   2   3   4   5  6A  6B    7    8   9   10  11  12  13   14  15   16   17  18
                                     12Z  AVG MX 2MIN
DY MAX MIN AVG DEP HDD CDD  WTR  SNW DPTH SPD SPD DIR MIN PSBL S-S WX    SPD DR
================================================================================

 1  66  45  56  14   9   0    T  0.0    0  5.8 16  50   M    M   8 3      19  40
 2  58  35  47   5  18   0 0.00  0.0    0 10.9 31 300   M    M   5        39 300
 3  54  32  43   1  22   0 0.00  0.0    0 14.0 24 310   M    M   3        28 280
 4  58  34  46   5  19   0 0.00  0.0    0 16.7 25 230   M    M   5 8      31 240
 5  61  43  52  11  13   0 0.00  0.0    0  9.3 28 280   M    M   6        36 270
 6  66  37  52  12  13   0 0.00  0.0    0 13.4 24 240   M    M   6        28 240
 7  62  40  51  11  14   0    T  0.0    0 14.4 31 310   M    M   6        42 310
 8  69  31  50  11  15   0 0.00  0.0    0 14.4 28 280   M    M   4        35 280
 9  53  19  36  -3  29   0 0.12  0.2    0 10.7 35  20   M    M  10 14     41  10
10  19  10  15 -23  50   0 0.08  1.4    1  8.7 22  10   M    M  10 19     27  10
11  11  -1   5 -33  60   0 0.01  0.4    2  6.0 16  60   M    M   8 18     20  40
12  10  -4   3 -34  62   0    T    T    2  6.8 14 210   M    M   2        16 220
13  11  -8   2 -35  63   0 0.00  0.0    1  5.8 13 220   M    M   1 1      14 220
14  11  -2   5 -31  60   0 0.01  0.2    1  4.8 12  80   M    M   8 18     13  70
15  13   0   7 -29  58   0    T  0.2    2 12.2 30 230   M    M   4 1      35 230
16  32   6  19 -17  46   0 0.00  0.0    1 22.0 38 320   M    M   3        45 320
17  30   3  17 -18  48   0 0.00  0.0    T 12.8 29 230   M    M   1 1      34 230
18  37  18  28  -7  37   0 0.00  0.0    T 18.0 32 230   M    M   5        38 240
19  34  19  27  -7  38   0 0.00  0.0    T 10.6 18 240   M    M   1        22 230
20  42  21  32  -2  33   0 0.00  0.0    T 17.3 24 230   M    M   3        29 230
21  45  28  37   4  28   0 0.00  0.0    0 16.2 23 230   M    M   3        27 230
22  52  33  43  10  22   0    T  0.0    0 15.9 29 270   M    M   6        35 270
23  44  30  37   5  28   0 0.00  0.0    0 16.5 33 300   M    M   4        39 300
24  44  32  38   6  27   0    T  0.0    0 18.0 29 290   M    M   7        36 290
25  43  32  38   6  27   0    T    T    0 14.8 37 350   M    M  10 1      44 350
26  32  28  30  -1  35   0 0.31  6.2    1  5.5 12 240   M    M  10 1      13 240
27  52  27  40   9  25   0 0.00  0.0    6 14.1 28 240   M    M   7 12     33 240
28  61  38  50  20  15   0 0.00  0.0    0 10.5 24 260   M    M   6        29 260
29  38  -4  17 -13  48   0 0.20  4.4    0 15.1 25  50   M    M   9 128    31  40
30   9  -8   1 -29  64   0 0.01  0.2    4  9.5 21 220   M    M   2 1      26 240
================================================================================
SM 1217  614      1026   0  0.74    13.2 370.7          M      163
================================================================================
AV 40.6 20.5                              12.4 FASTST   M    M   5    MAX(MPH)
                                 MISC ---->  # 38 320               # 45  320
================================================================================
NOTES:
# LAST OF SEVERAL OCCURRENCES

COLUMN 17 PEAK WIND IN M.P.H.

PRELIMINARY LOCAL CLIMATOLOGICAL DATA (WS FORM: F-6) , PAGE 2

                                          STATION:  BILLINGS MT
                                          MONTH:    NOVEMBER
                                          YEAR:     2014
                                          LATITUDE:   45 47 N
                                          LONGITUDE: 108 32 W

[TEMPERATURE DATA]      [PRECIPITATION DATA]       SYMBOLS USED IN COLUMN 16

AVERAGE MONTHLY: 30.5   TOTAL FOR MONTH:   0.74    1 = FOG OR MIST
DPTR FM NORMAL:  -5.3   DPTR FM NORMAL:    0.11    2 = FOG REDUCING VISIBILITY
HIGHEST:    69 ON  8    GRTST 24HR  0.31 ON 26-26      TO 1/4 MILE OR LESS
LOWEST:     -8 ON 30,13                            3 = THUNDER
                        SNOW, ICE PELLETS, HAIL    4 = ICE PELLETS
                        TOTAL MONTH:  13.2 INCHES  5 = HAIL
                        GRTST 24HR   6.2 ON   M    6 = FREEZING RAIN OR DRIZZLE
                        GRTST DEPTH:   6 ON 27     7 = DUSTSTORM OR SANDSTORM:
                                                       VSBY 1/2 MILE OR LESS
                                                   8 = SMOKE OR HAZE
[NO. OF DAYS WITH]      [WEATHER - DAYS WITH]      9 = BLOWING SNOW
                                                   X = TORNADO
MAX 32 OR BELOW:  10    0.01 INCH OR MORE:   7
MAX 90 OR ABOVE:   0    0.10 INCH OR MORE:   3
MIN 32 OR BELOW:  22    0.50 INCH OR MORE:   0
MIN  0 OR BELOW:   7    1.00 INCH OR MORE:   0

[HDD (BASE 65) ]
TOTAL THIS MO.  1026    CLEAR  (SCALE 0-3)   7
DPTR FM NORMAL   150    PTCLDY (SCALE 4-7)  17
TOTAL FM JUL 1  1601    CLOUDY (SCALE 8-10)  6
DPTR FM NORMAL   -27

[CDD (BASE 65) ]
TOTAL THIS MO.     0
DPTR FM NORMAL     0    [PRESSURE DATA]
TOTAL FM JAN 1   618    HIGHEST SLP 30.89 ON 12
DPTR FM NORMAL   -18    LOWEST  SLP 29.32 ON 28

[REMARKS]
#FINAL-11-14#




U.S. Dept. of Commerce
NOAA National Weather Service
1325 East West Highway
Silver Spring, MD 20910
E-mail: w-nws.webmaster@noaa.gov
Page last modified: May 16, 2007
NATIONAL WEATHER SERVICE: for Safety, for Work, for Fun - FOR LIFE