781
CXUS55 KBYZ 301055
CF6BIL
PRELIMINARY LOCAL CLIMATOLOGICAL DATA (WS FORM: F-6)

                                          STATION:   BILLINGS MT
                                          MONTH:     JANUARY
                                          YEAR:      2015
                                          LATITUDE:   45 47 N
                                          LONGITUDE: 108 32 W

  TEMPERATURE IN F:       :PCPN:    SNOW:  WIND      :SUNSHINE: SKY     :PK WND
================================================================================
1   2   3   4   5  6A  6B    7    8   9   10  11  12  13   14  15   16   17  18
                                     12Z  AVG MX 2MIN
DY MAX MIN AVG DEP HDD CDD  WTR  SNW DPTH SPD SPD DIR MIN PSBL S-S WX    SPD DR
================================================================================

 1  26  13  20  -6  45   0 0.00  0.0    4 21.6 33 230   M    M   7        40 240
 2  39  17  28   2  37   0 0.08  0.8    3 18.0 26 240   M    M   5 1      32 240
 3  29   3  16 -10  49   0 0.25  6.0    6  8.8 30  30   M    M   9 1289   40  50
 4   4   1   3 -23  62   0 0.17  3.0    9  6.7 15  60   M    M  10 18     17  50
 5  39   2  21  -5  44   0 0.26  3.9   11 10.3 25  10   M    M  10 14     31  10
 6  13   6  10 -16  55   0 0.03  0.4   14  9.1 21  40   M    M  10 16     25  40
 7  31   6  19  -7  46   0    T  0.1   14 13.8 40 240   M    M   8 189    49 240
 8  42   2  22  -4  43   0 0.04  1.0   11 10.9 28  10   M    M   7 149    33  10
 9  26  -7  10 -17  55   0 0.00  0.0   12 12.4 26 230   M    M   4        33 230
10  31  21  26  -1  39   0 0.00  0.0   11 11.0 31 240   M    M   8        37 230
11  22  11  17 -10  48   0 0.19  2.5   11  7.8 15  40   M    M  10 18     19  50
12  22   4  13 -14  52   0    T  0.1   12  7.7 21 230   M    M   5 1      25 230
13  30  19  25  -2  40   0    T    T   11 13.9 22 240   M    M   3        27 230
14  33  19  26  -1  39   0 0.00  0.0   10 22.3 30 240   M    M   2        36 240
15  43  24  34   7  31   0 0.00  0.0    9 22.3 33 240   M    M   3        41 240
16  44  31  38  11  27   0 0.00  0.0    8 16.1 26 300   M    M   5        31 310
17  41  32  37  10  28   0 0.00  0.0    7 18.3 30 300   M    M   4        38 300
18  49  35  42  15  23   0    T  0.0    5 16.4 33 280   M    M   8        42 280
19  47  31  39  12  26   0 0.00  0.0    3 17.4 30 280   M    M   3        38 270
20  38  28  33   6  32   0    T  0.0    1 13.6 22 290   M    M   8        26 300
21  37  25  31   3  34   0 0.00  0.0    T 12.7 25 240   M    M   3        32 240
22  40  28  34   6  31   0 0.00  0.0    T 23.2 36 240   M    M   2        43 240
23  46  29  38  10  27   0 0.00  0.0    0 17.0 24 240   M    M   6        29 240
24  56  36  46  18  19   0    T  0.0    0 18.5 40 280   M    M   7        51 290
25  63  38  51  23  14   0 0.00  0.0    0 16.1 28 270   M    M   7        35 270
26  59  40  50  22  15   0 0.00  0.0    0 21.3 28 240   M    M   4        34 240
27  67  42  55  27  10   0 0.00  0.0    0 15.8 28 250   M    M   6        34 230
28  55  35  45  17  20   0    T  0.0    0 11.7 28 340   M    M   8        37 310
29  51  26  39  11  26   0 0.00  0.0    0 10.2 21 240   M    M   2        25 240
================================================================================
SM 1123  597      1017   0  1.02    17.8 424.9          M      174
================================================================================
AV 38.7 20.6                              14.7 FASTST   M    M   6    MAX(MPH)
                                 MISC ---->  # 40 240               # 51  290
================================================================================
NOTES:
# LAST OF SEVERAL OCCURRENCES

COLUMN 17 PEAK WIND IN M.P.H.

PRELIMINARY LOCAL CLIMATOLOGICAL DATA (WS FORM: F-6) , PAGE 2

                                          STATION:  BILLINGS MT
                                          MONTH:    JANUARY
                                          YEAR:     2015
                                          LATITUDE:   45 47 N
                                          LONGITUDE: 108 32 W

[TEMPERATURE DATA]      [PRECIPITATION DATA]       SYMBOLS USED IN COLUMN 16

AVERAGE MONTHLY: 29.7   TOTAL FOR MONTH:   1.02    1 = FOG OR MIST
DPTR FM NORMAL:   2.6   DPTR FM NORMAL:    0.57    2 = FOG REDUCING VISIBILITY
HIGHEST:    67 ON 27    GRTST 24HR  0.30 ON  2- 3      TO 1/4 MILE OR LESS
LOWEST:     -7 ON  9                               3 = THUNDER
                        SNOW, ICE PELLETS, HAIL    4 = ICE PELLETS
                        TOTAL MONTH:  17.8 INCHES  5 = HAIL
                        GRTST 24HR   6.0 ON  3- 3  6 = FREEZING RAIN OR DRIZZLE
                        GRTST DEPTH:  14 ON  7, 6  7 = DUSTSTORM OR SANDSTORM:
                                                       VSBY 1/2 MILE OR LESS
                                                   8 = SMOKE OR HAZE
[NO. OF DAYS WITH]      [WEATHER - DAYS WITH]      9 = BLOWING SNOW
                                                   X = TORNADO
MAX 32 OR BELOW:  10    0.01 INCH OR MORE:   7
MAX 90 OR ABOVE:   0    0.10 INCH OR MORE:   4
MIN 32 OR BELOW:  23    0.50 INCH OR MORE:   0
MIN  0 OR BELOW:   1    1.00 INCH OR MORE:   0

[HDD (BASE 65) ]
TOTAL THIS MO.  1017    CLEAR  (SCALE 0-3)   5
DPTR FM NORMAL   -84    PTCLDY (SCALE 4-7)  18
TOTAL FM JUL 1  3700    CLOUDY (SCALE 8-10)  6
DPTR FM NORMAL  -222

[CDD (BASE 65) ]
TOTAL THIS MO.     0
DPTR FM NORMAL     0    [PRESSURE DATA]
TOTAL FM JAN 1     0    HIGHEST SLP M ON M
DPTR FM NORMAL     0    LOWEST  SLP 29.76 ON 16

[REMARKS]




U.S. Dept. of Commerce
NOAA National Weather Service
1325 East West Highway
Silver Spring, MD 20910
E-mail: w-nws.webmaster@noaa.gov
Page last modified: May 16, 2007
NATIONAL WEATHER SERVICE: for Safety, for Work, for Fun - FOR LIFE