796
CXUS55 KBYZ 011055
CF6BIL
PRELIMINARY LOCAL CLIMATOLOGICAL DATA (WS FORM: F-6)

                                          STATION:   BILLINGS MT
                                          MONTH:     SEPTEMBER
                                          YEAR:      2014
                                          LATITUDE:   45 47 N
                                          LONGITUDE: 108 32 W

  TEMPERATURE IN F:       :PCPN:    SNOW:  WIND      :SUNSHINE: SKY     :PK WND
================================================================================
1   2   3   4   5  6A  6B    7    8   9   10  11  12  13   14  15   16   17  18
                                     12Z  AVG MX 2MIN
DY MAX MIN AVG DEP HDD CDD  WTR  SNW DPTH SPD SPD DIR MIN PSBL S-S WX    SPD DR
================================================================================

 1  73  52  63  -4   2   0    T  0.0    0 10.7 22 270   M    M   5        32 270
 2  81  52  67   1   0   2 0.00  0.0    0  4.9 13  50   M    M   2        17 120
 3  84  50  67   1   0   2 0.00  0.0    0  9.3 30 320   M    M   3        38 360
 4  66  46  56  -9   9   0 0.00  0.0    0  7.8 20 320   M    M   3        27 320
 5  71  43  57  -8   8   0 0.00  0.0    0  5.3 12  90   M    M   1        14 110
 6  79  45  62  -2   3   0 0.00  0.0    0  6.9 16 220   M    M   0        19 230
 7  87  50  69   5   0   4 0.00  0.0    0 10.9 26 300   M    M   1        33 300
 8  89  54  72   8   0   7 0.00  0.0    0 13.8 28 280   M    M   3        36 280
 9  64  43  54  -9  11   0    T  0.0    0 11.0 18  30   M    M  10 1      22  10
10  45  36  41 -22  24   0 0.23  0.0    0 12.4 21  50   M    M  10 1      26  50
11  44  34  39 -23  26   0 0.01    T    0  9.8 17  50   M    M   7 1      21  50
12  62  30  46 -16  19   0 0.00  0.0    0  9.2 23 230   M    M   3 12     30 220
13  58  37  48 -13  17   0 0.00  0.0    0  7.6 16  50   M    M   4        19  50
14  64  36  50 -11  15   0 0.00  0.0    0  5.1 14  70   M    M   2        17  40
15  73  41  57  -3   8   0 0.00  0.0    0  4.6 10 190   M    M   0 8      10  50
16  85  47  66   6   0   1 0.00  0.0    0 10.7 21 230   M    M   5        25 170
17  87  59  73  13   0   8    T  0.0    0  8.6 24 230   0    0   0        29 280
18  72  62  67   8   0   2 0.17  0.0    0 12.7 26 280   M    M   8 3      33 280
19  79  58  69  10   0   4 0.00  0.0    0 11.9 23 330   M    M   4        29 350
20  76  50  63   5   2   0 0.00  0.0    0  8.1 16  30   M    M   1        22  10
21  78  46  62   4   3   0 0.00  0.0    0  6.2 16  90   M    M   2        24 100
22  83  54  69  12   0   4 0.00  0.0    0  8.9 16 230   M    M   7        21 240
23  86  59  73  16   0   8 0.00  0.0    0 10.1 21 230   M    M   3        25 230
24  89  57  73  17   0   8 0.00  0.0    0  7.2 15 240   M    M   4        19 240
25  92  54  73  17   0   8 0.00  0.0    0  7.5 16 220   M    M   0        18 110
26  88  58  73  17   0   8 0.00  0.0    0 12.4 22  60   M    M   3        27  70
27  66  49  58   3   7   0 0.08  0.0    0 12.5 22  60   M    M   9 1      26  40
28  49  45  47  -8  18   0 0.02  0.0    0 12.7 18  50   M    M  10 1      22  50
29  59  48  54   0  11   0 0.06  0.0    0  5.7 14  50   M    M   7 12     15  60
30  65  44  55   1  10   0    T  0.0    0 14.4 26 320   M    M   7 12     32 320
================================================================================
SM 2194 1439       193  66  0.57    T    278.9            0    124
================================================================================
AV 73.1 48.0                               9.3 FASTST    0   0   4    MAX(MPH)
                                 MISC ---->  # 30 320               # 38  360
================================================================================
NOTES:
# LAST OF SEVERAL OCCURRENCES

COLUMN 17 PEAK WIND IN M.P.H.

PRELIMINARY LOCAL CLIMATOLOGICAL DATA (WS FORM: F-6) , PAGE 2

                                          STATION:  BILLINGS MT
                                          MONTH:    SEPTEMBER
                                          YEAR:     2014
                                          LATITUDE:   45 47 N
                                          LONGITUDE: 108 32 W

[TEMPERATURE DATA]      [PRECIPITATION DATA]       SYMBOLS USED IN COLUMN 16

AVERAGE MONTHLY: 60.5   TOTAL FOR MONTH:   0.57    1 = FOG OR MIST
DPTR FM NORMAL:   0.2   DPTR FM NORMAL:   -0.73    2 = FOG REDUCING VISIBILITY
HIGHEST:    92 ON 25    GRTST 24HR  0.23 ON 10-10      TO 1/4 MILE OR LESS
LOWEST:     30 ON 12                               3 = THUNDER
                        SNOW, ICE PELLETS, HAIL    4 = ICE PELLETS
                        TOTAL MONTH:    T          5 = HAIL
                        GRTST 24HR    T  ON 11-11  6 = FREEZING RAIN OR DRIZZLE
                        GRTST DEPTH:   0           7 = DUSTSTORM OR SANDSTORM:
                                                       VSBY 1/2 MILE OR LESS
                                                   8 = SMOKE OR HAZE
[NO. OF DAYS WITH]      [WEATHER - DAYS WITH]      9 = BLOWING SNOW
                                                   X = TORNADO
MAX 32 OR BELOW:   0    0.01 INCH OR MORE:   6
MAX 90 OR ABOVE:   1    0.10 INCH OR MORE:   2
MIN 32 OR BELOW:   1    0.50 INCH OR MORE:   0
MIN  0 OR BELOW:   0    1.00 INCH OR MORE:   0

[HDD (BASE 65) ]
TOTAL THIS MO.   193    CLEAR  (SCALE 0-3)  16
DPTR FM NORMAL     1    PTCLDY (SCALE 4-7)  10
TOTAL FM JUL 1   241    CLOUDY (SCALE 8-10)  4
DPTR FM NORMAL    12

[CDD (BASE 65) ]
TOTAL THIS MO.    66
DPTR FM NORMAL    15    [PRESSURE DATA]
TOTAL FM JAN 1   618    HIGHEST SLP 30.58 ON 11
DPTR FM NORMAL   -15    LOWEST  SLP 29.51 ON  3

[REMARKS]
#FINAL-09-14#




U.S. Dept. of Commerce
NOAA National Weather Service
1325 East West Highway
Silver Spring, MD 20910
E-mail: w-nws.webmaster@noaa.gov
Page last modified: May 16, 2007
NATIONAL WEATHER SERVICE: for Safety, for Work, for Fun - FOR LIFE