998
CXUS55 KVEF 010940
CF6BIH
PRELIMINARY LOCAL CLIMATOLOGICAL DATA (WS FORM: F-6)

                                          STATION:   BISHOP CA
                                          MONTH:     SEPTEMBER
                                          YEAR:      2014
                                          LATITUDE:   37 22 N
                                          LONGITUDE: 118 22 W

  TEMPERATURE IN F:       :PCPN:    SNOW:  WIND      :SUNSHINE: SKY     :PK WND
================================================================================
1   2   3   4   5  6A  6B    7    8   9   10  11  12  13   14  15   16   17  18
                                     12Z  AVG MX 2MIN
DY MAX MIN AVG DEP HDD CDD  WTR  SNW DPTH SPD SPD DIR MIN PSBL S-S WX    SPD DR
================================================================================

 1 100  56  78   6   0  13 0.00  0.0    0  9.2 20 160   M    M   0        24 160
 2 100  54  77   5   0  12 0.00  0.0    0  9.8 22 150   M    M   0        28 140
 3  98  54  76   5   0  11 0.00  0.0    0  6.7 21 150   M    M   0        25 150
 4  95  64  80   9   0  15 0.00  0.0    0  9.5 16 350   M    M   0        28 170
 5  94  51  73   2   0   8 0.00  0.0    0  9.2 22 150   M    M   0        28 180
 6  95  48  72   1   0   7 0.00  0.0    0  9.8 23 160   M    M   0        30 190
 7  96  51  74   4   0   9 0.00  0.0    0  8.0 21 160   M    M   1        28 170
 8  88  60  74   4   0   9    T  0.0    0  8.1 21 170   M    M   2 3      26 170
 9  90  47  69  -1   0   4 0.00  0.0    0  5.4 13 340   M    M   0        17 330
10  93  45  69  -1   0   4 0.00  0.0    0  6.1 14 140   M    M   0        19 150
11  95  50  73   4   0   8 0.00  0.0    0  6.1 13 150   M    M   0        17 150
12  96  52  74   5   0   9 0.00  0.0    0  7.4 18 150   M    M   0        25 180
13  96  52  74   5   0   9 0.00  0.0    0  5.6 17  20   M    M   0        25 140
14  94  56  75   7   0  10 0.00  0.0    0  4.7 18 150   M    M   1        23 150
15  97  54  76   8   0  11 0.00  0.0    0  5.9 20 160   M    M   0        25 150
16  98  55  77   9   0  12 0.00  0.0    0  6.2 15 270   M    M   1        20 260
17  96  56  76   9   0  11 0.00  0.0    0  7.4 23 160   M    M   0        30 170
18  94  54  74   7   0   9 0.00  0.0    0  7.0 17 180   M    M   0 8      23 170
19  90  58  74   7   0   9 0.00  0.0    0  7.1 17 100   M    M   3 8      23  80
20  90  50  70   4   0   5 0.09  0.0    0  7.7 32 180   M    M   1 3      56 160
21  85  53  69   3   0   4    T  0.0    0  5.7 15 170   M    M   2 3      20 150
22  90  50  70   4   0   5 0.00  0.0    0  8.1 18 160   M    M   0        24 140
23  92  48  70   5   0   5 0.00  0.0    0 11.0 23 160   M    M   0        29 160
24  92  44  68   3   0   3 0.00  0.0    0 12.0 26 160   M    M   0        33 160
25  94  60  77  13   0  12 0.00  0.0    0 16.5 30 150   M    M   0        37 170
26  89  50  70   6   0   5 0.00  0.0    0 12.2 28  10   M    M   0        37  10
27  69  49  59  -5   6   0    T    M    0 14.8 28 340   M    M   6        39  10
28  69  46  58  -5   7   0 0.07    M    0  6.8 23  10   M    M   7        31  10
29  76  38  57  -6   8   0 0.00  0.0    0  4.7 14  40   M    M   0        17  40
30  82  40  61  -2   4   0 0.00  0.0    0  7.2 17 360   M    M   0        23 350
================================================================================
SM 2733 1545        25 219  0.16     0.0 245.9          M       24
================================================================================
AV 91.1 51.5                               8.2 FASTST   M    M   1    MAX(MPH)
                                 MISC ---->  # 32 180               # 56  160
================================================================================
NOTES:
# LAST OF SEVERAL OCCURRENCES

COLUMN 17 PEAK WIND IN M.P.H.

PRELIMINARY LOCAL CLIMATOLOGICAL DATA (WS FORM: F-6) , PAGE 2

                                          STATION:  BISHOP CA
                                          MONTH:    SEPTEMBER
                                          YEAR:     2014
                                          LATITUDE:   37 22 N
                                          LONGITUDE: 118 22 W

[TEMPERATURE DATA]      [PRECIPITATION DATA]       SYMBOLS USED IN COLUMN 16

AVERAGE MONTHLY: 71.3   TOTAL FOR MONTH:   0.16    1 = FOG OR MIST
DPTR FM NORMAL:   3.7   DPTR FM NORMAL:   -0.03    2 = FOG REDUCING VISIBILITY
HIGHEST:   100 ON  2, 1 GRTST 24HR  0.09 ON 20-20      TO 1/4 MILE OR LESS
LOWEST:     38 ON 29                               3 = THUNDER
                        SNOW, ICE PELLETS, HAIL    4 = ICE PELLETS
                        TOTAL MONTH:   0.0 INCH    5 = HAIL
                        GRTST 24HR     0.0         6 = FREEZING RAIN OR DRIZZLE
                        GRTST DEPTH:   0           7 = DUSTSTORM OR SANDSTORM:
                                                       VSBY 1/2 MILE OR LESS
                                                   8 = SMOKE OR HAZE
[NO. OF DAYS WITH]      [WEATHER - DAYS WITH]      9 = BLOWING SNOW
                                                   X = TORNADO
MAX 32 OR BELOW:   0    0.01 INCH OR MORE:   2
MAX 90 OR ABOVE:  23    0.10 INCH OR MORE:   0
MIN 32 OR BELOW:   0    0.50 INCH OR MORE:   0
MIN  0 OR BELOW:   0    1.00 INCH OR MORE:   0

[HDD (BASE 65) ]
TOTAL THIS MO.    25    CLEAR  (SCALE 0-3)  28
DPTR FM NORMAL   -16    PTCLDY (SCALE 4-7)   2
TOTAL FM JUL 1    25    CLOUDY (SCALE 8-10)  0
DPTR FM NORMAL   -18

[CDD (BASE 65) ]
TOTAL THIS MO.   219
DPTR FM NORMAL   100    [PRESSURE DATA]
TOTAL FM JAN 1  1366    HIGHEST SLP M ON M
DPTR FM NORMAL   270    LOWEST  SLP 29.55 ON  3

[REMARKS]
#FINAL-09-14#




U.S. Dept. of Commerce
NOAA National Weather Service
1325 East West Highway
Silver Spring, MD 20910
E-mail: w-nws.webmaster@noaa.gov
Page last modified: May 16, 2007
NATIONAL WEATHER SERVICE: for Safety, for Work, for Fun - FOR LIFE