266
CXUS55 KVEF 010940
CF6BIH
PRELIMINARY LOCAL CLIMATOLOGICAL DATA (WS FORM: F-6)

                                          STATION:   BISHOP CA
                                          MONTH:     JANUARY
                                          YEAR:      2015
                                          LATITUDE:   37 22 N
                                          LONGITUDE: 118 22 W

  TEMPERATURE IN F:       :PCPN:    SNOW:  WIND      :SUNSHINE: SKY     :PK WND
================================================================================
1   2   3   4   5  6A  6B    7    8   9   10  11  12  13   14  15   16   17  18
                                     12Z  AVG MX 2MIN
DY MAX MIN AVG DEP HDD CDD  WTR  SNW DPTH SPD SPD DIR MIN PSBL S-S WX    SPD DR
================================================================================

 1  53  17  35  -2  30   0 0.00  0.0    0 10.0 22 350   M    M   0        26 360
 2  53  13  33  -5  32   0 0.00  0.0    0  3.5 12 330   M    M   0        13 320
 3  58  14  36  -2  29   0 0.00  0.0    0  5.5 14 160   M    M   0        17 160
 4  58  18  38   0  27   0 0.00  0.0    0  4.3 10 300   M    M   0        11  30
 5  68  22  45   7  20   0 0.00  0.0    0  4.9 10 300   M    M   0        10 350
 6  69  26  48  10  17   0 0.00  0.0    0  4.3 10 320   M    M   0        10 320
 7  70  26  48  10  17   0 0.00  0.0    0  5.6 10 310   M    M   0        15 330
 8  69  27  48  10  17   0 0.00  0.0    0  5.2 10 320   M    M   0        12  10
 9  57  28  43   5  22   0 0.00  0.0    0  4.4 14 150   M    M   5        16 160
10  63  36  50  12  15   0 0.00  0.0    0  2.9 10 220   M    M   7        12 140
11  58  30  44   6  21   0 0.00  0.0    0  4.5 10 160   M    M   3        14 160
12  60  25  43   5  22   0 0.00  0.0    0  7.1 22 350   M    M   2        30 350
13  57  31  44   6  21   0 0.00  0.0    0 13.5 25  10   M    M   1        32  10
14  62  20  41   3  24   0 0.00  0.0    0  5.7 13 340   M    M   0        16 330
15  59  17  38   0  27   0 0.00  0.0    0  5.4 10 180   M    M   0        15 330
16  61  24  43   5  22   0 0.00  0.0    0  3.9 13 290   M    M   0        14 290
17  66  25  46   8  19   0 0.00  0.0    0  5.1 14 160   M    M   0        18 160
18  65  27  46   7  19   0 0.00  0.0    0  5.0 10 320   M    M   0        13 180
19  69  28  49  10  16   0 0.00  0.0    0  4.2 14 180   M    M   0        17 180
20  61  28  45   6  20   0 0.00  0.0    0  6.7 20  10   M    M   0        26  20
21  61  29  45   6  20   0 0.00  0.0    0  9.5 21 360   M    M   0        26 360
22  57  21  39   0  26   0 0.00  0.0    0  5.3 12 300   M    M   0        13 330
23  66  26  46   7  19   0 0.00  0.0    0 12.0 29 360   M    M   0        35 360
24  69  24  47   8  18   0 0.00  0.0    0  6.9 14 320   M    M   0        17 330
25  76  29  53  14  12   0 0.00  0.0    0  6.1 15 180   M    M   0        20 180
26  73  29  51  12  14   0    T  0.0    0 12.4 33 150   M    M   2        42 150
27  58  44  51  12  14   0 0.09  0.0    0  6.7 22 170   M    M   9 1      27 170
28  61  32  47   8  18   0 0.00  0.0    0  5.3 13 160   M    M   2        15 180
29  62  33  48   8  17   0 0.00  0.0    0  4.7 10 190   M    M   2        14 180
30  59  40  50  10  15   0 0.00  0.0    0 12.4 23 360   M    M   8        31 360
31  64  34  49   9  16   0 0.00  0.0    0 14.8 28  10   M    M   3        34  10
================================================================================
SM 1942  823       626   0  0.09     0.0 207.8          M       44
================================================================================
AV 62.6 26.5                               6.7 FASTST   M    M   1    MAX(MPH)
                                 MISC ---->  # 33 150               # 42  150
================================================================================
NOTES:
# LAST OF SEVERAL OCCURRENCES

COLUMN 17 PEAK WIND IN M.P.H.

PRELIMINARY LOCAL CLIMATOLOGICAL DATA (WS FORM: F-6) , PAGE 2

                                          STATION:  BISHOP CA
                                          MONTH:    JANUARY
                                          YEAR:     2015
                                          LATITUDE:   37 22 N
                                          LONGITUDE: 118 22 W

[TEMPERATURE DATA]      [PRECIPITATION DATA]       SYMBOLS USED IN COLUMN 16

AVERAGE MONTHLY: 44.6   TOTAL FOR MONTH:   0.09    1 = FOG OR MIST
DPTR FM NORMAL:   6.1   DPTR FM NORMAL:   -0.96    2 = FOG REDUCING VISIBILITY
HIGHEST:    76 ON 25    GRTST 24HR  0.09 ON 27-27      TO 1/4 MILE OR LESS
LOWEST:     13 ON  2                               3 = THUNDER
                        SNOW, ICE PELLETS, HAIL    4 = ICE PELLETS
                        TOTAL MONTH:   0.0 INCH    5 = HAIL
                        GRTST 24HR     0.0         6 = FREEZING RAIN OR DRIZZLE
                        GRTST DEPTH:   0           7 = DUSTSTORM OR SANDSTORM:
                                                       VSBY 1/2 MILE OR LESS
                                                   8 = SMOKE OR HAZE
[NO. OF DAYS WITH]      [WEATHER - DAYS WITH]      9 = BLOWING SNOW
                                                   X = TORNADO
MAX 32 OR BELOW:   0    0.01 INCH OR MORE:   1
MAX 90 OR ABOVE:   0    0.10 INCH OR MORE:   0
MIN 32 OR BELOW:  26    0.50 INCH OR MORE:   0
MIN  0 OR BELOW:   0    1.00 INCH OR MORE:   0

[HDD (BASE 65) ]
TOTAL THIS MO.   626    CLEAR  (SCALE 0-3)  26
DPTR FM NORMAL  -196    PTCLDY (SCALE 4-7)   3
TOTAL FM JUL 1  2038    CLOUDY (SCALE 8-10)  2
DPTR FM NORMAL  -531

[CDD (BASE 65) ]
TOTAL THIS MO.     0
DPTR FM NORMAL     0    [PRESSURE DATA]
TOTAL FM JAN 1     0    HIGHEST SLP M ON M
DPTR FM NORMAL     0    LOWEST  SLP 29.83 ON 30

[REMARKS]
#FINAL-01-15#




U.S. Dept. of Commerce
NOAA National Weather Service
1325 East West Highway
Silver Spring, MD 20910
E-mail: w-nws.webmaster@noaa.gov
Page last modified: May 16, 2007
NATIONAL WEATHER SERVICE: for Safety, for Work, for Fun - FOR LIFE