774
CXUS54 KBMX 261216
CF6BHM
PRELIMINARY LOCAL CLIMATOLOGICAL DATA (WS FORM: F-6)

                                          STATION:   BIRMINGHAM
                                          MONTH:     JANUARY
                                          YEAR:      2015
                                          LATITUDE:   33 34 N
                                          LONGITUDE:  86 45 W

  TEMPERATURE IN F:       :PCPN:    SNOW:  WIND      :SUNSHINE: SKY     :PK WND
================================================================================
1   2   3   4   5  6A  6B    7    8   9   10  11  12  13   14  15   16   17  18
                                     12Z  AVG MX 2MIN
DY MAX MIN AVG DEP HDD CDD  WTR  SNW DPTH SPD SPD DIR MIN PSBL S-S WX    SPD DR
================================================================================

 1  52  31  42  -2  23   0 0.12  0.0    0  2.7  9 360   M    M   9 1      12  90
 2  52  43  48   4  17   0 0.67    M    0  4.6 12 140   M    M  10 1      15  60
 3  66  52  59  15   6   0 1.64  0.0    0  9.2 30 220   M    M  10 13     40 220
 4  63  41  52   8  13   0 0.62  0.0    0 11.2 22 280   M    M   9 1      27 280
 5  46  30  38  -6  27   0 0.00  0.0    0  7.6 20 330   M    M   5        24 330
 6  53  27  40  -4  25   0 0.00  0.0    0  6.3 16 290   M    M   1        21 300
 7  38  12  25 -19  40   0 0.00  0.0    0 12.8 26 340   M    M   4        35 320
 8  33   8  21 -23  44   0 0.00  0.0    0  5.7 16 360   M    M   0        20 360
 9  39  22  31 -13  34   0 0.00  0.0    0  5.3 13 330   M    M   1        18 320
10  47  15  31 -13  34   0 0.00  0.0    0  4.1 13  50   M    M   3        16  70
11  50  34  42  -2  23   0    T  0.0    0  5.7 12 110   M    M   9        16 110
12  54  46  50   6  15   0 0.05  0.0    0  5.2 14 340   M    M  10 12     16 360
13  46  35  41  -3  24   0 0.00  0.0    0  8.8 14 350   M    M  10 1      18 340
14  42  34  38  -6  27   0 0.00  0.0    0  5.8  9 340   M    M  10 1      13  20
15  39  31  35  -9  30   0 0.01    T    0  3.1 10 330   M    M   9 148    12 320
16  54  25  40  -4  25   0 0.00  0.0    0  1.9 12 350   M    M   3 128    15 350
17  62  30  46   2  19   0 0.00  0.0    0  5.6 16 200   M    M   3        21 190
18  60  34  47   3  18   0 0.00  0.0    0  6.9 17 280   M    M   2        24 270
19  68  30  49   5  16   0 0.00  0.0    0  5.8 17 220   M    M   2        21 210
20  66  36  51   7  14   0 0.00  0.0    0  4.0 12 220   M    M   3        17 250
21  64  33  49   5  16   0 0.00  0.0    0  4.6 15  10   M    M   3        22 330
22  53  34  44   0  21   0 0.55  0.0    0  6.4 15  20   M    M   9 1      21  80
23  49  40  45   1  20   0 0.67  0.0    0  7.4 17 320   M    M  10 1      27  70
24  49  32  41  -3  24   0 0.01  0.0    0  7.9 17 330   M    M   4 1      22 310
25  61  30  46   2  19   0 0.04  0.0    0  8.3 43 270   M    M   3 3      57 260
================================================================================
SM 1306  785       574   0  4.38    T    156.9          M      142
================================================================================
AV 52.2 31.4                               6.3 FASTST   M    M   6    MAX(MPH)
                                 MISC ---->  # 43 270               # 57  260
================================================================================
NOTES:
# LAST OF SEVERAL OCCURRENCES

COLUMN 17 PEAK WIND IN M.P.H.

PRELIMINARY LOCAL CLIMATOLOGICAL DATA (WS FORM: F-6) , PAGE 2

                                          STATION:  BIRMINGHAM
                                          MONTH:    JANUARY
                                          YEAR:     2015
                                          LATITUDE:   33 34 N
                                          LONGITUDE:  86 45 W

[TEMPERATURE DATA]      [PRECIPITATION DATA]       SYMBOLS USED IN COLUMN 16

AVERAGE MONTHLY: 41.8   TOTAL FOR MONTH:   4.38    1 = FOG OR MIST
DPTR FM NORMAL:  -2.2   DPTR FM NORMAL:    0.53    2 = FOG REDUCING VISIBILITY
HIGHEST:    68 ON 19    GRTST 24HR  2.26 ON  3- 4      TO 1/4 MILE OR LESS
LOWEST:      8 ON  8                               3 = THUNDER
                        SNOW, ICE PELLETS, HAIL    4 = ICE PELLETS
                        TOTAL MONTH:    T          5 = HAIL
                        GRTST 24HR    T  ON 15-15  6 = FREEZING RAIN OR DRIZZLE
                        GRTST DEPTH:   0           7 = DUSTSTORM OR SANDSTORM:
                                                       VSBY 1/2 MILE OR LESS
                                                   8 = SMOKE OR HAZE
[NO. OF DAYS WITH]      [WEATHER - DAYS WITH]      9 = BLOWING SNOW
                                                   X = TORNADO
MAX 32 OR BELOW:   0    0.01 INCH OR MORE:  10
MAX 90 OR ABOVE:   0    0.10 INCH OR MORE:   6
MIN 32 OR BELOW:  13    0.50 INCH OR MORE:   5
MIN  0 OR BELOW:   0    1.00 INCH OR MORE:   1

[HDD (BASE 65) ]
TOTAL THIS MO.   574    CLEAR  (SCALE 0-3)   9
DPTR FM NORMAL    40    PTCLDY (SCALE 4-7)   5
TOTAL FM JUL 1  1632    CLOUDY (SCALE 8-10) 11
DPTR FM NORMAL    51

[CDD (BASE 65) ]
TOTAL THIS MO.     0
DPTR FM NORMAL     0    [PRESSURE DATA]
TOTAL FM JAN 1     0    HIGHEST SLP M ON M
DPTR FM NORMAL     0    LOWEST  SLP 29.73 ON 25

[REMARKS]




U.S. Dept. of Commerce
NOAA National Weather Service
1325 East West Highway
Silver Spring, MD 20910
E-mail: w-nws.webmaster@noaa.gov
Page last modified: May 16, 2007
NATIONAL WEATHER SERVICE: for Safety, for Work, for Fun - FOR LIFE