651
CXUS55 KBYZ 281055
CF6BHK
PRELIMINARY LOCAL CLIMATOLOGICAL DATA (WS FORM: F-6)

                                          STATION:   BAKER MT
                                          MONTH:     JULY
                                          YEAR:      2014
                                          LATITUDE:   46 20 N
                                          LONGITUDE: 104 15 W

  TEMPERATURE IN F:       :PCPN:    SNOW:  WIND      :SUNSHINE: SKY     :PK WND
================================================================================
1   2   3   4   5  6A  6B    7    8   9   10  11  12  13   14  15   16   17  18
                                     12Z  AVG MX 2MIN
DY MAX MIN AVG DEP HDD CDD  WTR  SNW DPTH SPD SPD DIR MIN PSBL S-S WX    SPD DR
================================================================================

 1  71  48  60  -8   5   0 0.01    M    M 13.5 28 310   M    M   6        36 320
 2  79  45  62  -6   3   0 0.00    M    M  3.9 12  90   M    M   2        14 340
 3  81  50  66  -2   0   1 0.00    M    M 14.9 28 130   M    M   0        34 120
 4  95  56  76   8   0  11 0.00    M    M  5.9 14 280   M    M   0 138    18 310
 5  94  60  77   8   0  12 0.00    M    M  6.7 16 320   M    M   0        21 330
 6  90  56  73   4   0   8 0.00    M    M  6.9 21 260   M    M   0        26 280
 7  78  54  66  -3   0   1 0.07    M    M 12.2 30 310   M    M   4 1      38 310
 8  80  49  65  -5   0   0 0.00    M    M  7.2 18 330   M    M   1        23 320
 9  88  49  69  -1   0   4 0.00    M    M 11.3 23 150   M    M   0 1      29 160
10  92  62  77   7   0  12 0.02    M    M 10.0 26 160   M    M   2        32 160
11  85  58  72   2   0   7 0.14    M    M  9.8 23  20   M    M   1 3      32  40
12  84  53  69  -2   0   4 0.37    M    M  8.1 23 310   M    M   3 13     28 320
13  81  50  66  -5   0   1 0.00    M    M  9.9 25 330   M    M   1        31 330
14  75  45  60 -11   5   0 0.00    M    M  6.9 16  20   M    M   1        22  20
15  76  43  60 -11   5   0 0.00    M    M 12.0 21 110   M    M   0        29 120
16  84  42  63  -8   2   0 0.00    M    M  7.5 21 150   M    M   1        25 150
17  90  51  71  -1   0   6 0.00    M    M  6.8 17 150   M    M   1        22 150
18  82  53  68  -4   0   3 0.00    M    M 10.2 25 300   M    M   0        32 290
19  92  50  71  -1   0   6 0.00    M    M 10.1 23 170   M    M   0 8      29 160
20  97  56  77   5   0  12 0.00    M    M  9.0 21 290   M    M   0 8      26 310
21  88  59  74   2   0   9 0.00    M    M  9.6 26  20   M    M   0        30  20
22  91  54  73   1   0   8 0.77    M    M  8.6 31 250   M    M   2 13     55 270
23  87  56  72   0   0   7 0.00    M    M 14.4 28 120   M    M   0        34 120
24  93  59  76   4   0  11    T    M    M 14.2 36 340   M    M   0 3      46 350
25  88  48  68  -4   0   3 0.00    M    M  7.3 21 240   M    M   0        28 240
26  79  50  65  -7   0   0 0.00    M    M 17.2 35 270   M    M   1        46 310
27  80  48  64  -9   1   0 0.00    M    M  7.0 15 340   M    M   1        20 310
================================================================================
SM 2300 1404        21 126  1.38    M    261.1          M       27
================================================================================
AV 85.2 52.0                               9.7 FASTST   M    M   1    MAX(MPH)
                                 MISC ---->  # 36 340               # 55  270
================================================================================
NOTES:
# LAST OF SEVERAL OCCURRENCES

COLUMN 17 PEAK WIND IN M.P.H.

PRELIMINARY LOCAL CLIMATOLOGICAL DATA (WS FORM: F-6) , PAGE 2

                                          STATION:  BAKER MT
                                          MONTH:    JULY
                                          YEAR:     2014
                                          LATITUDE:   46 20 N
                                          LONGITUDE: 104 15 W

[TEMPERATURE DATA]      [PRECIPITATION DATA]       SYMBOLS USED IN COLUMN 16

AVERAGE MONTHLY: 68.6   TOTAL FOR MONTH:   1.38    1 = FOG OR MIST
DPTR FM NORMAL:  -2.0   DPTR FM NORMAL:   -0.32    2 = FOG REDUCING VISIBILITY
HIGHEST:    97 ON 20    GRTST 24HR  0.77 ON 22-22      TO 1/4 MILE OR LESS
LOWEST:     42 ON 16                               3 = THUNDER
                        SNOW, ICE PELLETS, HAIL    4 = ICE PELLETS
                        TOTAL MONTH:    M          5 = HAIL
                        GRTST 24HR    M  ON   M    6 = FREEZING RAIN OR DRIZZLE
                        GRTST DEPTH:  M  ON   M    7 = DUSTSTORM OR SANDSTORM:
                                                       VSBY 1/2 MILE OR LESS
                                                   8 = SMOKE OR HAZE
[NO. OF DAYS WITH]      [WEATHER - DAYS WITH]      9 = BLOWING SNOW
                                                   X = TORNADO
MAX 32 OR BELOW:   0    0.01 INCH OR MORE:   6
MAX 90 OR ABOVE:   9    0.10 INCH OR MORE:   3
MIN 32 OR BELOW:   0    0.50 INCH OR MORE:   1
MIN  0 OR BELOW:   0    1.00 INCH OR MORE:   0

[HDD (BASE 65) ]
TOTAL THIS MO.    21    CLEAR  (SCALE 0-3)  25
DPTR FM NORMAL     2    PTCLDY (SCALE 4-7)   2
TOTAL FM JUL 1    21    CLOUDY (SCALE 8-10)  0
DPTR FM NORMAL     2

[CDD (BASE 65) ]
TOTAL THIS MO.   126
DPTR FM NORMAL   -46    [PRESSURE DATA]
TOTAL FM JAN 1   152    HIGHEST SLP M ON M
DPTR FM NORMAL   -75    LOWEST  SLP 29.61 ON 24

[REMARKS]




U.S. Dept. of Commerce
NOAA National Weather Service
1325 East West Highway
Silver Spring, MD 20910
E-mail: w-nws.webmaster@noaa.gov
Page last modified: May 16, 2007
NATIONAL WEATHER SERVICE: for Safety, for Work, for Fun - FOR LIFE