297
CXUS55 KBYZ 291055
CF6BHK
PRELIMINARY LOCAL CLIMATOLOGICAL DATA (WS FORM: F-6)

                                          STATION:   BAKER MT
                                          MONTH:     AUGUST
                                          YEAR:      2014
                                          LATITUDE:   46 20 N
                                          LONGITUDE: 104 15 W

  TEMPERATURE IN F:       :PCPN:    SNOW:  WIND      :SUNSHINE: SKY     :PK WND
================================================================================
1   2   3   4   5  6A  6B    7    8   9   10  11  12  13   14  15   16   17  18
                                     12Z  AVG MX 2MIN
DY MAX MIN AVG DEP HDD CDD  WTR  SNW DPTH SPD SPD DIR MIN PSBL S-S WX    SPD DR
================================================================================

 1  94  53  74   2   0   9 0.00    M    M  7.3 16  40   M    M   0        22  50
 2  91  53  72   0   0   7 0.00    M    M  6.9 16  10   M    M   0        20  30
 3  84  60  72   0   0   7 0.05    M    M 12.5 24 100   M    M   3 1      29 100
 4  78  61  70  -2   0   5 0.03    M    M 12.9 24 100   M    M   4 13     30 100
 5  68  62  65  -7   0   0 0.25    M    M 10.9 17 100   M    M   7 1      23 100
 6  81  62  72   0   0   7 0.00    M    M  9.8 17 120   M    M   6 1      21 110
 7  86  59  73   1   0   8 0.00    M    M  8.3 16 130   M    M   3 12     19 140
 8  86  58  72   0   0   7 0.00    M    M  9.8 21 130   M    M   0 1      25 100
 9  86  57  72   0   0   7 0.25    M    M  7.0 30 330   M    M   3 13     35 330
10  81  51  66  -6   0   1 0.00    M    M  5.0 15  70   M    M   0        17 100
11  87  50  69  -2   0   4 0.00    M    M  8.6 17 110   M    M   0        22 110
12  96  54  75   4   0  10 0.00    M    M 11.0 22 120   M    M   0        29 130
13  96  61  79   8   0  14 0.00    M    M 11.6 18 110   M    M   0        24 110
14  91  59  75   4   0  10 0.67    M    M  9.9 24 260   M    M   3 13     30 230
15  74  64  69  -1   0   4 0.15    M    M  9.8 21 350   M    M   9 13     26 330
16  85  57  71   1   0   6 0.27    M    M  8.2 43 350   M    M   2 13     64 360
17  86  62  74   4   0   9 0.00    M    M 11.0 24 280   M    M   3        29 270
18  82  59  71   1   0   6 0.00    M    M 11.1 21 310   M    M   2        28 300
19  94  56  75   6   0  10 0.00    M    M  8.6 20  40   M    M   1 1      27 190
20  80  56  68  -1   0   3 0.05    M    M  6.6 22 330   M    M   4 3      27 330
21  79  52  66  -3   0   1 0.40    M    M  6.9 15  40   M    M   5 13     19 300
22  72  60  66  -2   0   1 0.16    M    M  8.4 21  80   M    M   8 1      26  90
23  64  57  61  -7   4   0 2.27    M    M 16.3 29  90   M    M  10 13     36  80
24  57  48  53 -15  12   0 0.11    M    M 22.4 33 270   M    M  10 18     41 270
25  58  42  50 -17  15   0 0.01    M    M 12.7 26 280   M    M   8 1      33 290
26  73  42  58  -9   7   0 0.00    M    M  7.8 16 130   M    M   3        20 130
27  83  49  66   0   0   1 0.00    M    M  9.2 18 160   M    M   0 1      23 160
28  88  53  71   5   0   6 0.00    M    M  4.5 14 280   M    M   1 1      19 280
================================================================================
SM 2280 1557        38 143  4.67    M    275.0          M       95
================================================================================
AV 81.4 55.6                               9.8 FASTST   M    M   3    MAX(MPH)
                                 MISC ---->  # 43 350               # 64  360
================================================================================
NOTES:
# LAST OF SEVERAL OCCURRENCES

COLUMN 17 PEAK WIND IN M.P.H.

PRELIMINARY LOCAL CLIMATOLOGICAL DATA (WS FORM: F-6) , PAGE 2

                                          STATION:  BAKER MT
                                          MONTH:    AUGUST
                                          YEAR:     2014
                                          LATITUDE:   46 20 N
                                          LONGITUDE: 104 15 W

[TEMPERATURE DATA]      [PRECIPITATION DATA]       SYMBOLS USED IN COLUMN 16

AVERAGE MONTHLY: 68.5   TOTAL FOR MONTH:   4.67    1 = FOG OR MIST
DPTR FM NORMAL:  -1.5   DPTR FM NORMAL:    3.43    2 = FOG REDUCING VISIBILITY
HIGHEST:    96 ON 13,12 GRTST 24HR  2.40 ON 22-23      TO 1/4 MILE OR LESS
LOWEST:     42 ON 26,25                            3 = THUNDER
                        SNOW, ICE PELLETS, HAIL    4 = ICE PELLETS
                        TOTAL MONTH:    M          5 = HAIL
                        GRTST 24HR    M  ON   M    6 = FREEZING RAIN OR DRIZZLE
                        GRTST DEPTH:  M  ON   M    7 = DUSTSTORM OR SANDSTORM:
                                                       VSBY 1/2 MILE OR LESS
                                                   8 = SMOKE OR HAZE
[NO. OF DAYS WITH]      [WEATHER - DAYS WITH]      9 = BLOWING SNOW
                                                   X = TORNADO
MAX 32 OR BELOW:   0    0.01 INCH OR MORE:  13
MAX 90 OR ABOVE:   6    0.10 INCH OR MORE:   9
MIN 32 OR BELOW:   0    0.50 INCH OR MORE:   2
MIN  0 OR BELOW:   0    1.00 INCH OR MORE:   1

[HDD (BASE 65) ]
TOTAL THIS MO.    38    CLEAR  (SCALE 0-3)  17
DPTR FM NORMAL     7    PTCLDY (SCALE 4-7)   7
TOTAL FM JUL 1    59    CLOUDY (SCALE 8-10)  4
DPTR FM NORMAL     7

[CDD (BASE 65) ]
TOTAL THIS MO.   143
DPTR FM NORMAL   -29    [PRESSURE DATA]
TOTAL FM JAN 1   317    HIGHEST SLP M ON M
DPTR FM NORMAL  -114    LOWEST  SLP 29.58 ON 20

[REMARKS]




U.S. Dept. of Commerce
NOAA National Weather Service
1325 East West Highway
Silver Spring, MD 20910
E-mail: w-nws.webmaster@noaa.gov
Page last modified: May 16, 2007
NATIONAL WEATHER SERVICE: for Safety, for Work, for Fun - FOR LIFE