337
CXUS55 KBYZ 291056
CF6BHK
PRELIMINARY LOCAL CLIMATOLOGICAL DATA (WS FORM: F-6)

                                          STATION:   BAKER MT
                                          MONTH:     JANUARY
                                          YEAR:      2015
                                          LATITUDE:   46 20 N
                                          LONGITUDE: 104 15 W

  TEMPERATURE IN F:       :PCPN:    SNOW:  WIND      :SUNSHINE: SKY     :PK WND
================================================================================
1   2   3   4   5  6A  6B    7    8   9   10  11  12  13   14  15   16   17  18
                                     12Z  AVG MX 2MIN
DY MAX MIN AVG DEP HDD CDD  WTR  SNW DPTH SPD SPD DIR MIN PSBL S-S WX    SPD DR
================================================================================

 1  32  19  26   9  39   0 0.00    M    M 12.4 23 250   M    M   7        27 250
 2  41  10  26   9  39   0    T    M    M  8.7 21 300   M    M   3 1      27 300
 3  32  -2  15  -2  50   0    T    M    M 12.8 29 340   M    M  10 18     35 340
 4   0 -22 -11 -28  76   0    T    M    M  9.8 20 320   M    M   6 18     24 310
 5  11 -17  -3 -20  68   0 0.09    M    M 12.8 23 330   M    M   6 128    30 140
 6   7   0   4 -13  61   0 0.05    M    M 11.1 18 320   M    M  10        23 310
 7  25 -27  -1 -18  66   0 0.00    M    M  8.6 22 150   M    M   1 18     26 160
 8  25  -5  10  -7  55   0    T    M    M 23.7 39 320   M    M   6 189    50 310
 9   8 -12  -2 -19  67   0 0.00    M    M  9.8 21 300   M    M   0        27 300
10  15  -6   5 -12  60   0 0.00    M    M  6.8 14 320   M    M   4        15 320
11  14 -14   0 -17  65   0    T    M    M  6.1 12 290   M    M   5 18     14 280
12  15 -15   0 -17  65   0 0.00    M    M  9.1 21 150   M    M   2 28     25 150
13  24  -3  11  -6  54   0 0.00    M    M 13.2 23 290   M    M   3 1      30 280
14  32  14  23   6  42   0 0.00    M    M 11.7 22 250   M    M   0        26 250
15  40  19  30  13  35   0 0.00    M    M 11.1 18 240   M    M   0        21 230
16  43  18  31  14  34   0    T    M    M 11.9 31 300   M    M   3        46 290
17  39  26  33  16  32   0 0.00    M    M 17.5 28 290   M    M   2        35 290
18  42  13  28  10  37   0    T    M    M  8.0 18 260   M    M   3        22 270
19  40  32  36  18  29   0    T    M    M 18.9 33 290   M    M   5 18     46 290
20  36  28  32  14  33   0    T    M    M 16.6 26 290   M    M   6 1      34 290
21  31  16  24   6  41   0    T    M    M 11.3 22 330   M    M   6 1      27 320
22  40  24  32  14  33   0 0.00    M    M 14.9 22 260   M    M   0        28 250
23  43  26  35  17  30   0 0.00    M    M 13.3 24 280   M    M   1        28 290
24  43  31  37  19  28   0 0.08    M    M 17.5 32 310   M    M   5 1      43 310
25  47  26  37  19  28   0 0.00    M    M 11.4 18 260   M    M   1        22 260
26  56  31  44  26  21   0 0.00    M    M  4.9 16 280   M    M   0        19 280
27  61  29  45  27  20   0 0.00    M    M  3.1 14 260   M    M   0        16 250
28  44  31  38  20  27   0 0.00    M    M 15.4 35 320   M    M   5 1      43 320
================================================================================
SM  886  270      1235   0  0.22    M    332.4          M      100
================================================================================
AV 31.6  9.6                              11.9 FASTST   M    M   4    MAX(MPH)
                                 MISC ---->  # 39 320               # 50  310
================================================================================
NOTES:
# LAST OF SEVERAL OCCURRENCES

COLUMN 17 PEAK WIND IN M.P.H.

PRELIMINARY LOCAL CLIMATOLOGICAL DATA (WS FORM: F-6) , PAGE 2

                                          STATION:  BAKER MT
                                          MONTH:    JANUARY
                                          YEAR:     2015
                                          LATITUDE:   46 20 N
                                          LONGITUDE: 104 15 W

[TEMPERATURE DATA]      [PRECIPITATION DATA]       SYMBOLS USED IN COLUMN 16

AVERAGE MONTHLY: 20.6   TOTAL FOR MONTH:   0.22    1 = FOG OR MIST
DPTR FM NORMAL:   3.2   DPTR FM NORMAL:   -0.09    2 = FOG REDUCING VISIBILITY
HIGHEST:    61 ON 27    GRTST 24HR  0.09 ON  5- 5      TO 1/4 MILE OR LESS
LOWEST:    -27 ON  7                               3 = THUNDER
                        SNOW, ICE PELLETS, HAIL    4 = ICE PELLETS
                        TOTAL MONTH:    M          5 = HAIL
                        GRTST 24HR    M  ON   M    6 = FREEZING RAIN OR DRIZZLE
                        GRTST DEPTH:  M  ON   M    7 = DUSTSTORM OR SANDSTORM:
                                                       VSBY 1/2 MILE OR LESS
                                                   8 = SMOKE OR HAZE
[NO. OF DAYS WITH]      [WEATHER - DAYS WITH]      9 = BLOWING SNOW
                                                   X = TORNADO
MAX 32 OR BELOW:  14    0.01 INCH OR MORE:   3
MAX 90 OR ABOVE:   0    0.10 INCH OR MORE:   0
MIN 32 OR BELOW:  28    0.50 INCH OR MORE:   0
MIN  0 OR BELOW:  11    1.00 INCH OR MORE:   0

[HDD (BASE 65) ]
TOTAL THIS MO.  1235    CLEAR  (SCALE 0-3)  15
DPTR FM NORMAL   -98    PTCLDY (SCALE 4-7)  11
TOTAL FM JUL 1  4560    CLOUDY (SCALE 8-10)  2
DPTR FM NORMAL  -245

[CDD (BASE 65) ]
TOTAL THIS MO.     0
DPTR FM NORMAL     0    [PRESSURE DATA]
TOTAL FM JAN 1     0    HIGHEST SLP M ON M
DPTR FM NORMAL     0    LOWEST  SLP 29.76 ON 16

[REMARKS]
THIS IS AN AUTOMATED...UNATTENDED WEATHER STATION AND MAY
UNDERESTIMATE WINTER PRECIPITATION.




U.S. Dept. of Commerce
NOAA National Weather Service
1325 East West Highway
Silver Spring, MD 20910
E-mail: w-nws.webmaster@noaa.gov
Page last modified: May 16, 2007
NATIONAL WEATHER SERVICE: for Safety, for Work, for Fun - FOR LIFE