402
CXUS51 KBGM 300800
CF6BGM
PRELIMINARY LOCAL CLIMATOLOGICAL DATA (WS FORM: F-6)

                                          STATION:   BINGHAMTON NY
                                          MONTH:     JANUARY
                                          YEAR:      2015
                                          LATITUDE:   42 13 N
                                          LONGITUDE:  75 59 W

  TEMPERATURE IN F:       :PCPN:    SNOW:  WIND      :SUNSHINE: SKY     :PK WND
================================================================================
1   2   3   4   5  6A  6B    7    8   9   10  11  12  13   14  15   16   17  18
                                     12Z  AVG MX 2MIN
DY MAX MIN AVG DEP HDD CDD  WTR  SNW DPTH SPD SPD DIR MIN PSBL S-S WX    SPD DR
================================================================================

 1  30  16  23   0  42   0 0.00  0.0    T 13.4 22 210   M    M   7        30 210
 2  30  24  27   4  38   0 0.03  1.0    T  8.9 22 280   M    M  10 18     27 280
 3  36  19  28   5  37   0 0.77  2.0    1 10.8 21 160   M    M   6 126    30 160
 4  50  34  42  19  23   0 0.07    T    1 11.4 29 260   M    M   9 12     44 250
 5  34   8  21  -2  44   0    T    T    T 13.7 28 280   M    M  10 8      43 310
 6  14   8  11 -11  54   0 0.08  0.9    T  6.0 13 260   M    M   8 18     15 260
 7  12  -1   6 -16  59   0 0.04  0.9    1 15.4 26 330   M    M  10 189    38 320
 8  13  -4   5 -17  60   0    T    T    1 10.9 18 180   M    M   4 18     26 180
 9  21   9  15  -7  50   0 0.05  0.7    1 15.6 29 260   M    M   7 189    36 240
10  12   2   7 -15  58   0 0.00  0.0    1 11.4 18 250   M    M   1        23 260
11  30   8  19  -3  46   0    T    T    1  8.5 15 210   M    M  10        22 190
12  32  19  26   4  39   0 0.46  3.7    2  7.6 24 340   M    M  10 16     30 340
13  19  -2   9 -13  56   0    T    T    3  9.2 21 360   M    M   0 1      26 360
14  23  -5   9 -13  56   0 0.00  0.0    3  5.4 10 150   M    M   4 1      14 150
15  24   6  15  -7  50   0    T    T    3  6.0 14 220   M    M   5 128    17 230
16  27   7  17  -5  48   0 0.01  0.9    3 12.7 25 330   M    M   8 128    37 350
17  23   2  13  -9  52   0 0.00  0.0    3  8.3 17 180   M    M   1        25 160
18  38  21  30   8  35   0 0.01  0.0    3  8.3 16 150   M    M   4 1      22 140
19  32  24  28   6  37   0 0.01  0.7    3  9.9 20 300   M    M  10 1      29 290
20  25  11  18  -4  47   0    T    T    3  8.0 14 360   M    M   6        20 270
21  24   3  14  -8  51   0 0.02  0.1    3  2.6  8 140   M    M   5 1       9 140
22  27  15  21  -1  44   0 0.01  0.2    3  5.8 14 340   M    M   6 1      17 320
23  29  11  20  -2  45   0 0.00  0.0    3  6.7 13 220   M    M   4 1      16 220
24  35  25  30   8  35   0 0.02  0.2    3  6.7 18 340   M    M   9 18     24 340
25  30   8  19  -3  46   0    T    T    3 11.8 23 310   M    M   5 1      34 310
26  17   6  12 -10  53   0 0.17  1.6    3  7.8 13  20   M    M   9 12     16  70
27  16   7  12 -10  53   0    T    T    5 12.7 23 360   M    M   4        29 330
28  22   7  15  -7  50   0 0.00  0.0    0 11.4 22 330   M    M   0 8      31 330
29  30   3  17  -5  48   0 0.09  1.2    5  9.9 22 190   M    M   6 1      32 190
================================================================================
SM  755  291      1356   0  1.84    14.1 276.8          M      178
================================================================================
AV 26.0 10.0                               9.5 FASTST   M    M   6    MAX(MPH)
                                 MISC ---->  # 29 260               # 44  250
================================================================================
NOTES:
# LAST OF SEVERAL OCCURRENCES

COLUMN 17 PEAK WIND IN M.P.H.

PRELIMINARY LOCAL CLIMATOLOGICAL DATA (WS FORM: F-6) , PAGE 2

                                          STATION:  BINGHAMTON NY
                                          MONTH:    JANUARY
                                          YEAR:     2015
                                          LATITUDE:   42 13 N
                                          LONGITUDE:  75 59 W

[TEMPERATURE DATA]      [PRECIPITATION DATA]       SYMBOLS USED IN COLUMN 16

AVERAGE MONTHLY: 18.0   TOTAL FOR MONTH:   1.84    1 = FOG OR MIST
DPTR FM NORMAL:  -4.1   DPTR FM NORMAL:   -0.46    2 = FOG REDUCING VISIBILITY
HIGHEST:    50 ON  4    GRTST 24HR  0.81 ON  3- 4      TO 1/4 MILE OR LESS
LOWEST:     -5 ON 14                               3 = THUNDER
                        SNOW, ICE PELLETS, HAIL    4 = ICE PELLETS
                        TOTAL MONTH:  14.1 INCHES  5 = HAIL
                        GRTST 24HR   3.7 ON   M    6 = FREEZING RAIN OR DRIZZLE
                        GRTST DEPTH:   5 ON 29,27  7 = DUSTSTORM OR SANDSTORM:
                                                       VSBY 1/2 MILE OR LESS
                                                   8 = SMOKE OR HAZE
[NO. OF DAYS WITH]      [WEATHER - DAYS WITH]      9 = BLOWING SNOW
                                                   X = TORNADO
MAX 32 OR BELOW:  24    0.01 INCH OR MORE:  15
MAX 90 OR ABOVE:   0    0.10 INCH OR MORE:   3
MIN 32 OR BELOW:  28    0.50 INCH OR MORE:   1
MIN  0 OR BELOW:   4    1.00 INCH OR MORE:   0

[HDD (BASE 65) ]
TOTAL THIS MO.  1356    CLEAR  (SCALE 0-3)   4
DPTR FM NORMAL   115    PTCLDY (SCALE 4-7)  16
TOTAL FM JUL 1  3960    CLOUDY (SCALE 8-10)  9
DPTR FM NORMAL   -26

[CDD (BASE 65) ]
TOTAL THIS MO.     0
DPTR FM NORMAL     0    [PRESSURE DATA]
TOTAL FM JAN 1     0    HIGHEST SLP 30.66 ON 13
DPTR FM NORMAL     0    LOWEST  SLP 29.37 ON 24

[REMARKS]




U.S. Dept. of Commerce
NOAA National Weather Service
1325 East West Highway
Silver Spring, MD 20910
E-mail: w-nws.webmaster@noaa.gov
Page last modified: May 16, 2007
NATIONAL WEATHER SERVICE: for Safety, for Work, for Fun - FOR LIFE