034
CXUS51 KBGM 100117 CCA
CF6BGM

PRELIMINARY LOCAL CLIMATOLOGICAL DATA (WS FORM: F-6)

                                          STATION:   BINGHAMTON NY
                                          MONTH:     NOVEMBER
                                          YEAR:      2014
                                          LATITUDE:   42 13 N
                                          LONGITUDE:  75 59 W

  TEMPERATURE IN F:       :PCPN:    SNOW:  WIND      :SUNSHINE: SKY     :PK WND
================================================================================
1   2   3   4   5  6A  6B    7    8   9   10  11  12  13   14  15   16   17  18
                                     12Z  AVG MX 2MIN
DY MAX MIN AVG DEP HDD CDD  WTR  SNW DPTH SPD SPD DIR MIN PSBL S-S WX    SPD DR
================================================================================

 1  45  35  40  -3  25   0    T    T    0 13.1 24 360   M    M   9        34  10
 2  40  28  34  -9  31   0    T    T    0 17.5 32 350   M    M   5        43 360
 3  57  29  43   0  22   0 0.00  0.0    0 11.0 22 290   M    M   5        33 280
 4  62  48  55  13  10   0 0.00  0.0    0  9.7 20 220   M    M   4        27 210
 5  58  42  50   8  15   0 0.01  0.0    0  9.7 18 270   M    M   2        27 280
 6  45  39  42   0  23   0 0.19  0.0    0  6.6 16 330   M    M   7 12     22 340
 7  39  30  35  -6  30   0 0.16  0.2    0 10.3 21 330   M    M  10 1      28 330
 8  42  27  35  -6  30   0 0.00  0.0    T  8.6 16 210   M    M   7        22 220
 9  47  36  42   1  23   0    T  0.0    0  5.8 15 270   M    M   7        21 250
10  58  38  48   8  17   0 0.00  0.0    0  7.8 15 170   M    M   3        23 160
11  61  41  51  11  14   0 0.00  0.0    0  9.4 17 160   M    M   1        27 180
12  55  33  44   4  21   0 0.02  0.0    0  8.7 18 340   M    M   4 1      29 310
13  35  28  32  -7  33   0 0.06  1.1    0  3.9 14 320   M    M  10 18     19 310
14  33  21  27 -12  38   0 0.01  0.3    1 10.2 18 280   M    M   6 1      24 310
15  36  22  29 -10  36   0 0.01  0.2    T  5.8 13 270   M    M   7 1      18 280
16  36  26  31  -7  34   0 0.00  0.0    0  7.1 15 220   M    M   8        22 220
17  37  30  34  -4  31   0 0.69  1.1    1  9.2 20 280   M    M  10 126    27 280
18  31  14  23 -14  42   0    T    T    T 16.8 26 260   M    M   3        37 280
19  24  10  17 -20  48   0    T    T    T 11.9 20 250   M    M   4        28 270
20  32  20  26 -11  39   0    T    T    0 12.6 22 260   M    M   8        28 260
21  27  16  22 -14  43   0    T  0.3    0  9.8 18 310   M    M   4 18     24 310
22  38  16  27  -9  38   0 0.11  0.0    0 11.6 21 220   M    M   6 1      29 220
23  48  37  43   7  22   0 0.02  0.0    0  9.4 17 150   M    M   6        23 160
24  66  46  56  21   9   0 0.28  0.0    0 15.1 26 200   M    M   6 1      40 190
25  56  33  45  10  20   0 0.00  0.0    0 12.3 30 250   M    M   0        40 260
26  33  26  30  -4  35   0 0.50  9.0    0  6.9 18 360   M    M   8 128    22 360
27  27  19  23 -11  42   0 0.03  1.3    7  5.4 12 310   M    M   8 18     16 300
28  25  15  20 -14  45   0    T  0.2    7  7.2 18 300   M    M   7 18     27 290
29  31  13  22 -11  43   0 0.00  0.0    5  8.2 15 190   M    M   9        23 190
30  46  31  39   6  26   0 0.01  0.0    3  9.7 15 220   M    M  10        22 170
================================================================================
SM 1270  849       885   0  2.10    13.7 291.3          M      184
================================================================================
AV 42.3 28.3                               9.7 FASTST   M    M   6    MAX(MPH)
                                 MISC ---->  # 32 350               # 43  360
================================================================================
NOTES:
# LAST OF SEVERAL OCCURRENCES

COLUMN 17 PEAK WIND IN M.P.H.

PRELIMINARY LOCAL CLIMATOLOGICAL DATA (WS FORM: F-6) , PAGE 2

                                          STATION:  BINGHAMTON NY
                                          MONTH:    NOVEMBER
                                          YEAR:     2014
                                          LATITUDE:   42 13 N
                                          LONGITUDE:  75 59 W

[TEMPERATURE DATA]      [PRECIPITATION DATA]       SYMBOLS USED IN COLUMN 16

AVERAGE MONTHLY: 35.3   TOTAL FOR MONTH:   2.10    1 = FOG OR MIST
DPTR FM NORMAL:  -3.0   DPTR FM NORMAL:   -1.20    2 = FOG REDUCING VISIBILITY
HIGHEST:    66 ON 24    GRTST 24HR  0.69 ON 17-17      TO 1/4 MILE OR LESS
LOWEST:     10 ON 19                               3 = THUNDER
                        SNOW, ICE PELLETS, HAIL    4 = ICE PELLETS
                        TOTAL MONTH:  13.7 INCHES  5 = HAIL
                        GRTST 24HR   9.4 ON 26-27  6 = FREEZING RAIN OR DRIZZLE
                        GRTST DEPTH:   8 ON 27     7 = DUSTSTORM OR SANDSTORM:
                                                       VSBY 1/2 MILE OR LESS
                                                   8 = SMOKE OR HAZE
[NO. OF DAYS WITH]      [WEATHER - DAYS WITH]      9 = BLOWING SNOW
                                                   X = TORNADO
MAX 32 OR BELOW:   7    0.01 INCH OR MORE:  14
MAX 90 OR ABOVE:   0    0.10 INCH OR MORE:   6
MIN 32 OR BELOW:  19    0.50 INCH OR MORE:   2
MIN  0 OR BELOW:   0    1.00 INCH OR MORE:   0

[HDD (BASE 65) ]
TOTAL THIS MO.   885    CLEAR  (SCALE 0-3)   5
DPTR FM NORMAL    82    PTCLDY (SCALE 4-7)  19
TOTAL FM JUL 1  1535    CLOUDY (SCALE 8-10)  6
DPTR FM NORMAL   -40

[CDD (BASE 65) ]
TOTAL THIS MO.     0
DPTR FM NORMAL     0    [PRESSURE DATA]
TOTAL FM JAN 1   341    HIGHEST SLP 30.46 ON 21
DPTR FM NORMAL   -40    LOWEST  SLP 29.41 ON 24

[REMARKS]
#FINAL-11-14#
CORRECTED GREATEST 24 HOUR SNOW AND GREATEST SNOW DEPTH
TEMPERATURE RECORDS WERE ADJUSTED USING DAVIS WEATHER
EQUIPMENT 11/25 THROUGH 11/30






U.S. Dept. of Commerce
NOAA National Weather Service
1325 East West Highway
Silver Spring, MD 20910
E-mail: w-nws.webmaster@noaa.gov
Page last modified: May 16, 2007
NATIONAL WEATHER SERVICE: for Safety, for Work, for Fun - FOR LIFE