402
CXUS54 KAMA 281015
CF6BGD
PRELIMINARY LOCAL CLIMATOLOGICAL DATA (WS FORM: F-6)

                                          STATION:   BORGER
                                          MONTH:     AUGUST
                                          YEAR:      2014
                                          LATITUDE:   35 42 N
                                          LONGITUDE: 101 24 W

  TEMPERATURE IN F:       :PCPN:    SNOW:  WIND      :SUNSHINE: SKY     :PK WND
================================================================================
1   2   3   4   5  6A  6B    7    8   9   10  11  12  13   14  15   16   17  18
                                     12Z  AVG MX 2MIN
DY MAX MIN AVG DEP HDD CDD  WTR  SNW DPTH SPD SPD DIR MIN PSBL S-S WX    SPD DR
================================================================================

 1  87  62  75  -7   0  10 0.00  0.0    0  5.0 14 120   M    M   1        19 110
 2  91  64  78  -4   0  13 0.00  0.0    0  6.0 12  80   M    M   1        16  80
 3  92  64  78  -4   0  13 0.00  0.0    0  6.7 16 160   M    M   0        23 160
 4  94  66  80  -2   0  15 0.00  0.0    0 11.8 21 140   M    M   0        26 140
 5  94  69  82   0   0  17 0.00  0.0    0 12.8 20 160   M    M   2        28 150
 6 100  69  85   3   0  20 0.06  0.0    0 10.1 23 240   M    M   1 3      30 240
 7 102  69  86   4   0  21 0.40  0.0    0  8.2 23 300   M    M   0 13     31 320
 8  88  70  79  -3   0  14    T  0.0    0  7.6 30 180   M    M   2 3      42 180
 9  93  66  80  -1   0  15 0.00  0.0    0 10.4 23 190   M    M   0        31 190
10  89  71  80  -1   0  15 0.05  0.0    0  6.0 15 330   M    M   0 3      20 220
11  90  67  79  -2   0  14    T  0.0    0  6.0 25  30   M    M   2 3      36  30
12  93  65  79  -2   0  14 0.00  0.0    0  7.7 16 180   M    M   1        24 180
13  97  68  83   2   0  18 0.00  0.0    0 10.4 18 250   M    M   2        23 260
14  98  74  86   5   0  21 0.00  0.0    0 13.4 23 160   M    M   2        30 170
15  99  72  86   6   0  21 0.03  0.0    0 12.6 24 200   M    M   1 3      35 220
16  95  68  82   2   0  17 0.02  0.0    0  6.0 22 340   M    M   2 3      27 350
17  98  67  83   3   0  18 0.00  0.0    0  5.9 15 180   M    M   0        23 180
18  99  70  85   5   0  20 0.00  0.0    0  9.8 18 160   M    M   0        24 170
19  94  67  81   1   0  16 0.00  0.0    0 10.6 21 160   M    M   0        27 160
20  98  73  86   6   0  21 0.00  0.0    0 15.5 26 180   M    M   1        38 170
21 101  75  88   9   0  23 0.00  0.0    0 12.2 22 220   M    M   1 3      31 210
22 100  74  87   8   0  22 0.02  0.0    0  9.7 31 250   M    M   1 3      42 250
23  98  72  85   6   0  20 0.00  0.0    0 14.2 23 200   M    M   0        33 210
24 100  74  87   8   0  22 0.00  0.0    0 11.8 24 170   M    M   1        33 160
25  99  74  87   8   0  22 0.00  0.0    0 12.0 25 200   M    M   0 3      36 160
26  93  70  82   4   0  17 0.03  0.0    0  8.5 18 120   M    M   4 38     26 140
27  92  68  80   2   0  15 0.10  0.0    0  9.5 26 180   M    M   5 3      34 180
================================================================================
SM 2574 1868         0 474  0.71     0.0 260.4          M       30
================================================================================
AV 95.3 69.2                               9.6 FASTST   M    M   1    MAX(MPH)
                                 MISC ---->  # 31 250               # 42  180
================================================================================
NOTES:
# LAST OF SEVERAL OCCURRENCES

COLUMN 17 PEAK WIND IN M.P.H.

PRELIMINARY LOCAL CLIMATOLOGICAL DATA (WS FORM: F-6) , PAGE 2

                                          STATION:  BORGER
                                          MONTH:    AUGUST
                                          YEAR:     2014
                                          LATITUDE:   35 42 N
                                          LONGITUDE: 101 24 W

[TEMPERATURE DATA]      [PRECIPITATION DATA]       SYMBOLS USED IN COLUMN 16

AVERAGE MONTHLY: 82.3   TOTAL FOR MONTH:   0.71    1 = FOG OR MIST
DPTR FM NORMAL:   1.8   DPTR FM NORMAL:   -2.07    2 = FOG REDUCING VISIBILITY
HIGHEST:   102 ON  7    GRTST 24HR  0.40 ON  7- 7      TO 1/4 MILE OR LESS
LOWEST:     62 ON  1                               3 = THUNDER
                        SNOW, ICE PELLETS, HAIL    4 = ICE PELLETS
                        TOTAL MONTH:   0.0 INCH    5 = HAIL
                        GRTST 24HR     0.0         6 = FREEZING RAIN OR DRIZZLE
                        GRTST DEPTH:   0           7 = DUSTSTORM OR SANDSTORM:
                                                       VSBY 1/2 MILE OR LESS
                                                   8 = SMOKE OR HAZE
[NO. OF DAYS WITH]      [WEATHER - DAYS WITH]      9 = BLOWING SNOW
                                                   X = TORNADO
MAX 32 OR BELOW:   0    0.01 INCH OR MORE:   8
MAX 90 OR ABOVE:  24    0.10 INCH OR MORE:   2
MIN 32 OR BELOW:   0    0.50 INCH OR MORE:   0
MIN  0 OR BELOW:   0    1.00 INCH OR MORE:   0

[HDD (BASE 65) ]
TOTAL THIS MO.     0    CLEAR  (SCALE 0-3)  25
DPTR FM NORMAL     0    PTCLDY (SCALE 4-7)   2
TOTAL FM JUL 1     1    CLOUDY (SCALE 8-10)  0
DPTR FM NORMAL     1

[CDD (BASE 65) ]
TOTAL THIS MO.   474
DPTR FM NORMAL    55    [PRESSURE DATA]
TOTAL FM JAN 1  1665    HIGHEST SLP M ON M
DPTR FM NORMAL   165    LOWEST  SLP 29.70 ON M

[REMARKS]




U.S. Dept. of Commerce
NOAA National Weather Service
1325 East West Highway
Silver Spring, MD 20910
E-mail: w-nws.webmaster@noaa.gov
Page last modified: May 16, 2007
NATIONAL WEATHER SERVICE: for Safety, for Work, for Fun - FOR LIFE