186
CXUS56 KHNX 281608
CF6BFL
PRELIMINARY LOCAL CLIMATOLOGICAL DATA (WS FORM: F-6)

                                          STATION:   BAKERSFIELD CA
                                          MONTH:     JULY
                                          YEAR:      2014
                                          LATITUDE:   35 25 N
                                          LONGITUDE: 119  3 W

  TEMPERATURE IN F:       :PCPN:    SNOW:  WIND      :SUNSHINE: SKY     :PK WND
================================================================================
1   2   3   4   5  6A  6B    7    8   9   10  11  12  13   14  15   16   17  18
                                     12Z  AVG MX 2MIN
DY MAX MIN AVG DEP HDD CDD  WTR  SNW DPTH SPD SPD DIR MIN PSBL S-S WX    SPD DR
================================================================================

 1 106  74  90   8   0  25 0.00  0.0    0  6.4 18 320   M    M   0 8      21 310
 2 103  74  89   7   0  24 0.00  0.0    0  7.0 15 310   M    M   0        20 320
 3 103  73  88   6   0  23 0.00  0.0    0  6.1 14 310   M    M   0        17 320
 4 107  76  92  10   0  27 0.00  0.0    0  9.0 20 310   M    M   1 8      23 320
 5 103  73  88   6   0  23 0.00  0.0    0  7.2 16 310   M    M   0        20 290
 6 100  76  88   5   0  23 0.00  0.0    0  4.5 13 290   M    M   0        22 290
 7 105  75  90   7   0  25 0.00  0.0    0  6.6 16 330   M    M   0        20 300
 8 108  76  92   9   0  27 0.00  0.0    0  7.8 17 320   M    M   1        22 320
 9 104  76  90   7   0  25 0.00  0.0    0  8.4 16 310   M    M   0 8      23 320
10 101  76  89   5   0  24 0.00  0.0    0  9.0 23 300   M    M   0        26 290
11  95  71  83  -1   0  18 0.00  0.0    0  8.6 16 320   M    M   0        21 320
12  94  69  82  -2   0  17 0.00  0.0    0  6.2 16 310   M    M   0        23 280
13 100  72  86   2   0  21 0.00  0.0    0  4.4 13 310   M    M   0        16 280
14  99  83  91   7   0  26 0.00  0.0    0  7.3 15 340   M    M   0        19 340
15 103  80  92   8   0  27 0.00  0.0    0 10.0 23 300   M    M   0 8      29 310
16  97  76  87   3   0  22 0.00  0.0    0 10.1 21 300   M    M   0 8      25 310
17  93  69  81  -3   0  16 0.00  0.0    0  7.9 17 320   M    M   0        21 310
18  93  69  81  -3   0  16 0.00  0.0    0  6.7 15 300   M    M   0        20 310
19  92  73  83  -1   0  18    T  0.0    0  5.1 12 340   M    M   0        14 140
20  94  75  85   0   0  20    T  0.0    0  7.7 17 310   M    M   0 8      20 320
21  94  71  83  -2   0  18 0.00  0.0    0  7.8 15 300   M    M   0        21 290
22  98  71  85   0   0  20 0.00  0.0    0  8.1 17 310   M    M   0        23 300
23  89  66  78  -7   0  13 0.00  0.0    0  6.4 13 300   M    M   0        20 300
24  94  68  81  -4   0  16 0.00  0.0    0  5.2 13 300   M    M   0        15 290
25 103  75  89   4   0  24 0.00  0.0    0  6.2 13 320   M    M   0 8      18 290
26 105  78  92   7   0  27 0.00  0.0    0  6.6 15 310   M    M   0        21 300
27 104  79  92   7   0  27 0.00  0.0    0  6.6 16 310   M    M   0        22 300
================================================================================
SM 2687 1994         0 592    T      0.0 192.9          M        2
================================================================================
AV 99.5 73.9                               7.1 FASTST   M    M   0    MAX(MPH)
                                 MISC ---->  # 23 300               # 29  310
================================================================================
NOTES:
# LAST OF SEVERAL OCCURRENCES

COLUMN 17 PEAK WIND IN M.P.H.

PRELIMINARY LOCAL CLIMATOLOGICAL DATA (WS FORM: F-6) , PAGE 2

                                          STATION:  BAKERSFIELD CA
                                          MONTH:    JULY
                                          YEAR:     2014
                                          LATITUDE:   35 25 N
                                          LONGITUDE: 119  3 W

[TEMPERATURE DATA]      [PRECIPITATION DATA]       SYMBOLS USED IN COLUMN 16

AVERAGE MONTHLY: 86.7   TOTAL FOR MONTH:      T    1 = FOG OR MIST
DPTR FM NORMAL:   2.9   DPTR FM NORMAL:   -0.00    2 = FOG REDUCING VISIBILITY
HIGHEST:   108 ON  8    GRTST 24HR    T  ON 20-20      TO 1/4 MILE OR LESS
LOWEST:     66 ON 23                               3 = THUNDER
                        SNOW, ICE PELLETS, HAIL    4 = ICE PELLETS
                        TOTAL MONTH:   0.0 INCH    5 = HAIL
                        GRTST 24HR     0.0         6 = FREEZING RAIN OR DRIZZLE
                        GRTST DEPTH:   0           7 = DUSTSTORM OR SANDSTORM:
                                                       VSBY 1/2 MILE OR LESS
                                                   8 = SMOKE OR HAZE
[NO. OF DAYS WITH]      [WEATHER - DAYS WITH]      9 = BLOWING SNOW
                                                   X = TORNADO
MAX 32 OR BELOW:   0    0.01 INCH OR MORE:   0
MAX 90 OR ABOVE:  26    0.10 INCH OR MORE:   0
MIN 32 OR BELOW:   0    0.50 INCH OR MORE:   0
MIN  0 OR BELOW:   0    1.00 INCH OR MORE:   0

[HDD (BASE 65) ]
TOTAL THIS MO.     0    CLEAR  (SCALE 0-3)  27
DPTR FM NORMAL     0    PTCLDY (SCALE 4-7)   0
TOTAL FM JUL 1     0    CLOUDY (SCALE 8-10)  0
DPTR FM NORMAL     0

[CDD (BASE 65) ]
TOTAL THIS MO.   592
DPTR FM NORMAL    85    [PRESSURE DATA]
TOTAL FM JAN 1  1547    HIGHEST SLP M ON M
DPTR FM NORMAL   394    LOWEST  SLP 29.66 ON  1

[REMARKS]




U.S. Dept. of Commerce
NOAA National Weather Service
1325 East West Highway
Silver Spring, MD 20910
E-mail: w-nws.webmaster@noaa.gov
Page last modified: May 16, 2007
NATIONAL WEATHER SERVICE: for Safety, for Work, for Fun - FOR LIFE