754
CXUS56 KHNX 011146
CF6BFL
PRELIMINARY LOCAL CLIMATOLOGICAL DATA (WS FORM: F-6)

                                          STATION:   BAKERSFIELD CA
                                          MONTH:     NOVEMBER
                                          YEAR:      2014
                                          LATITUDE:   35 25 N
                                          LONGITUDE: 119  3 W

  TEMPERATURE IN F:       :PCPN:    SNOW:  WIND      :SUNSHINE: SKY     :PK WND
================================================================================
1   2   3   4   5  6A  6B    7    8   9   10  11  12  13   14  15   16   17  18
                                     12Z  AVG MX 2MIN
DY MAX MIN AVG DEP HDD CDD  WTR  SNW DPTH SPD SPD DIR MIN PSBL S-S WX    SPD DR
================================================================================

 1  63  52  58  -3   7   0 0.01  0.0    0  5.9 18 300   M    M   9 1      23 300
 2  63  48  56  -4   9   0 0.00  0.0    0  4.1 15 320   M    M   4 128    17 320
 3  66  47  57  -3   8   0 0.00  0.0    0  4.0  8  40   M    M   0 18     14 240
 4  67  47  57  -3   8   0 0.00  0.0    0  3.5 10 310   M    M   0 18     13 290
 5  73  49  61   2   4   0 0.00  0.0    0  3.5 12 300   M    M   0 18     14 280
 6  84  51  68   9   0   3 0.00  0.0    0  5.6 14 300   M    M   0 18     17 290
 7  75  54  65   7   0   0 0.00  0.0    0  2.8  8 290   M    M   5 18     12 290
 8  75  53  64   6   1   0 0.00  0.0    0  1.0  8 210   M    M   4 18     11 290
 9  77  53  65   8   0   0 0.00  0.0    0  2.8 13 300   M    M   1 18     15 310
10  77  54  66   9   0   1 0.00  0.0    0  3.5 10 290   M    M   3 18     14 300
11  69  57  63   6   2   0 0.00  0.0    0  6.3 14 340   M    M   3 8      16 350
12  69  55  62   6   3   0 0.00  0.0    0  5.1 10 340   M    M   6 8      13 330
13  74  52  63   7   2   0    T  0.0    0  5.8 13 150   M    M   4 8      17 150
14  67  54  61   5   4   0 0.00  0.0    0  5.6 13 320   M    M   5 18     15 360
15  66  50  58   3   7   0 0.00  0.0    0  4.3 12 300   M    M   2 18     14 280
16  66  49  58   3   7   0 0.00  0.0    0  5.8 14 310   M    M   1        17 320
17  67  43  55   1  10   0 0.00  0.0    0  2.5  9 320   M    M   0        12 280
18  73  41  57   3   8   0 0.00  0.0    0  2.3  8 260   M    M   0 8      12 140
19  71  52  62   8   3   0    T  0.0    0  3.4 15 320   M    M   7 8      19 310
20  67  53  60   7   5   0    T  0.0    0  4.5 13 340   M    M   6        15 320
21  59  48  54   1  11   0    T  0.0    0  6.3 13 330   M    M   5 18     16 320
22  66  46  56   3   9   0 0.00  0.0    0  4.5 14 360   M    M   5 18     17 340
23  62  47  55   3  10   0 0.00  0.0    0  3.5 14 280   M    M   4 18     18 190
24  63  42  53   1  12   0 0.00  0.0    0  3.2  9 330   M    M   0 8      11 330
25  67  42  55   3  10   0 0.00  0.0    0  2.8  9 310   M    M   0 8      11 310
26  68  43  56   5   9   0 0.00  0.0    0  2.0  7 220   M    M   0 8      11 120
27  72  45  59   8   6   0 0.00  0.0    0  3.6  9  50   M    M   0 8      12 250
28  78  46  62  11   3   0 0.00  0.0    0  3.7 10 260   M    M   0 8      12 270
29  78  45  62  11   3   0 0.00  0.0    0  4.9 16 320   M    M   0        19 340
30  74  50  62  12   3   0 0.00  0.0    0  6.2 16 130   M    M   3 8      21 150
================================================================================
SM 2096 1468       164   4  0.01     0.0 123.0          M       77
================================================================================
AV 69.9 48.9                               4.1 FASTST   M    M   3    MAX(MPH)
                                 MISC ---->  # 18 300               # 23  300
================================================================================
NOTES:
# LAST OF SEVERAL OCCURRENCES

COLUMN 17 PEAK WIND IN M.P.H.

PRELIMINARY LOCAL CLIMATOLOGICAL DATA (WS FORM: F-6) , PAGE 2

                                          STATION:  BAKERSFIELD CA
                                          MONTH:    NOVEMBER
                                          YEAR:     2014
                                          LATITUDE:   35 25 N
                                          LONGITUDE: 119  3 W

[TEMPERATURE DATA]      [PRECIPITATION DATA]       SYMBOLS USED IN COLUMN 16

AVERAGE MONTHLY: 59.4   TOTAL FOR MONTH:   0.01    1 = FOG OR MIST
DPTR FM NORMAL:   4.3   DPTR FM NORMAL:   -0.63    2 = FOG REDUCING VISIBILITY
HIGHEST:    84 ON  6    GRTST 24HR  0.65 ON 31- 1      TO 1/4 MILE OR LESS
LOWEST:     41 ON 18                               3 = THUNDER
                        SNOW, ICE PELLETS, HAIL    4 = ICE PELLETS
                        TOTAL MONTH:   0.0 INCH    5 = HAIL
                        GRTST 24HR     0.0         6 = FREEZING RAIN OR DRIZZLE
                        GRTST DEPTH:   0           7 = DUSTSTORM OR SANDSTORM:
                                                       VSBY 1/2 MILE OR LESS
                                                   8 = SMOKE OR HAZE
[NO. OF DAYS WITH]      [WEATHER - DAYS WITH]      9 = BLOWING SNOW
                                                   X = TORNADO
MAX 32 OR BELOW:   0    0.01 INCH OR MORE:   1
MAX 90 OR ABOVE:   0    0.10 INCH OR MORE:   0
MIN 32 OR BELOW:   0    0.50 INCH OR MORE:   0
MIN  0 OR BELOW:   0    1.00 INCH OR MORE:   0

[HDD (BASE 65) ]
TOTAL THIS MO.   164    CLEAR  (SCALE 0-3)  17
DPTR FM NORMAL  -136    PTCLDY (SCALE 4-7)  12
TOTAL FM JUL 1   174    CLOUDY (SCALE 8-10)  1
DPTR FM NORMAL  -184

[CDD (BASE 65) ]
TOTAL THIS MO.     4
DPTR FM NORMAL     0    [PRESSURE DATA]
TOTAL FM JAN 1  2983    HIGHEST SLP 30.47 ON 25
DPTR FM NORMAL   725    LOWEST  SLP 29.75 ON 30

[REMARKS]
#FINAL-11-14#




U.S. Dept. of Commerce
NOAA National Weather Service
1325 East West Highway
Silver Spring, MD 20910
E-mail: w-nws.webmaster@noaa.gov
Page last modified: May 16, 2007
NATIONAL WEATHER SERVICE: for Safety, for Work, for Fun - FOR LIFE