561
CXUS56 KHNX 201146
CF6BFL
PRELIMINARY LOCAL CLIMATOLOGICAL DATA (WS FORM: F-6)

                                          STATION:   BAKERSFIELD CA
                                          MONTH:     APRIL
                                          YEAR:      2014
                                          LATITUDE:   35 25 N
                                          LONGITUDE: 119  3 W

  TEMPERATURE IN F:       :PCPN:    SNOW:  WIND      :SUNSHINE: SKY     :PK WND
================================================================================
1   2   3   4   5  6A  6B    7    8   9   10  11  12  13   14  15   16   17  18
                                     12Z  AVG MX 2MIN
DY MAX MIN AVG DEP HDD CDD  WTR  SNW DPTH SPD SPD DIR MIN PSBL S-S WX    SPD DR
================================================================================

 1  63  49  56  -4   9   0 0.13  0.0    0  6.1 21 310   M    M   7        26 280
 2  64  48  56  -4   9   0 0.01  0.0    0  4.4 17 310   M    M   6        22 270
 3  69  43  56  -4   9   0 0.00  0.0    0  5.8 15 350   M    M   0        19 350
 4  69  48  59  -1   6   0 0.00  0.0    0 10.1 25 280   M    M   3        29 280
 5  63  48  56  -4   9   0    T  0.0    0  6.3 18 330   M    M   6        23 340
 6  76  49  63   3   2   0 0.00  0.0    0  5.2 13 280   M    M   0        19 300
 7  89  52  71  11   0   6 0.00  0.0    0  5.0 17 330   M    M   0        20 340
 8  93  56  75  14   0  10 0.00  0.0    0  5.5 17 320   M    M   0        19 310
 9  91  59  75  14   0  10 0.00  0.0    0  3.9 14 320   M    M   0        16 320
10  88  60  74  13   0   9 0.00  0.0    0  5.6 13 310   M    M   0        16 320
11  92  63  78  17   0  13 0.00  0.0    0  6.5 28 310   M    M   0        33 310
12  82  57  70   8   0   5 0.00  0.0    0  8.0 14 320   M    M   0        18 290
13  79  55  67   5   0   2 0.00  0.0    0  6.9 14 320   M    M   0        20 300
14  89  59  74  12   0   9 0.00  0.0    0  7.3 16 320   M    M   0        21 320
15  88  61  75  13   0  10 0.00  0.0    0  5.6 17 300   M    M   0        22 300
16  85  57  71   9   0   6 0.00  0.0    0  5.7 16 320   M    M   0        20 310
17  87  61  74  11   0   9 0.00  0.0    0  6.4 14 320   M    M   0        19 310
18  82  63  73  10   0   8 0.00  0.0    0  7.0 15 320   M    M   0        19 310
19  85  60  73  10   0   8 0.00  0.0    0  6.4 17 310   M    M   0        21 300
================================================================================
SM 1534 1048        44 105  0.14     0.0 117.7          M       22
================================================================================
AV 80.7 55.2                               6.2 FASTST   M    M   1    MAX(MPH)
                                 MISC ---->  # 28 310               # 33  310
================================================================================
NOTES:
# LAST OF SEVERAL OCCURRENCES

COLUMN 17 PEAK WIND IN M.P.H.

PRELIMINARY LOCAL CLIMATOLOGICAL DATA (WS FORM: F-6) , PAGE 2

                                          STATION:  BAKERSFIELD CA
                                          MONTH:    APRIL
                                          YEAR:     2014
                                          LATITUDE:   35 25 N
                                          LONGITUDE: 119  3 W

[TEMPERATURE DATA]      [PRECIPITATION DATA]       SYMBOLS USED IN COLUMN 16

AVERAGE MONTHLY: 67.9   TOTAL FOR MONTH:   0.14    1 = FOG OR MIST
DPTR FM NORMAL:   6.7   DPTR FM NORMAL:   -0.24    2 = FOG REDUCING VISIBILITY
HIGHEST:    93 ON  8    GRTST 24HR  0.13 ON  1- 1      TO 1/4 MILE OR LESS
LOWEST:     43 ON  3                               3 = THUNDER
                        SNOW, ICE PELLETS, HAIL    4 = ICE PELLETS
                        TOTAL MONTH:   0.0 INCH    5 = HAIL
                        GRTST 24HR     0.0         6 = FREEZING RAIN OR DRIZZLE
                        GRTST DEPTH:   0           7 = DUSTSTORM OR SANDSTORM:
                                                       VSBY 1/2 MILE OR LESS
                                                   8 = SMOKE OR HAZE
[NO. OF DAYS WITH]      [WEATHER - DAYS WITH]      9 = BLOWING SNOW
                                                   X = TORNADO
MAX 32 OR BELOW:   0    0.01 INCH OR MORE:   2
MAX 90 OR ABOVE:   3    0.10 INCH OR MORE:   1
MIN 32 OR BELOW:   0    0.50 INCH OR MORE:   0
MIN  0 OR BELOW:   0    1.00 INCH OR MORE:   0

[HDD (BASE 65) ]
TOTAL THIS MO.    44    CLEAR  (SCALE 0-3)  15
DPTR FM NORMAL   -55    PTCLDY (SCALE 4-7)   4
TOTAL FM JUL 1  1472    CLOUDY (SCALE 8-10)  0
DPTR FM NORMAL  -640

[CDD (BASE 65) ]
TOTAL THIS MO.   105
DPTR FM NORMAL    78    [PRESSURE DATA]
TOTAL FM JAN 1   134    HIGHEST SLP M ON M
DPTR FM NORMAL    98    LOWEST  SLP 29.73 ON M

[REMARKS]




U.S. Dept. of Commerce
NOAA National Weather Service
1325 East West Highway
Silver Spring, MD 20910
E-mail: w-nws.webmaster@noaa.gov
Page last modified: May 16, 2007
NATIONAL WEATHER SERVICE: for Safety, for Work, for Fun - FOR LIFE