061
CXUS55 KCYS 251000
CF6BFF
PRELIMINARY LOCAL CLIMATOLOGICAL DATA (WS FORM: F-6)

                                          STATION:   SCOTTSBLUFF NE AIRPORT
                                          MONTH:     JULY
                                          YEAR:      2014
                                          LATITUDE:   41 52 N
                                          LONGITUDE: 103 36 W

  TEMPERATURE IN F:       :PCPN:    SNOW:  WIND      :SUNSHINE: SKY     :PK WND
================================================================================
1   2   3   4   5  6A  6B    7    8   9   10  11  12  13   14  15   16   17  18
                                     12Z  AVG MX 2MIN
DY MAX MIN AVG DEP HDD CDD  WTR  SNW DPTH SPD SPD DIR MIN PSBL S-S WX    SPD DR
================================================================================

 1  79  48  64  -8   1   0 0.00  0.0    0 12.1 25 360   M    M   2        37 340
 2  83  43  63  -9   2   0 0.00  0.0    0  6.8 15 120   M    M   0        21 130
 3  90  56  73   1   0   8    T  0.0    0 11.3 20 110   M    M   0        24 120
 4  96  63  80   7   0  15    T  0.0    0  9.4 31 320   M    M   0 3      44 320
 5 100  55  78   5   0  13 0.00  0.0    0  6.9 13 110   M    M   0        17 140
 6  93  57  75   2   0  10 0.00  0.0    0  9.6 21  40   M    M   0        24  80
 7  93  62  78   5   0  13 0.19  0.0    0  9.0 26  40   M    M   1 3      32  40
 8  84  54  69  -5   0   4 0.00  0.0    0  5.1 15 120   M    M   2        19 120
 9  95  57  76   2   0  11 0.06  0.0    0  9.0 24 170   M    M   0 138    32 170
10  97  58  78   4   0  13 0.02  0.0    0  8.5 24  80   M    M   3 13     29 270
11  90  62  76   2   0  11 0.90  0.0    0  7.6 29  20   M    M   2 13     39  20
12  84  60  72  -2   0   7 0.01  0.0    0  4.9 20 340   M    M   4 3      24 350
13  88  61  75   1   0  10    T  0.0    0  4.6 14  40   M    M   1 13     18  50
14  81  55  68  -6   0   3 0.00  0.0    0  7.8 16  70   M    M   1        21  20
15  79  52  66  -8   0   1 0.03  0.0    0 13.5 21 130   M    M   5 3      27 140
16  65  57  61 -13   4   0 0.12  0.0    0  9.1 17 100   M    M  10 13     22  40
17  80  55  68  -7   0   3 0.00  0.0    0  7.0 16 140   M    M   4 12     19 140
18  94  56  75   0   0  10 0.00  0.0    0  8.0 15 350   M    M   0        20 360
19  92  61  77   2   0  12 0.00  0.0    0 10.9 23  80   M    M   0        27  80
20 101  59  80   5   0  15 0.00  0.0    0  8.6 21 210   M    M   0 18     26 210
21 102  63  83   8   0  18 0.06  0.0    0  8.2 45 260   M    M   0 3      72 260
22  93  63  78   3   0  13 0.00  0.0    0 12.0 20  40   M    M   0        27  40
23  93  66  80   5   0  15 0.00  0.0    0 13.4 23 130   M    M   2        28 120
24 105  66  86  11   0  21 0.00  0.0    0 10.2 28 280   M    M   0        37 290
================================================================================
SM 2157 1389         7 226  1.39     0.0 213.5          M       37
================================================================================
AV 89.9 57.9                               8.9 FASTST   M    M   2    MAX(MPH)
                                 MISC ---->  # 45 260               # 72  260
================================================================================
NOTES:
# LAST OF SEVERAL OCCURRENCES

COLUMN 17 PEAK WIND IN M.P.H.

PRELIMINARY LOCAL CLIMATOLOGICAL DATA (WS FORM: F-6) , PAGE 2

                                          STATION:  SCOTTSBLUFF NE AIRPORT
                                          MONTH:    JULY
                                          YEAR:     2014
                                          LATITUDE:   41 52 N
                                          LONGITUDE: 103 36 W

[TEMPERATURE DATA]      [PRECIPITATION DATA]       SYMBOLS USED IN COLUMN 16

AVERAGE MONTHLY: 73.9   TOTAL FOR MONTH:   1.39    1 = FOG OR MIST
DPTR FM NORMAL:  -0.0   DPTR FM NORMAL:   -0.06    2 = FOG REDUCING VISIBILITY
HIGHEST:   105 ON 24    GRTST 24HR  0.90 ON 10-11      TO 1/4 MILE OR LESS
LOWEST:     43 ON  2                               3 = THUNDER
                        SNOW, ICE PELLETS, HAIL    4 = ICE PELLETS
                        TOTAL MONTH:   0.0 INCH    5 = HAIL
                        GRTST 24HR     0.0         6 = FREEZING RAIN OR DRIZZLE
                        GRTST DEPTH:   0           7 = DUSTSTORM OR SANDSTORM:
                                                       VSBY 1/2 MILE OR LESS
                                                   8 = SMOKE OR HAZE
[NO. OF DAYS WITH]      [WEATHER - DAYS WITH]      9 = BLOWING SNOW
                                                   X = TORNADO
MAX 32 OR BELOW:   0    0.01 INCH OR MORE:   8
MAX 90 OR ABOVE:  15    0.10 INCH OR MORE:   3
MIN 32 OR BELOW:   0    0.50 INCH OR MORE:   1
MIN  0 OR BELOW:   0    1.00 INCH OR MORE:   0

[HDD (BASE 65) ]
TOTAL THIS MO.     7    CLEAR  (SCALE 0-3)  20
DPTR FM NORMAL     6    PTCLDY (SCALE 4-7)   3
TOTAL FM JUL 1     7    CLOUDY (SCALE 8-10)  1
DPTR FM NORMAL     6

[CDD (BASE 65) ]
TOTAL THIS MO.   226
DPTR FM NORMAL     6    [PRESSURE DATA]
TOTAL FM JAN 1   348    HIGHEST SLP M ON M
DPTR FM NORMAL   -21    LOWEST  SLP 29.74 ON M

[REMARKS]




U.S. Dept. of Commerce
NOAA National Weather Service
1325 East West Highway
Silver Spring, MD 20910
E-mail: w-nws.webmaster@noaa.gov
Page last modified: May 16, 2007
NATIONAL WEATHER SERVICE: for Safety, for Work, for Fun - FOR LIFE