810
CXUS55 KCYS 011939
CF6BFF
PRELIMINARY LOCAL CLIMATOLOGICAL DATA (WS FORM: F-6)     ...UPDATED...

                                          STATION:   SCOTTSBLUFF NE AIRPORT
                                          MONTH:     NOVEMBER
                                          YEAR:      2014
                                          LATITUDE:   41 52 N
                                          LONGITUDE: 103 36 W

  TEMPERATURE IN F:       :PCPN:    SNOW:  WIND      :SUNSHINE: SKY     :PK WND
================================================================================
1   2   3   4   5  6A  6B    7    8   9   10  11  12  13   14  15   16   17  18
                                     12Z  AVG MX 2MIN
DY MAX MIN AVG DEP HDD CDD  WTR  SNW DPTH SPD SPD DIR MIN PSBL S-S WX    SPD DR
================================================================================

 1  58  29  44   1  21   0 0.00  0.0    0 11.7 20 110   M    M   0        24 110
 2  65  31  48   6  17   0 0.01  0.0    0  4.6 12 290   M    M   2        15 270
 3  50  31  41  -1  24   0 0.59  1.1    0  8.2 22 350   M    M   6 1      27 360
 4  58  27  43   2  22   0 0.00  0.0    T  7.0 18 260   M    M   0        24 270
 5  63  30  47   6  18   0 0.00  0.0    0  8.7 23 330   M    M   1        28 330
 6  63  26  45   5  20   0 0.00  0.0    0  4.0 13 130   M    M   0        16 200
 7  66  35  51  11  14   0 0.00  0.0    0 12.0 37 350   M    M   2 8      44 350
 8  69  30  50  10  15   0 0.00  0.0    0  6.5 18 280   M    M   0        24 280
 9  67  32  50  11  15   0 0.00  0.0    0  7.2 23 280   M    M   0        29 270
10  59  13  36  -3  29   0 0.04  0.5    0 15.4 25 340   M    M   8 18     33 350
11  15   2   9 -29  56   0 0.03  0.6    1 10.8 20 310   M    M   7 8      24 320
12  12  -5   4 -34  61   0 0.00  0.0    1 10.4 20 300   M    M   2        26 310
13  20  -9   6 -31  59   0 0.01  0.2    T  8.1 16 160   M    M   M 18     21 150
14  29  13  21 -16  44   0 0.01  0.2    1 10.6 18 110   M    M   8 1      21 110
15  26  -2  12 -24  53   0 0.04  0.5    1 13.7 24 320   M    M   6 19     30 320
16  33  -4  15 -21  50   0 0.00  0.0    1 15.5 39 320   M    M   1        51 330
17  33  11  22 -13  43   0 0.00  0.0    T 14.6 32 320   M    M   2        41 320
18  47   8  28  -7  37   0 0.00  0.0    T  9.9 26 290   M    M   1        33 280
19  47  17  32  -2  33   0 0.00  0.0    0  6.9 18 330   M    M   0        23 340
20  54  11  33  -1  32   0 0.00  0.0    0  4.4 12  90   M    M   0        12 110
21  58  23  41   8  24   0 0.00  0.0    0  4.8 24 280   M    M   2        29 280
22  59  20  40   7  25   0    T  0.0    0 10.3 31 310   M    M   1        42 310
23  45  24  35   3  30   0 0.00  0.0    0 16.8 37 330   M    M   3        48 320
24  42  19  31  -1  34   0    T    T    0 15.0 36 320   M    M   4        51 310
25  49  18  34   3  31   0 0.04  0.2    0 12.0 35 300   M    M   5        48 300
26  32  16  24  -7  41   0 0.13  2.1    T  7.4 20 310   M    M  10 12     23 310
27  55  10  33   3  32   0 0.00  0.0    2  4.3 14 290   M    M   0 1      18 280
28  66  29  48  18  17   0 0.00  0.0    T  9.3 23 260   M    M   0        30 270
29  67  19  43  13  22   0 0.00  0.0    0  9.4 30 260   M    M   1        41 260
30  23  11  17 -12  48   0 0.01  0.2    0  8.3 16  30   M    M  10 1      22 310
================================================================================
SM 1430  515       967   0  0.91     5.6 287.8          M       82
================================================================================
AV 47.7 17.2                               9.6 FASTST   M    M   3    MAX(MPH)
                                 MISC ---->    39 320               # 51  310
================================================================================
NOTES:
# LAST OF SEVERAL OCCURRENCES

COLUMN 17 PEAK WIND IN M.P.H.

PRELIMINARY LOCAL CLIMATOLOGICAL DATA (WS FORM: F-6) , PAGE 2

                                          STATION:  SCOTTSBLUFF NE AIRPORT
                                          MONTH:    NOVEMBER
                                          YEAR:     2014
                                          LATITUDE:   41 52 N
                                          LONGITUDE: 103 36 W

[TEMPERATURE DATA]      [PRECIPITATION DATA]       SYMBOLS USED IN COLUMN 16

AVERAGE MONTHLY: 32.4   TOTAL FOR MONTH:   0.91    1 = FOG OR MIST
DPTR FM NORMAL:  -3.4   DPTR FM NORMAL:    0.25    2 = FOG REDUCING VISIBILITY
HIGHEST:    69 ON  8    GRTST 24HR  0.60 ON  2- 3      TO 1/4 MILE OR LESS
LOWEST:     -9 ON 13                               3 = THUNDER
                        SNOW, ICE PELLETS, HAIL    4 = ICE PELLETS
                        TOTAL MONTH:   5.6 INCHES  5 = HAIL
                        GRTST 24HR   2.1 ON 26-26  6 = FREEZING RAIN OR DRIZZLE
                        GRTST DEPTH:   2 ON 27     7 = DUSTSTORM OR SANDSTORM:
                                                       VSBY 1/2 MILE OR LESS
                                                   8 = SMOKE OR HAZE
[NO. OF DAYS WITH]      [WEATHER - DAYS WITH]      9 = BLOWING SNOW
                                                   X = TORNADO
MAX 32 OR BELOW:   7    0.01 INCH OR MORE:  10
MAX 90 OR ABOVE:   0    0.10 INCH OR MORE:   2
MIN 32 OR BELOW:  29    0.50 INCH OR MORE:   1
MIN  0 OR BELOW:   4    1.00 INCH OR MORE:   0

[HDD (BASE 65) ]
TOTAL THIS MO.   967    CLEAR  (SCALE 0-3)  20
DPTR FM NORMAL    93    PTCLDY (SCALE 4-7)   7
TOTAL FM JUL 1  1445    CLOUDY (SCALE 8-10)  2
DPTR FM NORMAL  -120

[CDD (BASE 65) ]
TOTAL THIS MO.     0
DPTR FM NORMAL     0    [PRESSURE DATA]
TOTAL FM JAN 1   719    HIGHEST SLP 30.83 ON 12
DPTR FM NORMAL    -5    LOWEST  SLP 29.29 ON 10

[REMARKS]
NEW DAILY PRECIPITATION RECORD OF 0.59 INCH SET ON THE 3RD. THE OLD RECORD WAS
 0.43 INCH SET IN 1973.
NEW RECOR COLDEST HIGH TEMPERATURE OF 12 DEGREES SET ON THE 12TH. THE OLD RECORD
 WAS 17 DEGREES SET IN 1986.
#FINAL-11-14#




U.S. Dept. of Commerce
NOAA National Weather Service
1325 East West Highway
Silver Spring, MD 20910
E-mail: w-nws.webmaster@noaa.gov
Page last modified: May 16, 2007
NATIONAL WEATHER SERVICE: for Safety, for Work, for Fun - FOR LIFE