792
CXUS55 KCYS 311000
CF6BFF
PRELIMINARY LOCAL CLIMATOLOGICAL DATA (WS FORM: F-6)

                                          STATION:   SCOTTSBLUFF NE AIRPORT
                                          MONTH:     JANUARY
                                          YEAR:      2015
                                          LATITUDE:   41 52 N
                                          LONGITUDE: 103 36 W

  TEMPERATURE IN F:       :PCPN:    SNOW:  WIND      :SUNSHINE: SKY     :PK WND
================================================================================
1   2   3   4   5  6A  6B    7    8   9   10  11  12  13   14  15   16   17  18
                                     12Z  AVG MX 2MIN
DY MAX MIN AVG DEP HDD CDD  WTR  SNW DPTH SPD SPD DIR MIN PSBL S-S WX    SPD DR
================================================================================

 1  24  -9   8 -18  57   0 0.00  0.0   12 10.5 20 330   M    M   3        23 320
 2  33   6  20  -6  45   0 0.00  0.0   11  3.1  9 360   M    M   5 128    10 350
 3  31  -9  11 -15  54   0 0.10  1.9   10 11.6 30 350   M    M   5 1289   35 340
 4   6 -12  -3 -29  68   0 0.00  0.0   12  3.4  9  30   M    M   4 1      10  30
 5  45  -6  20  -6  45   0 0.00  0.0   12 12.8 31 360   M    M   4 1      38  10
 6  39  11  25  -2  40   0    T    T    7  8.4 37  30   M    M   4 1      44  30
 7  21   9  15 -12  50   0    T    T    7  9.3 17 110   M    M   5        20 160
 8  40  12  26  -1  39   0 0.00  0.0    7 16.5 36 330   M    M   5        44 340
 9  18  -5   7 -20  58   0    T    T    6  8.0 23 320   M    M   0        27 320
10  33   4  19  -8  46   0 0.00  0.0    6  7.0 14 330   M    M   0        16 330
11  35  16  26  -1  39   0 0.04  0.5    6  7.3 18  30   M    M   4 18     21  20
12  22  16  19  -8  46   0 0.07  1.0    8 12.7 18 120   M    M  10 1      21 120
13  30  10  20  -7  45   0 0.00  0.0    7  7.4 15 270   M    M   6 18     17 270
14  29   1  15 -12  50   0 0.00  0.0    6  6.0 15 310   M    M   0 1      17 310
15  40  11  26  -1  39   0 0.00  0.0    6  5.9 14 300   M    M   0        15 300
16  51  20  36   9  29   0 0.00  0.0    5 14.8 37 250   M    M   1        50 240
17  43  23  33   6  32   0 0.00  0.0    4 11.7 30 320   M    M   1        37 320
18  50  23  37   9  28   0 0.00  0.0    3  6.5 20 310   M    M   0        25 300
19  46  26  36   8  29   0 0.00  0.0    3  6.6 17 280   M    M   1        22 280
20  40  19  30   2  35   0    T    T    2  8.3 15 300   M    M   6 1      19 300
21  34  15  25  -3  40   0 0.00  0.0    2  8.0 21 340   M    M   1        26 340
22  41   7  24  -4  41   0 0.00  0.0    2  3.5 12 270   M    M   0 18     14 270
23  44  19  32   4  33   0 0.00  0.0    1  9.4 20 300   M    M   3        24 300
24  47  23  35   7  30   0 0.04  0.0    1 15.4 33 320   M    M   4 1      43 320
25  54  30  42  14  23   0    T  0.0    T 10.7 28 330   M    M   3        35 320
26  65  33  49  21  16   0 0.00  0.0    T  8.7 16 300   M    M   0        19 270
27  66  30  48  20  17   0 0.00  0.0    0   M   M   M   M    M   M         M  M
28   M   M   M   M   M   M 0.00  0.0    0   M   M   M   M    M   M         M  M
29  50  27  39  11  26   0 0.00  0.0    0  8.1 16 300   M    M   1        21 330
30  44  27  36   8  29   0 0.00  0.0    0  4.9 10 100   M    M   0        12 110
================================================================================
SM 1121  377      1129   0  0.25     3.4 246.5          M       76
================================================================================
AV 38.7 13.0                               8.8 FASTST   M    M   3    MAX(MPH)
                                 MISC ---->  # 37  30               # 50  240
================================================================================
NOTES:
# LAST OF SEVERAL OCCURRENCES

COLUMN 17 PEAK WIND IN M.P.H.

PRELIMINARY LOCAL CLIMATOLOGICAL DATA (WS FORM: F-6) , PAGE 2

                                          STATION:  SCOTTSBLUFF NE AIRPORT
                                          MONTH:    JANUARY
                                          YEAR:     2015
                                          LATITUDE:   41 52 N
                                          LONGITUDE: 103 36 W

[TEMPERATURE DATA]      [PRECIPITATION DATA]       SYMBOLS USED IN COLUMN 16

AVERAGE MONTHLY: 25.8   TOTAL FOR MONTH:   0.25    1 = FOG OR MIST
DPTR FM NORMAL:  -1.4   DPTR FM NORMAL:   -0.14    2 = FOG REDUCING VISIBILITY
HIGHEST:    66 ON 27    GRTST 24HR  0.11 ON 11-12      TO 1/4 MILE OR LESS
LOWEST:    -12 ON  4                               3 = THUNDER
                        SNOW, ICE PELLETS, HAIL    4 = ICE PELLETS
                        TOTAL MONTH:   3.4 INCHES  5 = HAIL
                        GRTST 24HR   1.9 ON   M    6 = FREEZING RAIN OR DRIZZLE
                        GRTST DEPTH:  12 ON  5, 4  7 = DUSTSTORM OR SANDSTORM:
                                                       VSBY 1/2 MILE OR LESS
                                                   8 = SMOKE OR HAZE
[NO. OF DAYS WITH]      [WEATHER - DAYS WITH]      9 = BLOWING SNOW
                                                   X = TORNADO
MAX 32 OR BELOW:   8    0.01 INCH OR MORE:   4
MAX 90 OR ABOVE:   0    0.10 INCH OR MORE:   1
MIN 32 OR BELOW:  28    0.50 INCH OR MORE:   0
MIN  0 OR BELOW:   5    1.00 INCH OR MORE:   0

[HDD (BASE 65) ]
TOTAL THIS MO.  1129    CLEAR  (SCALE 0-3)  15
DPTR FM NORMAL    -4    PTCLDY (SCALE 4-7)  12
TOTAL FM JUL 1  3782    CLOUDY (SCALE 8-10)  1
DPTR FM NORMAL  -123

[CDD (BASE 65) ]
TOTAL THIS MO.     0
DPTR FM NORMAL     0    [PRESSURE DATA]
TOTAL FM JAN 1     0    HIGHEST SLP  0.00 ON  5
DPTR FM NORMAL     0    LOWEST  SLP 29.72 ON 16

[REMARKS]




U.S. Dept. of Commerce
NOAA National Weather Service
1325 East West Highway
Silver Spring, MD 20910
E-mail: w-nws.webmaster@noaa.gov
Page last modified: May 16, 2007
NATIONAL WEATHER SERVICE: for Safety, for Work, for Fun - FOR LIFE