483
CXUS55 KCTP 220900
CF6BFD
PRELIMINARY LOCAL CLIMATOLOGICAL DATA (WS FORM: F-6)

                                          STATION:   BRADFORD
                                          MONTH:     APRIL
                                          YEAR:      2014
                                          LATITUDE:   41 47 N
                                          LONGITUDE:  78 38 W

  TEMPERATURE IN F:       :PCPN:    SNOW:  WIND      :SUNSHINE: SKY     :PK WND
================================================================================
1   2   3   4   5  6A  6B    7    8   9   10  11  12  13   14  15   16   17  18
                                     12Z  AVG MX 2MIN
DY MAX MIN AVG DEP HDD CDD  WTR  SNW DPTH SPD SPD DIR MIN PSBL S-S WX    SPD DR
================================================================================

 1  66  28  47   9  18   0    T    M    M  8.1 17 200   M    M   1        28 270
 2  55  33  44   6  21   0 0.00    M    M  8.4 17 320   M    M   1        23 300
 3  52  30  41   2  24   0 0.24    M    0  6.6 15 120   M    M   6 1      21 120
 4  47  38  43   4  22   0 0.62    M    M 11.9 23 140   M    M  10 18     32 140
 5  38  23  31  -9  34   0 0.03    M    0 12.2 24 290   M    M   8 1      36 280
 6  53  19  36  -4  29   0 0.00  0.0    0  2.9 10 140   M    M   0 1      15 140
 7  43  36  40  -1  25   0 0.77    M    0 11.2 22 140   M    M   6 13     31 120
 8  48  35  42   1  23   0 0.19    M    0 10.7 23 280   M    M   6 1      32 300
 9  49  28  39  -2  26   0 0.00  0.0    0  8.0 28 320   M    M   1 1      32 320
10  64  25  45   3  20   0    T    M    0 11.6 23 320   M    M   3        35 200
11  52  35  44   2  21   0 0.40    M    0  3.1 20 300   M    M   9 12     24 300
12  65  36  51   8  14   0 0.00  0.0    0  5.2 16 240   M    M   5 12     21 240
13  77  57  67  24   0   2    T  0.0    0  9.6 22 220   M    M   3        34 210
14  73  57  65  22   0   0 0.26  0.0    0 11.6 30 230   M    M   5 1      46 240
15  59  20  40  -4  25   0 0.41    M    0 14.5 25 320   M    M   9 1      31 310
16  39  15  27 -17  38   0    T    M    0  7.1 20 330   M    M   1        24 310
17  53  27  40  -4  25   0 0.00  0.0    0  9.9 17 150   M    M   0        26 140
18  63  33  48   3  17   0 0.00  0.0    0  9.2 18 310   M    M   2        23 310
19  57  32  45   0  20   0 0.00    M    M  5.9 15  30   M    M   0 18     19 340
20  67  27  47   2  18   0 0.00    M    M  5.7 14 150   M    M   0        22 140
21  75  39  57  11   8   0 0.00    M    M  4.8 16 210   M    M   0        24 190
================================================================================
SM 1195  673       428   2  2.92     0.0 178.2          M       76
================================================================================
AV 56.9 32.0                               8.5 FASTST   M    M   4    MAX(MPH)
                                 MISC ---->  # 30 230               # 46  240
================================================================================
NOTES:
# LAST OF SEVERAL OCCURRENCES

COLUMN 17 PEAK WIND IN M.P.H.

PRELIMINARY LOCAL CLIMATOLOGICAL DATA (WS FORM: F-6) , PAGE 2

                                          STATION:  BRADFORD
                                          MONTH:    APRIL
                                          YEAR:     2014
                                          LATITUDE:   41 47 N
                                          LONGITUDE:  78 38 W

[TEMPERATURE DATA]      [PRECIPITATION DATA]       SYMBOLS USED IN COLUMN 16

AVERAGE MONTHLY: 44.5   TOTAL FOR MONTH:   2.92    1 = FOG OR MIST
DPTR FM NORMAL:   2.4   DPTR FM NORMAL:    0.42    2 = FOG REDUCING VISIBILITY
HIGHEST:    77 ON 13    GRTST 24HR  0.96 ON  7- 8      TO 1/4 MILE OR LESS
LOWEST:     15 ON 16                               3 = THUNDER
                        SNOW, ICE PELLETS, HAIL    4 = ICE PELLETS
                        TOTAL MONTH:   0.0 INCH    5 = HAIL
                        GRTST 24HR     0.0         6 = FREEZING RAIN OR DRIZZLE
                        GRTST DEPTH:   0           7 = DUSTSTORM OR SANDSTORM:
                                                       VSBY 1/2 MILE OR LESS
                                                   8 = SMOKE OR HAZE
[NO. OF DAYS WITH]      [WEATHER - DAYS WITH]      9 = BLOWING SNOW
                                                   X = TORNADO
MAX 32 OR BELOW:   0    0.01 INCH OR MORE:   8
MAX 90 OR ABOVE:   0    0.10 INCH OR MORE:   7
MIN 32 OR BELOW:  11    0.50 INCH OR MORE:   2
MIN  0 OR BELOW:   0    1.00 INCH OR MORE:   0

[HDD (BASE 65) ]
TOTAL THIS MO.   428    CLEAR  (SCALE 0-3)  11
DPTR FM NORMAL    54    PTCLDY (SCALE 4-7)   7
TOTAL FM JUL 1  7271    CLOUDY (SCALE 8-10)  3
DPTR FM NORMAL   290

[CDD (BASE 65) ]
TOTAL THIS MO.     2
DPTR FM NORMAL     2    [PRESSURE DATA]
TOTAL FM JAN 1     2    HIGHEST SLP M ON M
DPTR FM NORMAL     2    LOWEST  SLP 29.40 ON  8

[REMARKS]




U.S. Dept. of Commerce
NOAA National Weather Service
1325 East West Highway
Silver Spring, MD 20910
E-mail: w-nws.webmaster@noaa.gov
Page last modified: May 16, 2007
NATIONAL WEATHER SERVICE: for Safety, for Work, for Fun - FOR LIFE