969
CXUS55 KCTP 011131
CF6BFD
PRELIMINARY LOCAL CLIMATOLOGICAL DATA (WS FORM: F-6)

                                          STATION:   BRADFORD
                                          MONTH:     AUGUST
                                          YEAR:      2014
                                          LATITUDE:   41 47 N
                                          LONGITUDE:  78 38 W

  TEMPERATURE IN F:       :PCPN:    SNOW:  WIND      :SUNSHINE: SKY     :PK WND
================================================================================
1   2   3   4   5  6A  6B    7    8   9   10  11  12  13   14  15   16   17  18
                                     12Z  AVG MX 2MIN
DY MAX MIN AVG DEP HDD CDD  WTR  SNW DPTH SPD SPD DIR MIN PSBL S-S WX    SPD DR
================================================================================

 1  78  48  63  -2   2   0 0.00    M    M  2.8 10 160   M    M   3 123    15 150
 2  76  54  65   0   0   0 0.58    M    M  4.3 13 280   M    M   5 123    15 280
 3  71  59  65   0   0   0 0.29    M    M  3.2 10 340   M    M   8 12     13 340
 4  79  58  69   4   0   4 0.00    M    M  3.2  9 280   M    M   5 12     12 290
 5  77  53  65   0   0   0 0.62    M    M  3.4 16 320   M    M   5 138    21 330
 6  72  50  61  -4   4   0    T  0.0    0  3.6 16 340   M    M   6 12     21 350
 7  73  44  59  -6   6   0 0.00  0.0    0  5.6 18 320   M    M   1        23 340
 8  73  44  59  -6   6   0 0.00  0.0    0  0.8 10  70   M    M   3 12     13  70
 9  76  48  62  -3   3   0 0.00  0.0    0  2.7 10 120   M    M   0        14 140
10  79  48  64  -1   1   0 0.00  0.0    0  3.0 13 140   M    M   1 1      18 150
11  76  53  65   0   0   0 0.16  0.0    0  9.0 22 150   M    M   4 1      33 160
12  67  62  65   0   0   0 1.83  0.0    0  8.8 16 150   M    M  10 13     25 150
13  65  47  56  -8   9   0 0.03    M    0  8.2 18 270   M    M   7 18     26 300
14  64  46  55  -9  10   0 0.00    M    M  7.0 22 320   M    M   7 1      30 320
15  67  42  55  -9  10   0 0.00    M    M  6.1 17 320   M    M   4 1      22 290
16  70  38  54 -10  11   0    T  0.0    0  4.8 15 280   M    M   2 1      22 290
17  73  51  62  -2   3   0 0.06  0.0    0  5.8 15 310   M    M   5 1      21 320
18  75  44  60  -4   5   0 0.00  0.0    0  2.4 10  90   M    M   3 12     13  60
19  80  50  65   1   0   0 0.00  0.0    0  4.1 14 300   M    M   2 1      17 300
20  75  62  69   5   0   4 0.01    M    M  3.7 13 210   M    M   7 12     18 210
21  79  60  70   6   0   5 1.51    M    M  4.2 14 280   M    M   5 123    19 280
22  80  62  71   8   0   6    T    M    M  3.0 10 330   M    M   7 13     13 330
23  75  61  68   5   0   3 0.00    M    M  5.8 14 140   M    M  10 12     19 110
24  73  55  64   1   1   0    T    M    M  4.8 13 120   M    M   7 1      16 120
25  76  49  63   0   2   0 0.00    M    M  3.5 14 150   M    M   2 1      17 160
26  80  49  65   2   0   0 0.00  0.0  999  3.6 10 190   M    M   2 12     13 170
27  81  54  68   5   0   3 0.00    M    M  5.4 16 330   M    M   3 128    23 340
28  68  45  57  -5   8   0 0.00    M    M  7.0 18 320   M    M   4        22 320
29  72  40  56  -6   9   0 0.00    M    M  3.7 12 150   M    M   0        16 120
30  81  54  68   6   0   3 0.00  0.0    0  8.0 13 170   M    M   1        18 200
31  73  67  70   8   0   5 0.68    M    M  4.1 13 210   M    M  10 1      18 190
================================================================================
SM 2304 1597        90  33  5.77     0.0 145.6          M      139
================================================================================
AV 74.3 51.5                               4.7 FASTST   M    M   4    MAX(MPH)
                                 MISC ---->  # 22 150               # 33  160
================================================================================
NOTES:
# LAST OF SEVERAL OCCURRENCES

COLUMN 17 PEAK WIND IN M.P.H.

PRELIMINARY LOCAL CLIMATOLOGICAL DATA (WS FORM: F-6) , PAGE 2

                                          STATION:  BRADFORD
                                          MONTH:    AUGUST
                                          YEAR:     2014
                                          LATITUDE:   41 47 N
                                          LONGITUDE:  78 38 W

[TEMPERATURE DATA]      [PRECIPITATION DATA]       SYMBOLS USED IN COLUMN 16

AVERAGE MONTHLY: 62.9   TOTAL FOR MONTH:   5.77    1 = FOG OR MIST
DPTR FM NORMAL:  -0.9   DPTR FM NORMAL:    1.66    2 = FOG REDUCING VISIBILITY
HIGHEST:    81 ON 30,27 GRTST 24HR  1.96 ON 11-12      TO 1/4 MILE OR LESS
LOWEST:     38 ON 16                               3 = THUNDER
                        SNOW, ICE PELLETS, HAIL    4 = ICE PELLETS
                        TOTAL MONTH:   0.0 INCH    5 = HAIL
                        GRTST 24HR     0.0         6 = FREEZING RAIN OR DRIZZLE
                        GRTST DEPTH: 999 ON 26     7 = DUSTSTORM OR SANDSTORM:
                                                       VSBY 1/2 MILE OR LESS
                                                   8 = SMOKE OR HAZE
[NO. OF DAYS WITH]      [WEATHER - DAYS WITH]      9 = BLOWING SNOW
                                                   X = TORNADO
MAX 32 OR BELOW:   0    0.01 INCH OR MORE:  10
MAX 90 OR ABOVE:   0    0.10 INCH OR MORE:   7
MIN 32 OR BELOW:   0    0.50 INCH OR MORE:   5
MIN  0 OR BELOW:   0    1.00 INCH OR MORE:   2

[HDD (BASE 65) ]
TOTAL THIS MO.    90    CLEAR  (SCALE 0-3)  13
DPTR FM NORMAL     1    PTCLDY (SCALE 4-7)  14
TOTAL FM JUL 1   184    CLOUDY (SCALE 8-10)  4
DPTR FM NORMAL    31

[CDD (BASE 65) ]
TOTAL THIS MO.    33
DPTR FM NORMAL   -20    [PRESSURE DATA]
TOTAL FM JAN 1   170    HIGHEST SLP 30.24 ON 29
DPTR FM NORMAL    -7    LOWEST  SLP 29.77 ON 13

[REMARKS]
#FINAL-08-14#




U.S. Dept. of Commerce
NOAA National Weather Service
1325 East West Highway
Silver Spring, MD 20910
E-mail: w-nws.webmaster@noaa.gov
Page last modified: May 16, 2007
NATIONAL WEATHER SERVICE: for Safety, for Work, for Fun - FOR LIFE