711
CXUS55 KCTP 011131
CF6BFD
PRELIMINARY LOCAL CLIMATOLOGICAL DATA (WS FORM: F-6)

                                          STATION:   BRADFORD
                                          MONTH:     NOVEMBER
                                          YEAR:      2014
                                          LATITUDE:   41 47 N
                                          LONGITUDE:  78 38 W

  TEMPERATURE IN F:       :PCPN:    SNOW:  WIND      :SUNSHINE: SKY     :PK WND
================================================================================
1   2   3   4   5  6A  6B    7    8   9   10  11  12  13   14  15   16   17  18
                                     12Z  AVG MX 2MIN
DY MAX MIN AVG DEP HDD CDD  WTR  SNW DPTH SPD SPD DIR MIN PSBL S-S WX    SPD DR
================================================================================

 1  38  31  35  -7  30   0 0.01    M    M 10.1 17 350   M    M  10 18     23 350
 2  38  29  34  -8  31   0    T    M    M 14.1 23 320   M    M   6 18     31 330
 3  52  29  41   0  24   0 0.00    M    M  8.4 16 280   M    M   6        22 220
 4  62  44  53  12  12   0    T    M    M  9.1 21 240   M    M   5        28 230
 5  54  35  45   4  20   0 0.18    M    M  6.4 22 290   M    M   2 18     33 290
 6  41  36  39  -2  26   0 0.45    M    M  3.9 12 350   M    M   9 1      15 340
 7  39  27  33  -7  32   0 0.10    M    M 10.4 23 300   M    M   8 1      30 280
 8  43  29  36  -4  29   0    T    M    M  7.7 17 210   M    M   9        23 230
 9  43  34  39  -1  26   0 0.07    M    M  6.6 14 220   M    M   8 1      20 220
10  58  39  49  10  16   0 0.00    M    M  7.8 16 150   M    M   5        26 150
11  66  45  56  17   9   0 0.00    M    M  9.0 20 190   M    M   2        31 190
12  58  31  45   6  20   0 0.08    M    0  9.2 21 300   M    M  10 1      28 290
13  31  22  27 -11  38   0 0.07    M    M  5.7 15 320   M    M  10 1268   19 310
14  28  22  25 -13  40   0 0.07    M    M  8.3 15 300   M    M   9 18     22 280
15  30  18  24 -13  41   0 0.05    M    0  3.6 12 290   M    M   7 18     14 220
16  32  19  26 -11  39   0 0.06    M    M  4.5 14 230   M    M   9 18     19 180
17  34  16  25 -12  40   0 0.41    M    M  7.1 20 280   M    M  10 128    32 290
18  16   8  12 -24  53   0    T    M    M 11.9 22 240   M    M   7 8      36 230
19  30   6  18 -18  47   0    T    T    M  9.8 16 230   M    M   7 189    25 240
20  29  17  23 -12  42   0    T    T    M 10.6 21 280   M    M   9 8      31 280
21  24   7  16 -19  49   0 0.02    M    M  6.3 20 280   M    M   6 128    25 290
22  42  10  26  -9  39   0 0.25  0.0    M  7.3 15 210   M    M   6 16     23 190
23  52  41  47  13  18   0 0.07  0.0    0  8.8 20 140   M    M   7 1      30 150
24  63  39  51  17  14   0 0.37  0.0    M 14.0 24 140   M    M   8 1      38 140
25  41  30  36   3  29   0 0.00  0.0    M  9.7 21 220   M    M   6        33 220
26  31  26  29  -4  36   0 0.05    M    M  4.4 10 100   M    M  10 18     14  80
27  32  25  29  -4  36   0 0.03    M    M  6.5 18 290   M    M  10 1      27 300
28  26  15  21 -11  44   0    T    M    M  7.7 21 310   M    M   8        31 320
29  36  19  28  -4  37   0    T    M    M  8.5 15 160   M    M   9 18     24 150
30  55  36  46  15  19   0    T  0.0    M  7.5 14 220   M    M  10        22 240
================================================================================
SM 1224  785       936   0  2.34    T    244.9          M      228
================================================================================
AV 40.8 26.2                               8.2 FASTST   M    M   8    MAX(MPH)
                                 MISC ---->  # 24 140               # 38  140
================================================================================
NOTES:
# LAST OF SEVERAL OCCURRENCES

COLUMN 17 PEAK WIND IN M.P.H.

PRELIMINARY LOCAL CLIMATOLOGICAL DATA (WS FORM: F-6) , PAGE 2

                                          STATION:  BRADFORD
                                          MONTH:    NOVEMBER
                                          YEAR:     2014
                                          LATITUDE:   41 47 N
                                          LONGITUDE:  78 38 W

[TEMPERATURE DATA]      [PRECIPITATION DATA]       SYMBOLS USED IN COLUMN 16

AVERAGE MONTHLY: 33.5   TOTAL FOR MONTH:   2.34    1 = FOG OR MIST
DPTR FM NORMAL:  -3.5   DPTR FM NORMAL:   -1.42    2 = FOG REDUCING VISIBILITY
HIGHEST:    66 ON 11    GRTST 24HR  0.52 ON  6- 7      TO 1/4 MILE OR LESS
LOWEST:      6 ON 19                               3 = THUNDER
                        SNOW, ICE PELLETS, HAIL    4 = ICE PELLETS
                        TOTAL MONTH:    T          5 = HAIL
                        GRTST 24HR    T  ON 20-20  6 = FREEZING RAIN OR DRIZZLE
                        GRTST DEPTH:   0           7 = DUSTSTORM OR SANDSTORM:
                                                       VSBY 1/2 MILE OR LESS
                                                   8 = SMOKE OR HAZE
[NO. OF DAYS WITH]      [WEATHER - DAYS WITH]      9 = BLOWING SNOW
                                                   X = TORNADO
MAX 32 OR BELOW:  11    0.01 INCH OR MORE:  17
MAX 90 OR ABOVE:   0    0.10 INCH OR MORE:   6
MIN 32 OR BELOW:  21    0.50 INCH OR MORE:   0
MIN  0 OR BELOW:   0    1.00 INCH OR MORE:   0

[HDD (BASE 65) ]
TOTAL THIS MO.   936    CLEAR  (SCALE 0-3)   2
DPTR FM NORMAL    94    PTCLDY (SCALE 4-7)  13
TOTAL FM JUL 1  1818    CLOUDY (SCALE 8-10) 15
DPTR FM NORMAL   -17

[CDD (BASE 65) ]
TOTAL THIS MO.     0
DPTR FM NORMAL     0    [PRESSURE DATA]
TOTAL FM JAN 1   196    HIGHEST SLP 30.49 ON 21
DPTR FM NORMAL     3    LOWEST  SLP 29.35 ON 24

[REMARKS]
#FINAL-11-14#




U.S. Dept. of Commerce
NOAA National Weather Service
1325 East West Highway
Silver Spring, MD 20910
E-mail: w-nws.webmaster@noaa.gov
Page last modified: May 16, 2007
NATIONAL WEATHER SERVICE: for Safety, for Work, for Fun - FOR LIFE