524
CXUS55 KCTP 011131
CF6BFD
PRELIMINARY LOCAL CLIMATOLOGICAL DATA (WS FORM: F-6)

                                          STATION:   BRADFORD
                                          MONTH:     SEPTEMBER
                                          YEAR:      2014
                                          LATITUDE:   41 47 N
                                          LONGITUDE:  78 38 W

  TEMPERATURE IN F:       :PCPN:    SNOW:  WIND      :SUNSHINE: SKY     :PK WND
================================================================================
1   2   3   4   5  6A  6B    7    8   9   10  11  12  13   14  15   16   17  18
                                     12Z  AVG MX 2MIN
DY MAX MIN AVG DEP HDD CDD  WTR  SNW DPTH SPD SPD DIR MIN PSBL S-S WX    SPD DR
================================================================================

 1  77  68  73  12   0   8    T    M    M  4.2 12 220   M    M   9 1      15 180
 2  77  59  68   7   0   3 0.73    M    M  6.5 21 330   M    M   8 13     26 320
 3  77  56  67   6   0   2 0.00  0.0    0  1.9 12 270   M    M   5 12     15 260
 4  81  53  67   6   0   2 0.00    M    M  2.5 12 210   M    M   1 1      16 200
 5  86  57  72  12   0   7 0.00    M    M  5.0 15 220   M    M   2 12     22 240
 6  73  53  63   3   2   0 0.14    M    M  5.5 21 320   M    M   8 138    28 310
 7  71  42  57  -3   8   0 0.00    M    M  2.4 12 330   M    M   2 12     15 320
 8  72  43  58  -1   7   0 0.00    M    M  7.0 17 140   M    M   2 1      24 130
 9  67  53  60   1   5   0 0.00    M    M  8.3 15 130   M    M   8        20 120
10  74  62  68   9   0   3 0.37  0.0    0  9.8 16 140   M    M   7 1      24 150
11  69  53  61   3   4   0 0.30  0.0    0 10.4 21 290   M    M  10 1      28 290
12  54  49  52  -6  13   0 0.00  0.0    0  5.1  9 360   M    M  10 1      13 340
13  60  48  54  -4  11   0 0.06  0.0    0  8.2 21 300   M    M   9 18     28 310
14  61  46  54  -3  11   0 0.00  0.0    0  3.5 10 300   M    M   9        16 280
15  63  42  53  -4  12   0 0.15  0.0    0  3.0 14 180   M    M   6 12     18 180
16  62  38  50  -7  15   0 0.29  0.0    0  5.8 15 330   M    M   6 1      19 320
17  64  34  49  -7  16   0 0.00  0.0    0  2.2 10 280   M    M   1 1      14 150
18  64  37  51  -5  14   0 0.00    M    M  4.2 15 320   M    M   5 12     19 320
19  65  43  54  -2  11   0 0.00    M    M  6.4 14 180   M    M   5 1      21 190
20  72  56  64   9   1   0 0.00    M    M  9.0 17 220   M    M   7        28 220
21  71  52  62   7   3   0 0.18    M    M  9.2 20 280   M    M   8 18     29 280
22  52  42  47  -7  18   0 0.03    M    0 10.4 20 300   M    M   9 1      28 300
23  67  34  51  -3  14   0 0.00  0.0    0  1.8 13 300   M    M   0 1      16 290
24  69  42  56   2   9   0 0.00    M    M  5.6 17 120   M    M   1 12     24 120
25  66  44  55   2  10   0 0.00    M    M  2.2 10 140   M    M   0 1      13 150
26  72  39  56   3   9   0 0.00    M    M  2.6 13  10   M    M   2 12     17  40
27  76  40  58   5   7   0 0.00    M    M  2.1  9 100   M    M   1 1      12  60
28  75  42  59   7   6   0 0.00    M    M  1.7  8 240   M    M   2 12     13 200
29  74  47  61   9   4   0 0.00    M    M  1.5 10 290   M    M   1 12     14 280
30  71  44  58   6   7   0    T    M    M  2.8 10 320   M    M   7 123    13 300
================================================================================
SM 2082 1418       217  25  2.25     0.0 150.8          M      151
================================================================================
AV 69.4 47.3                               5.0 FASTST   M    M   5    MAX(MPH)
                                 MISC ---->  # 21 330               # 29  280
================================================================================
NOTES:
# LAST OF SEVERAL OCCURRENCES

COLUMN 17 PEAK WIND IN M.P.H.

PRELIMINARY LOCAL CLIMATOLOGICAL DATA (WS FORM: F-6) , PAGE 2

                                          STATION:  BRADFORD
                                          MONTH:    SEPTEMBER
                                          YEAR:     2014
                                          LATITUDE:   41 47 N
                                          LONGITUDE:  78 38 W

[TEMPERATURE DATA]      [PRECIPITATION DATA]       SYMBOLS USED IN COLUMN 16

AVERAGE MONTHLY: 58.3   TOTAL FOR MONTH:   2.25    1 = FOG OR MIST
DPTR FM NORMAL:   1.6   DPTR FM NORMAL:   -1.67    2 = FOG REDUCING VISIBILITY
HIGHEST:    86 ON  5    GRTST 24HR  0.73 ON  2- 2      TO 1/4 MILE OR LESS
LOWEST:     34 ON 23,17                            3 = THUNDER
                        SNOW, ICE PELLETS, HAIL    4 = ICE PELLETS
                        TOTAL MONTH:   0.0 INCH    5 = HAIL
                        GRTST 24HR     0.0         6 = FREEZING RAIN OR DRIZZLE
                        GRTST DEPTH:   0           7 = DUSTSTORM OR SANDSTORM:
                                                       VSBY 1/2 MILE OR LESS
                                                   8 = SMOKE OR HAZE
[NO. OF DAYS WITH]      [WEATHER - DAYS WITH]      9 = BLOWING SNOW
                                                   X = TORNADO
MAX 32 OR BELOW:   0    0.01 INCH OR MORE:   9
MAX 90 OR ABOVE:   0    0.10 INCH OR MORE:   7
MIN 32 OR BELOW:   0    0.50 INCH OR MORE:   1
MIN  0 OR BELOW:   0    1.00 INCH OR MORE:   0

[HDD (BASE 65) ]
TOTAL THIS MO.   217    CLEAR  (SCALE 0-3)  12
DPTR FM NORMAL   -47    PTCLDY (SCALE 4-7)  12
TOTAL FM JUL 1   401    CLOUDY (SCALE 8-10)  6
DPTR FM NORMAL   -16

[CDD (BASE 65) ]
TOTAL THIS MO.    25
DPTR FM NORMAL    10    [PRESSURE DATA]
TOTAL FM JAN 1   195    HIGHEST SLP 30.53 ON 24
DPTR FM NORMAL     3    LOWEST  SLP 29.61 ON 21

[REMARKS]
#FINAL-09-14#




U.S. Dept. of Commerce
NOAA National Weather Service
1325 East West Highway
Silver Spring, MD 20910
E-mail: w-nws.webmaster@noaa.gov
Page last modified: May 16, 2007
NATIONAL WEATHER SERVICE: for Safety, for Work, for Fun - FOR LIFE