441
CXAK56 PABE 231109
CF6BET

PRELIMINARY LOCAL CLIMATOLOGICAL DATA (WS FORM: F-6)

                                          STATION:   BETHEL
                                          MONTH:     08
                                          YEAR:      2014
                                          LATITUDE:   60 47 N
                                          LONGITUDE: 161 50 W

  TEMPERATURE IN F:       :PCPN:    SNOW:  WIND      :SUNSHINE: SKY     :PK WND
================================================================================
1   2   3   4   5  6A  6B    7     8   9   10  11  12  13   14  15   16  17  18
                                      12Z  AVG MX 2MIN
DY MAX MIN AVG DEP HDD CDD  WTR   SNW DPTH SPD SPD DIR MIN PSBL S-S WX   SPD DR
================================================================================

 1  61  52  57   2   8   0  0.53  0.0   0  7.5 14  210   M    M   M 12    17 210
 2  61  56  59   4   6   0  0.11  0.0   0  5.6 12  200   M    M   M 12    15 210
 3  68  56  62   7   3   0     T  0.0   0  5.9 10  230   M    M   M 12    14 220
 4  68  56  62   7   3   0  0.02  0.0   0  4.9 13  250   M    M   M 12    15 320
 5  67  54  61   6   4   0  0.00  0.0   0  5.9 12  210   M    M   M 12    15 210
 6  64  53  59   4   6   0     T  0.0   0  7.1 15  180   M    M   M 12    20 180
 7  63  53  58   3   7   0  0.02  0.0   0 10.9 20   70   M    M   M       25  70
 8  67  53  60   6   5   0  0.19  0.0   0  7.9 15  100   M    M   M 1     18  90
 9  70  55  63   9   2   0     T  0.0   0  7.6 15   70   M    M   M       18  90
10  74  49  62   8   3   0  0.01  0.0   0  5.2 14   30   M    M   M       22 180
11  73  45  59   5   6   0  0.00  0.0   0  6.9 18  110   M    M   M 12    23 110
12  73  51  62   8   3   0     T  0.0   0 13.4 23   70   M    M   M       29  80
13  69  51  60   6   5   0  0.00  0.0   0  6.7 13   50   M    M   M       17  70
14  68  49  59   5   6   0  0.42  0.0   0  4.4 12  130   M    M   M 1     15 130
15  65  51  58   4   7   0     T  0.0   0  3.5  8  160   M    M   M 1      8 160
16  66  48  57   3   8   0     T  0.0   0  9.4 17   70   M    M   M 1     17  70
17  64  51  58   4   7   0  0.26  0.0   0  8.8 20  270   M    M   M 1     20 270
18  58  51  55   1  10   0  0.12  0.0   0  9.5 15  260   M    M   M 1     18 260
19  60  51  56   3   9   0     T  0.0   0  5.3 10  320   M    M   M       14 300
20  64  46  55   2  10   0  0.00  0.0   0  6.5 12  360   M    M   M 1     15  20
21  68  50  59   6   6   0  0.03  0.0   0  4.2 22  170   M    M   M 1     26 170
22  61  49  55   2  10   0  0.00  0.0   0  0.0 12  180   M    M   M       14 180
================================================================================
SM 1452 1130       134   0  1.71 0.0    147.1           M        M
================================================================================
AV 66.0 51.4                              6.7 FASTST  PSBL  %   M    MAX(MPH)
                                 MISC ---->     23   70                 29  80
================================================================================
NOTES:
# LAST OF SEVERAL OCCURRENCES

COLUMN 17 PEAK WIND IN M.P.H.

PRELIMINARY LOCAL CLIMATOLOGICAL DATA (WS FORM: F-6) , PAGE 2

                                          STATION:   BETHEL
                                          MONTH:     08
                                          YEAR:      2014
                                          LATITUDE:  60 47 N
                                          LONGITUDE: 161 50 W

[TEMPERATURE DATA]      [PRECIPITATION DATA]       SYMBOLS USED IN COLUMN 16

AVERAGE MONTHLY:58.7   TOTAL FOR MONTH: 1.71       1 = FOG
DPTR FM NORMAL:  4.6   DPTR FM NORMAL: -0.61       2 = FOG REDUCING VISIBILITY
HIGHEST:    74 ON 10    GRTST 24HR   0.53 ON  1        TO 1/4 MILE OR LESS
LOWEST:     45 ON 11                               3 = THUNDER
                        SNOW, ICE PELLETS, HAIL    4 = ICE PELLETS
                        TOTAL MONTH: 0.0         5 = HAIL
                        GRTST 24HR   0.0           6 = GLAZE OR RIME
                        GRTST DEPTH:    0          7 = BLOWING DUST OR SAND:
                                                       VSBY 1/2 MILE OR LESS
                                                   8 = SMOKE OR HAZE
[NO. OF DAYS WITH]      [WEATHER - DAYS WITH]      9 = BLOWING SNOW
                                                   X = TORNADO
MAX 32 OR BELOW:   0    0.01 INCH OR MORE:  10
MAX 70 OR ABOVE:   4    0.10 INCH OR MORE:   6
MIN 32 OR BELOW:   0    0.50 INCH OR MORE:   1
MIN  0 OR BELOW:   0    1.00 INCH OR MORE:   0

[HDD (BASE 65) ]
TOTAL THIS MO.   134    CLEAR  (SCALE 0-3)   M
DPTR FM NORMAL  -107    PTCLDY (SCALE 4-7)   M
SEASONAL TOTAL   407    CLOUDY (SCALE 8-10)  M
DPTR FM NORMAL  -118

[CDD (BASE 65) ]
TOTAL THIS MO.     0
DPTR FM NORMAL     0    [PRESSURE DATA]
SEASONAL TOTAL     0    HIGHEST SLP     M
DPTR FM NORMAL     0    LOWEST  SLP     M

[REMARKS]






U.S. Dept. of Commerce
NOAA National Weather Service
1325 East West Highway
Silver Spring, MD 20910
E-mail: w-nws.webmaster@noaa.gov
Page last modified: May 16, 2007
NATIONAL WEATHER SERVICE: for Safety, for Work, for Fun - FOR LIFE