331
CXAK56 PABE 011910
CF6BET

PRELIMINARY LOCAL CLIMATOLOGICAL DATA (WS FORM: F-6)

                                          STATION:   BETHEL
                                          MONTH:     11
                                          YEAR:      2014
                                          LATITUDE:   60 47 N
                                          LONGITUDE: 161 50 W

  TEMPERATURE IN F:       :PCPN:    SNOW:  WIND      :SUNSHINE: SKY     :PK WND
================================================================================
1   2   3   4   5  6A  6B    7     8   9   10  11  12  13   14  15   16  17  18
                                      12Z  AVG MX 2MIN
DY MAX MIN AVG DEP HDD CDD  WTR   SNW DPTH SPD SPD DIR MIN PSBL S-S WX   SPD DR
================================================================================

 1  29  16  23   1  42   0  0.03  0.4   T 15.7 24   30   M    M   M 1    30  30
 2  18  11  15  -7  50   0  0.00  0.0   T 15.6 22   10   M    M   M      27  30
 3  17  11  14  -8  51   0     T    T   T 14.4 20  360   M    M   M 1    25  10
 4  18   7  13  -8  52   0  0.00  0.0   T 10.5 15   20   M    M   M      19 360
 5  16   7  12  -9  53   0  0.00  0.0   T 11.9 18   30   M    M   M      23  20
 6  20   6  13  -7  52   0  0.00  0.0   T 11.5 15   40   M    M   M      19  30
 7  22  12  17  -3  48   0     T    T   T 11.8 20   40   M    M   M 1246 23  30
 8  39  16  28   8  37   0     T  0.0   T  9.9 20  100   M    M   M      25  90
 9  42  31  37  18  28   0  0.11  0.0   T  8.9 18  140   M    M   M      24 140
10  42  35  39  20  26   0  0.01  0.0   T 13.6 18  130   M    M   M      24 130
11  39  33  36  17  29   0  0.16  0.0   0  7.9 14  170   M    M   M 1    18 160
12  40  34  37  19  28   0  0.25  0.0   0  6.5 12  330   M    M   M 12   14  60
13  44  35  40  22  25   0  0.17  0.0   0  8.3 13   70   M    M   M      16  50
14  41  32  37  19  28   0  0.01  0.0   0  6.9 13  110   M    M   M      17 110
15  45  36  41  24  24   0  0.02  0.0   0  9.2 22   80   M    M   M      28  70
16  46  35  41  24  24   0  0.05  0.0   0  9.8 20   80   M    M   M      25  90
17  36  26  31  14  34   0  0.00  0.0   0  7.6 16   40   M    M   M      19  40
18  39  28  34  18  31   0  0.15  0.0   0 15.9 23   40   M    M   M 16   29  40
19  39  32  36  20  29   0  0.11  0.0   T 11.8 20  160   M    M   M 16   25 170
20  36  30  33  17  32   0  0.00  0.0   T 15.9 25   40   M    M   M 6    32  40
21  31  20  26  10  39   0     T    T   T 17.9 28   30   M    M   M 6    35  30
22  20  13  17   2  48   0  0.00  0.0   T 15.8 23   20   M    M   M 6    27  20
23  20  12  16   1  49   0  0.00  0.0   T 11.8 18   20   M    M   M 6    21  20
24  20  13  17   2  48   0  0.00  0.0   T  7.2 16   10   M    M   M 6    19  10
25  35  18  27  12  38   0  0.01  0.2   T  6.4 13  150   M    M   M 1    15 160
26  34  25  30  16  35   0  0.00  0.0   T  5.8  9  120   M    M   M      12 110
27  34  27  31  17  34   0  0.09  1.0   1  8.9 14  120   M    M   M 1    17 170
28  36  25  31  17  34   0  0.04  0.4   1  3.6 13  160   M    M   M 12   15 160
29  32  24  28  14  37   0  0.02  0.1   1  6.8 12  200   M    M   M 2    13 200
30  34  24  29  15  36   0  0.34  3.3   3 10.9 18  110   M    M   M 2    24 100
================================================================================
SM  964  674      1121   0  1.57  5.4    318.7           M        M
================================================================================
AV 32.1 22.5                             10.6 FASTST  PSBL  %   M    MAX(MPH)
                                 MISC ---->     28   30                 35  30
================================================================================
NOTES:
# LAST OF SEVERAL OCCURRENCES

COLUMN 17 PEAK WIND IN M.P.H.

PRELIMINARY LOCAL CLIMATOLOGICAL DATA (WS FORM: F-6) , PAGE 2

                                          STATION:   BETHEL
                                          MONTH:     11
                                          YEAR:      2014
                                          LATITUDE:  60 47 N
                                          LONGITUDE: 161 50 W

[TEMPERATURE DATA]      [PRECIPITATION DATA]       SYMBOLS USED IN COLUMN 16

AVERAGE MONTHLY:27.3   TOTAL FOR MONTH: 1.57       1 = FOG
DPTR FM NORMAL:  9.8   DPTR FM NORMAL: -0.03       2 = FOG REDUCING VISIBILITY
HIGHEST:    46 ON 16    GRTST 24HR   0.34 ON 30        TO 1/4 MILE OR LESS
LOWEST:      6 ON  6                               3 = THUNDER
                        SNOW, ICE PELLETS, HAIL    4 = ICE PELLETS
                        TOTAL MONTH:  5.4 INCHES  5 = HAIL
                        GRTST 24HR   3.3 ON 30     6 = GLAZE OR RIME
                        GRTST DEPTH:    3 ON 30    7 = BLOWING DUST OR SAND:
                                                       VSBY 1/2 MILE OR LESS
                                                   8 = SMOKE OR HAZE
[NO. OF DAYS WITH]      [WEATHER - DAYS WITH]      9 = BLOWING SNOW
                                                   X = TORNADO
MAX 32 OR BELOW:  12    0.01 INCH OR MORE:  16
MAX 70 OR ABOVE:   0    0.10 INCH OR MORE:   7
MIN 32 OR BELOW:  24    0.50 INCH OR MORE:   0
MIN  0 OR BELOW:   0    1.00 INCH OR MORE:   0

[HDD (BASE 65) ]
TOTAL THIS MO.  1121    CLEAR  (SCALE 0-3)   M
DPTR FM NORMAL  -307    PTCLDY (SCALE 4-7)   M
SEASONAL TOTAL  3275    CLOUDY (SCALE 8-10)  M
DPTR FM NORMAL  -455

[CDD (BASE 65) ]
TOTAL THIS MO.     0
DPTR FM NORMAL     0    [PRESSURE DATA]
SEASONAL TOTAL     0    HIGHEST SLP     M
DPTR FM NORMAL     0    LOWEST  SLP     M

[REMARKS]
#FINAL-11-14#





U.S. Dept. of Commerce
NOAA National Weather Service
1325 East West Highway
Silver Spring, MD 20910
E-mail: w-nws.webmaster@noaa.gov
Page last modified: May 16, 2007
NATIONAL WEATHER SERVICE: for Safety, for Work, for Fun - FOR LIFE