639
CXUS53 KIWX 190800
CF6BEH
PRELIMINARY LOCAL CLIMATOLOGICAL DATA (WS FORM: F-6)

                                          STATION:   BENTON HARBOR
                                          MONTH:     APRIL
                                          YEAR:      2014
                                          LATITUDE:   42  7 N
                                          LONGITUDE:  86 26 W

  TEMPERATURE IN F:       :PCPN:    SNOW:  WIND      :SUNSHINE: SKY     :PK WND
================================================================================
1   2   3   4   5  6A  6B    7    8   9   10  11  12  13   14  15   16   17  18
                                     12Z  AVG MX 2MIN
DY MAX MIN AVG DEP HDD CDD  WTR  SNW DPTH SPD SPD DIR MIN PSBL S-S WX    SPD DR
================================================================================

 1  59  35  47   4  18   0 0.01    M    0 14.8 30 250   M    M   6        39 250
 2  46  27  37  -7  28   0    T    M    0  4.9 13  70   M    M   4 1      17  70
 3  46  33  40  -4  25   0 0.79    M    0 16.5 28 100   M    M  10 13     38 100
 4  47  32  40  -4  25   0 0.26    M    0 15.9 26 280   M    M  10 1      35 280
 5  43  31  37  -8  28   0 0.00  0.0    0  7.3 21 300   M    M   3        31 300
 6  52  27  40  -5  25   0 0.00  0.0    0  4.6 12 200   M    M   0        17 240
 7  55  28  42  -4  23   0 0.00  0.0    0  5.0 16  60   M    M   4 1      22  80
 8  46  31  39  -7  26   0    T    M    0  5.5 13 310   M    M   3 18     17 310
 9  57  26  42  -4  23   0 0.00  0.0    0  6.5 16 210   M    M   2 1      26 230
10  64  35  50   3  15   0 0.00  0.0    0 10.1 28 210   M    M   1        38 230
11  63  29  46  -1  19   0 0.00  0.0    0  4.0 15 270   M    M   1 1      17 270
12  76  43  60  13   5   0 0.00  0.0    0  9.2 26 200   M    M   4        36 170
13  68  50  59  11   6   0 0.10  0.0    0  9.9 25 230   M    M   7 138    31 240
14  67  27  47  -1  18   0 0.12    M    0 12.9 33 250   M    M  10 1      44 230
15  32  23  28 -20  37   0    T    M    M  7.1 17 310   M    M   5 8      27 330
16  50  22  36 -13  29   0 0.00  0.0    M 12.5 22 150   M    M   1        30 160
17  61  36  49   0  16   0 0.00  0.0    M 10.0 20 260   M    M   3        27 180
18  47  29  38 -12  27   0 0.00  0.0    M  4.7 15 360   M    M   2 18     25  10
================================================================================
SM  979  564       393   0  1.28     0.0 161.4          M       76
================================================================================
AV 54.4 31.3                               9.0 FASTST   M    M   4    MAX(MPH)
                                 MISC ---->  # 33 250               # 44  230
================================================================================
NOTES:
# LAST OF SEVERAL OCCURRENCES

COLUMN 17 PEAK WIND IN M.P.H.

PRELIMINARY LOCAL CLIMATOLOGICAL DATA (WS FORM: F-6) , PAGE 2

                                          STATION:  BENTON HARBOR
                                          MONTH:    APRIL
                                          YEAR:     2014
                                          LATITUDE:   42  7 N
                                          LONGITUDE:  86 26 W

[TEMPERATURE DATA]      [PRECIPITATION DATA]       SYMBOLS USED IN COLUMN 16

AVERAGE MONTHLY: 42.9   TOTAL FOR MONTH:   1.28    1 = FOG OR MIST
DPTR FM NORMAL:  -3.6   DPTR FM NORMAL:   -0.71    2 = FOG REDUCING VISIBILITY
HIGHEST:    76 ON 12    GRTST 24HR  0.79 ON  3- 3      TO 1/4 MILE OR LESS
LOWEST:     22 ON 16                               3 = THUNDER
                        SNOW, ICE PELLETS, HAIL    4 = ICE PELLETS
                        TOTAL MONTH:   0.0 INCH    5 = HAIL
                        GRTST 24HR     0.0         6 = FREEZING RAIN OR DRIZZLE
                        GRTST DEPTH:   0           7 = DUSTSTORM OR SANDSTORM:
                                                       VSBY 1/2 MILE OR LESS
                                                   8 = SMOKE OR HAZE
[NO. OF DAYS WITH]      [WEATHER - DAYS WITH]      9 = BLOWING SNOW
                                                   X = TORNADO
MAX 32 OR BELOW:   1    0.01 INCH OR MORE:   5
MAX 90 OR ABOVE:   0    0.10 INCH OR MORE:   4
MIN 32 OR BELOW:  12    0.50 INCH OR MORE:   1
MIN  0 OR BELOW:   0    1.00 INCH OR MORE:   0

[HDD (BASE 65) ]
TOTAL THIS MO.   393    CLEAR  (SCALE 0-3)   7
DPTR FM NORMAL    57    PTCLDY (SCALE 4-7)   8
TOTAL FM JUL 1  6674    CLOUDY (SCALE 8-10)  3
DPTR FM NORMAL  1005

[CDD (BASE 65) ]
TOTAL THIS MO.     0
DPTR FM NORMAL     0    [PRESSURE DATA]
TOTAL FM JAN 1     0    HIGHEST SLP M ON M
DPTR FM NORMAL    -1    LOWEST  SLP 29.34 ON 14

[REMARKS]




U.S. Dept. of Commerce
NOAA National Weather Service
1325 East West Highway
Silver Spring, MD 20910
E-mail: w-nws.webmaster@noaa.gov
Page last modified: May 16, 2007
NATIONAL WEATHER SERVICE: for Safety, for Work, for Fun - FOR LIFE