207
CXUS53 KIWX 200800
CF6BEH
PRELIMINARY LOCAL CLIMATOLOGICAL DATA (WS FORM: F-6)

                                          STATION:   BENTON HARBOR
                                          MONTH:     SEPTEMBER
                                          YEAR:      2014
                                          LATITUDE:   42  7 N
                                          LONGITUDE:  86 26 W

  TEMPERATURE IN F:       :PCPN:    SNOW:  WIND      :SUNSHINE: SKY     :PK WND
================================================================================
1   2   3   4   5  6A  6B    7    8   9   10  11  12  13   14  15   16   17  18
                                     12Z  AVG MX 2MIN
DY MAX MIN AVG DEP HDD CDD  WTR  SNW DPTH SPD SPD DIR MIN PSBL S-S WX    SPD DR
================================================================================

 1  82  69  76   7   0  11 0.60  0.0    0 12.1 22 240   M    M   4 138    31 240
 2  78  62  70   1   0   5 0.00  0.0    0  3.6 16 250   M    M   3 1      23 240
 3  81  57  69   1   0   4 0.00  0.0    0  4.0 13 260   M    M   1 1      17 260
 4  81  65  73   5   0   8 0.63  0.0    0  8.1 16 160   M    M   3 13     22 180
 5  87  65  76   8   0  11    M  0.0    0  9.2 20 230   M    M   1 3      37 260
 6  69  52  61  -7   4   0    T  0.0    M  4.0 12 320   M    M   4 1      20 340
 7  74  50  62  -5   3   0 0.00  0.0    0  2.5 10 290   M    M   2        13 290
 8  77  51  64  -3   1   0 0.00  0.0    0  4.8 12 140   M    M   1        20 180
 9  77  58  68   1   0   3    T  0.0    0  7.0 14 200   M    M   3        21 190
10  80  57  69   3   0   4 1.13  0.0    0 12.7 29 220   M    M   7 1      40 210
11  57  51  54 -12  11   0 0.04  0.0    0  7.2 14 300   M    M  10 18     26 300
12  60  46  53 -13  12   0 0.11  0.0    0  3.9 13  70   M    M   6 1      17  80
13  57  43  50 -15  15   0 0.18  0.0    0  5.4 15 300   M    M   8 1      25 300
14  63  39  51 -14  14   0 0.00  0.0    0  5.0 16 260   M    M   4 1      24 260
15  63  44  54 -10  11   0    T  0.0    0  4.7 14 270   M    M   7        18 250
16  63  41  52 -12  13   0 0.00  0.0    0  2.6 14 280   M    M   3 12     17 280
17  65  37  51 -13  14   0 0.00  0.0    0  3.0 15 270   M    M   0 1      20 280
18  67  40  54  -9  11   0 0.00  0.0    0  3.3  9 360   M    M   0 1      14 310
19  71  49  60  -3   5   0 0.00  0.0    0  7.9 15 170   M    M   0 1      21 150
================================================================================
SM 1352  976       114  46  2.69     0.0 111.0          M       67
================================================================================
AV 71.2 51.4                               5.8 FASTST   M    M   4    MAX(MPH)
                                 MISC ---->  # 29 220               # 40  210
================================================================================
NOTES:
# LAST OF SEVERAL OCCURRENCES

COLUMN 17 PEAK WIND IN M.P.H.

PRELIMINARY LOCAL CLIMATOLOGICAL DATA (WS FORM: F-6) , PAGE 2

                                          STATION:  BENTON HARBOR
                                          MONTH:    SEPTEMBER
                                          YEAR:     2014
                                          LATITUDE:   42  7 N
                                          LONGITUDE:  86 26 W

[TEMPERATURE DATA]      [PRECIPITATION DATA]       SYMBOLS USED IN COLUMN 16

AVERAGE MONTHLY: 61.3   TOTAL FOR MONTH:   2.69    1 = FOG OR MIST
DPTR FM NORMAL:  -4.9   DPTR FM NORMAL:    0.29    2 = FOG REDUCING VISIBILITY
HIGHEST:    87 ON  5    GRTST 24HR  1.13 ON 10-10      TO 1/4 MILE OR LESS
LOWEST:     37 ON 17                               3 = THUNDER
                        SNOW, ICE PELLETS, HAIL    4 = ICE PELLETS
                        TOTAL MONTH:   0.0 INCH    5 = HAIL
                        GRTST 24HR     0.0         6 = FREEZING RAIN OR DRIZZLE
                        GRTST DEPTH:   0           7 = DUSTSTORM OR SANDSTORM:
                                                       VSBY 1/2 MILE OR LESS
                                                   8 = SMOKE OR HAZE
[NO. OF DAYS WITH]      [WEATHER - DAYS WITH]      9 = BLOWING SNOW
                                                   X = TORNADO
MAX 32 OR BELOW:   0    0.01 INCH OR MORE:   6
MAX 90 OR ABOVE:   0    0.10 INCH OR MORE:   5
MIN 32 OR BELOW:   0    0.50 INCH OR MORE:   3
MIN  0 OR BELOW:   0    1.00 INCH OR MORE:   1

[HDD (BASE 65) ]
TOTAL THIS MO.   114    CLEAR  (SCALE 0-3)  10
DPTR FM NORMAL    65    PTCLDY (SCALE 4-7)   8
TOTAL FM JUL 1   203    CLOUDY (SCALE 8-10)  1
DPTR FM NORMAL   122

[CDD (BASE 65) ]
TOTAL THIS MO.    46
DPTR FM NORMAL   -24    [PRESSURE DATA]
TOTAL FM JAN 1   439    HIGHEST SLP M ON M
DPTR FM NORMAL  -303    LOWEST  SLP 29.54 ON 10

[REMARKS]




U.S. Dept. of Commerce
NOAA National Weather Service
1325 East West Highway
Silver Spring, MD 20910
E-mail: w-nws.webmaster@noaa.gov
Page last modified: May 16, 2007
NATIONAL WEATHER SERVICE: for Safety, for Work, for Fun - FOR LIFE