115
CXUS53 KIWX 270800
CF6BEH
PRELIMINARY LOCAL CLIMATOLOGICAL DATA (WS FORM: F-6)

                                          STATION:   BENTON HARBOR
                                          MONTH:     AUGUST
                                          YEAR:      2014
                                          LATITUDE:   42  7 N
                                          LONGITUDE:  86 26 W

  TEMPERATURE IN F:       :PCPN:    SNOW:  WIND      :SUNSHINE: SKY     :PK WND
================================================================================
1   2   3   4   5  6A  6B    7    8   9   10  11  12  13   14  15   16   17  18
                                     12Z  AVG MX 2MIN
DY MAX MIN AVG DEP HDD CDD  WTR  SNW DPTH SPD SPD DIR MIN PSBL S-S WX    SPD DR
================================================================================

 1  80  57  69  -3   0   4 0.00  0.0    0  3.2  9 270   M    M   1 12      M  M
 2  78  52  65  -7   0   0 0.00  0.0    0  2.3  9 300   M    M   0 18     13 310
 3  83  50  67  -5   0   2 0.00  0.0    0  3.6 14 270   M    M   1 18     17 270
 4  82  61  72   0   0   7 0.04  0.0    0  4.1 23 250   M    M   1 138    29 250
 5  76  61  69  -3   0   4 0.47  0.0    0  3.7 18 260   M    M   6 138    24 250
 6  76  58  67  -5   0   2 0.00  0.0    0  2.8  9 360   M    M   1 128    13 360
 7  80  53  67  -5   0   2 0.00  0.0    0  2.8  9 310   M    M   1 1      14 140
 8  83  55  69  -3   0   4 0.00  0.0    0  5.2 16 100   M    M   1 1      23 140
 9  83  57  70  -2   0   5 0.00  0.0    0  6.9 14 110   M    M   0 18     22 110
10  87  58  73   1   0   8 0.00  0.0    0  5.0 13 110   M    M   5        16 120
11  74  64  69  -3   0   4 0.70  0.0    0  3.3 10 120   M    M   8 18     15  30
12  67  58  63  -8   2   0 0.17  0.0    0  5.8 14 310   M    M   9 1      23 310
13  72  50  61 -10   4   0 0.00  0.0    0  4.4 17 250   M    M   4 12     21 260
14  66  46  56 -15   9   0 0.00  0.0    0  3.8 13 310   M    M   1 8      19 310
15  72  42  57 -14   8   0 0.00  0.0    0  4.5 15 260   M    M   0 1      18 270
16  80  53  67  -4   0   2 0.00  0.0    0  7.8 17 270   M    M   2        21 250
17  76  65  71   0   0   6 0.00  0.0    0  4.3 13 230   M    M   6 18     16 240
18  77  61  69  -2   0   4 0.00  0.0    0  3.1 13 270   M    M   3 128    15 270
19  84  65  75   4   0  10 0.07  0.0    0  8.5 39 240   M    M   3 138    48 240
20  83  63  73   2   0   8 0.00  0.0    0  4.3 15 250   M    M   2 1      19 260
21  80  67  74   3   0   9 0.03  0.0    0  4.6 16 260   M    M   4 1      19 260
22  84  67  76   5   0  11    T  0.0    0  3.9 15 260   M    M   5 1      18 280
23  85  68  77   7   0  12 0.00  0.0    0  5.8 15 100   M    M   4 128    19 100
24  87  67  77   7   0  12 0.00  0.0    0  9.0 15 110   M    M   5        19 130
25  89  68  79   9   0  14 0.00  0.0    0  6.5 25 280   M    M   3 138    34 260
26  81  61  71   1   0   6 0.17  0.0    0  3.5 29 280   M    M   4 13     43 270
================================================================================
SM 2065 1527        23 136  1.65     0.0 122.7          M       80
================================================================================
AV 79.4 58.7                               4.7 FASTST   M    M   3    MAX(MPH)
                                 MISC ---->  # 39 240               # 48  240
================================================================================
NOTES:
# LAST OF SEVERAL OCCURRENCES

COLUMN 17 PEAK WIND IN M.P.H.

PRELIMINARY LOCAL CLIMATOLOGICAL DATA (WS FORM: F-6) , PAGE 2

                                          STATION:  BENTON HARBOR
                                          MONTH:    AUGUST
                                          YEAR:     2014
                                          LATITUDE:   42  7 N
                                          LONGITUDE:  86 26 W

[TEMPERATURE DATA]      [PRECIPITATION DATA]       SYMBOLS USED IN COLUMN 16

AVERAGE MONTHLY: 69.1   TOTAL FOR MONTH:   1.65    1 = FOG OR MIST
DPTR FM NORMAL:  -2.2   DPTR FM NORMAL:   -1.48    2 = FOG REDUCING VISIBILITY
HIGHEST:    89 ON 25    GRTST 24HR  0.70 ON 11-11      TO 1/4 MILE OR LESS
LOWEST:     42 ON 15                               3 = THUNDER
                        SNOW, ICE PELLETS, HAIL    4 = ICE PELLETS
                        TOTAL MONTH:   0.0 INCH    5 = HAIL
                        GRTST 24HR     0.0         6 = FREEZING RAIN OR DRIZZLE
                        GRTST DEPTH:   0           7 = DUSTSTORM OR SANDSTORM:
                                                       VSBY 1/2 MILE OR LESS
                                                   8 = SMOKE OR HAZE
[NO. OF DAYS WITH]      [WEATHER - DAYS WITH]      9 = BLOWING SNOW
                                                   X = TORNADO
MAX 32 OR BELOW:   0    0.01 INCH OR MORE:   7
MAX 90 OR ABOVE:   0    0.10 INCH OR MORE:   4
MIN 32 OR BELOW:   0    0.50 INCH OR MORE:   1
MIN  0 OR BELOW:   0    1.00 INCH OR MORE:   0

[HDD (BASE 65) ]
TOTAL THIS MO.    23    CLEAR  (SCALE 0-3)  12
DPTR FM NORMAL    -1    PTCLDY (SCALE 4-7)  12
TOTAL FM JUL 1    89    CLOUDY (SCALE 8-10)  2
DPTR FM NORMAL    53

[CDD (BASE 65) ]
TOTAL THIS MO.   136
DPTR FM NORMAL   -38    [PRESSURE DATA]
TOTAL FM JAN 1   358    HIGHEST SLP M ON M
DPTR FM NORMAL  -284    LOWEST  SLP 29.68 ON 19

[REMARKS]




U.S. Dept. of Commerce
NOAA National Weather Service
1325 East West Highway
Silver Spring, MD 20910
E-mail: w-nws.webmaster@noaa.gov
Page last modified: May 16, 2007
NATIONAL WEATHER SERVICE: for Safety, for Work, for Fun - FOR LIFE