758
CXUS53 KIWX 290800
CF6BEH
PRELIMINARY LOCAL CLIMATOLOGICAL DATA (WS FORM: F-6)

                                          STATION:   BENTON HARBOR
                                          MONTH:     JULY
                                          YEAR:      2014
                                          LATITUDE:   42  7 N
                                          LONGITUDE:  86 26 W

  TEMPERATURE IN F:       :PCPN:    SNOW:  WIND      :SUNSHINE: SKY     :PK WND
================================================================================
1   2   3   4   5  6A  6B    7    8   9   10  11  12  13   14  15   16   17  18
                                     12Z  AVG MX 2MIN
DY MAX MIN AVG DEP HDD CDD  WTR  SNW DPTH SPD SPD DIR MIN PSBL S-S WX    SPD DR
================================================================================

 1  80  64  72   0   0   7 0.22  0.0    0 14.6 21 230   M    M   3 13     32 240
 2  71  57  64  -8   1   0 0.02  0.0    0 10.1 22 270   M    M   5 1      28 280
 3  67  53  60 -12   5   0 0.13  0.0    0  5.3 13 280   M    M   4 1      18 280
 4  74  50  62 -11   3   0 0.00  0.0    0  3.1 10 300   M    M   0 1      16 160
 5  76  49  63 -10   2   0 0.00  0.0    0  5.5 13 200   M    M   2 18     17 220
 6  81  62  72  -1   0   7 0.00  0.0    0  8.9 22 220   M    M   6 3      29 220
 7  80  65  73   0   0   8 0.55  0.0    0  8.7 40 260   M    M   6 138    49 270
 8  76  64  70  -3   0   5 0.01  0.0    0  6.7 13 250   M    M   1 13      M  M
 9  71  56  64  -9   1   0 0.00  0.0    0  2.6  9 300   M    M   1        15 300
10  72  52  62 -11   3   0 0.00  0.0    0  2.7 10 300   M    M   0        16 350
11  78  51  65  -8   0   0    T  0.0    0  2.5 10 110   M    M   1        14 250
12  76  65  71  -2   0   6 0.01  0.0    0  6.7 14 180   M    M   7 18     20 210
13  79  66  73   0   0   8 0.05  0.0    0  8.6 28 260   M    M   5 13     37 250
14  75  58  67  -6   0   2    T  0.0    0  3.4 12 280   M    M   5 12     15 300
15  65  57  61 -12   4   0 0.00  0.0    0  9.6 18 270   M    M   7        26 260
16  64  49  57 -16   8   0 0.00  0.0    0  4.7 13 290   M    M   4 18     20 320
17  72  46  59 -14   6   0 0.00  0.0    0  3.1 12 270   M    M   0        14 270
18  77  51  64  -9   1   0 0.00  0.0    0  3.7 12 110   M    M   2        15 170
19  75  51  63 -10   2   0 0.00  0.0    0  2.3 10 300   M    M   1 1      16 290
20  79  55  67  -6   0   2 0.00  0.0    0  2.2  8 310   M    M   1 1      12 290
21  82  57  70  -3   0   5 0.00  0.0    0  3.1 13 270   M    M   0 18     17 270
22  87  62  75   2   0  10 0.15  0.0    0  8.8 17 240   M    M   3 138    23 260
23  70  58  64  -9   1   0 0.05  0.0    0  6.9 15  30   M    M   4 13     26  40
24  70  51  61 -11   4   0 0.00  0.0    0  4.5 13 310   M    M   2        18 350
25  76  46  61 -11   4   0 0.00  0.0    0  4.0 14 190   M    M   3 1      18 210
26  76  59  68  -4   0   3 0.00  0.0    0  4.5 10 280   M    M   5 1      12 280
27  83  62  73   1   0   8    T  0.0    0  7.8 21 300   M    M   5 138    36 300
28  62  49  56 -16   9   0 0.00  0.0    0  6.5 13 340   M    M   7        24 340
================================================================================
SM 2094 1565        54  71  1.19     0.0 161.1          M       90
================================================================================
AV 74.8 55.9                               5.8 FASTST   M    M   3    MAX(MPH)
                                 MISC ---->  # 40 260               # 49  270
================================================================================
NOTES:
# LAST OF SEVERAL OCCURRENCES

COLUMN 17 PEAK WIND IN M.P.H.

PRELIMINARY LOCAL CLIMATOLOGICAL DATA (WS FORM: F-6) , PAGE 2

                                          STATION:  BENTON HARBOR
                                          MONTH:    JULY
                                          YEAR:     2014
                                          LATITUDE:   42  7 N
                                          LONGITUDE:  86 26 W

[TEMPERATURE DATA]      [PRECIPITATION DATA]       SYMBOLS USED IN COLUMN 16

AVERAGE MONTHLY: 65.3   TOTAL FOR MONTH:   1.19    1 = FOG OR MIST
DPTR FM NORMAL:  -7.4   DPTR FM NORMAL:   -1.85    2 = FOG REDUCING VISIBILITY
HIGHEST:    87 ON 22    GRTST 24HR  0.66 ON 30- 1      TO 1/4 MILE OR LESS
LOWEST:     46 ON 25,17                            3 = THUNDER
                        SNOW, ICE PELLETS, HAIL    4 = ICE PELLETS
                        TOTAL MONTH:   0.0 INCH    5 = HAIL
                        GRTST 24HR     0.0         6 = FREEZING RAIN OR DRIZZLE
                        GRTST DEPTH:   0           7 = DUSTSTORM OR SANDSTORM:
                                                       VSBY 1/2 MILE OR LESS
                                                   8 = SMOKE OR HAZE
[NO. OF DAYS WITH]      [WEATHER - DAYS WITH]      9 = BLOWING SNOW
                                                   X = TORNADO
MAX 32 OR BELOW:   0    0.01 INCH OR MORE:   9
MAX 90 OR ABOVE:   0    0.10 INCH OR MORE:   4
MIN 32 OR BELOW:   0    0.50 INCH OR MORE:   1
MIN  0 OR BELOW:   0    1.00 INCH OR MORE:   0

[HDD (BASE 65) ]
TOTAL THIS MO.    54    CLEAR  (SCALE 0-3)  15
DPTR FM NORMAL    52    PTCLDY (SCALE 4-7)  13
TOTAL FM JUL 1    54    CLOUDY (SCALE 8-10)  0
DPTR FM NORMAL    52

[CDD (BASE 65) ]
TOTAL THIS MO.    71
DPTR FM NORMAL  -153    [PRESSURE DATA]
TOTAL FM JAN 1   221    HIGHEST SLP M ON M
DPTR FM NORMAL  -222    LOWEST  SLP 29.65 ON 27

[REMARKS]




U.S. Dept. of Commerce
NOAA National Weather Service
1325 East West Highway
Silver Spring, MD 20910
E-mail: w-nws.webmaster@noaa.gov
Page last modified: May 16, 2007
NATIONAL WEATHER SERVICE: for Safety, for Work, for Fun - FOR LIFE